216.73.216.169 - - [11/Feb/2026:03:33:44 +0200] "GET /?fileloc=%2Fvar%2Fwww%2Fvhosts%2Fiac.md%2Fhttpdocs%2Fwp-admin%2Fcss%2Fforms-rtl.min.css&path=%2Fvar%2Fwww%2Fvhosts%2Fiac.md%2Fhttpdocs%2Fwp-admin%2Fcss HTTP/1.1" 200 41302 "-" "Mozilla/5.0 AppleWebKit/537.36 (KHTML, like Gecko; compatible; ClaudeBot/1.0; +claudebot@anthropic.com)"
74.7.243.210 - - [11/Feb/2026:03:33:46 +0200] "GET /?fileloc=/var/www/vhosts/iac.md/httpdocs/wp-content/uploads/2024/08/iac-rezident-terrabianca-780x720.png&path=/var/www/vhosts/iac.md/httpdocs/wp-content/uploads/2024/08 HTTP/1.1" 200 1177357 "https://iac.md/?path=/var/www/vhosts/iac.md/httpdocs/wp-content/uploads/2024/08" "Mozilla/5.0 AppleWebKit/537.36 (KHTML, like Gecko; compatible; GPTBot/1.3; +https://openai.com/gptbot)"
216.73.216.169 - - [11/Feb/2026:03:33:47 +0200] "GET /?fileloc=%2Fvar%2Fwww%2Fvhosts%2Fiac.md%2Fhttpdocs%2Fwp-admin%2Fcss%2Fadmin-menu-rtl.css&path=%2Fvar%2Fwww%2Fvhosts%2Fiac.md%2Fhttpdocs%2Fwp-admin%2Fcss HTTP/1.1" 200 31836 "-" "Mozilla/5.0 AppleWebKit/537.36 (KHTML, like Gecko; compatible; ClaudeBot/1.0; +claudebot@anthropic.com)"
66.249.77.194 - - [11/Feb/2026:03:33:47 +0200] "GET /n/how62716949.html HTTP/1.1" 200 168264 "-" "Mozilla/5.0 (Linux; Android 6.0.1; Nexus 5X Build/MMB29P) AppleWebKit/537.36 (KHTML, like Gecko) Chrome/144.0.7559.132 Mobile Safari/537.36 (compatible; GoogleOther)"
74.7.243.210 - - [11/Feb/2026:03:33:49 +0200] "GET /?fileloc=/var/www/vhosts/iac.md/httpdocs/wp-content/uploads/2024/08/iac-rezident-terrabianca-150x150.png&path=/var/www/vhosts/iac.md/httpdocs/wp-content/uploads/2024/08 HTTP/1.1" 200 83793 "https://iac.md/?path=/var/www/vhosts/iac.md/httpdocs/wp-content/uploads/2024/08" "Mozilla/5.0 AppleWebKit/537.36 (KHTML, like Gecko; compatible; GPTBot/1.3; +https://openai.com/gptbot)"
216.73.216.169 - - [11/Feb/2026:03:33:50 +0200] "GET /?fileloc=%2Fvar%2Fwww%2Fvhosts%2Fiac.md%2Fhttpdocs%2Fwp-admin%2Fcss%2Fwp-admin-rtl.css&path=%2Fvar%2Fwww%2Fvhosts%2Fiac.md%2Fhttpdocs%2Fwp-admin%2Fcss HTTP/1.1" 200 13356 "-" "Mozilla/5.0 AppleWebKit/537.36 (KHTML, like Gecko; compatible; ClaudeBot/1.0; +claudebot@anthropic.com)"
74.7.243.210 - - [11/Feb/2026:03:33:52 +0200] "GET /?path=/var/www/vhosts/iac.md/httpdocs/wp-content/plugins/elementor/includes/template-library/data/endpoints HTTP/1.1" 200 17404 "https://iac.md/?path=/var/www/vhosts/iac.md/httpdocs/wp-content/plugins/elementor/includes/template-library/data" "Mozilla/5.0 AppleWebKit/537.36 (KHTML, like Gecko; compatible; GPTBot/1.3; +https://openai.com/gptbot)"
216.73.216.169 - - [11/Feb/2026:03:33:53 +0200] "GET /?fileloc=%2Fvar%2Fwww%2Fvhosts%2Fiac.md%2Fhttpdocs%2Fwp-admin%2Fcss%2Fcustomize-controls.css&path=%2Fvar%2Fwww%2Fvhosts%2Fiac.md%2Fhttpdocs%2Fwp-admin%2Fcss HTTP/1.1" 200 86682 "-" "Mozilla/5.0 AppleWebKit/537.36 (KHTML, like Gecko; compatible; ClaudeBot/1.0; +claudebot@anthropic.com)"
74.7.243.210 - - [11/Feb/2026:03:33:55 +0200] "GET /?fileloc=/var/www/vhosts/iac.md/httpdocs/wp-includes/fonts/class-wp-font-collection.php&path=/var/www/vhosts/iac.md/httpdocs/wp-includes/fonts HTTP/1.1" 200 22966 "https://iac.md/?path=/var/www/vhosts/iac.md/httpdocs/wp-includes/fonts" "Mozilla/5.0 AppleWebKit/537.36 (KHTML, like Gecko; compatible; GPTBot/1.3; +https://openai.com/gptbot)"
216.73.216.169 - - [11/Feb/2026:03:33:56 +0200] "GET /?fileloc=%2Fvar%2Fwww%2Fvhosts%2Fiac.md%2Fhttpdocs%2Fwp-admin%2Fcss%2Fadmin-menu.min.css&path=%2Fvar%2Fwww%2Fvhosts%2Fiac.md%2Fhttpdocs%2Fwp-admin%2Fcss HTTP/1.1" 200 28245 "-" "Mozilla/5.0 AppleWebKit/537.36 (KHTML, like Gecko; compatible; ClaudeBot/1.0; +claudebot@anthropic.com)"
66.249.77.193 - - [11/Feb/2026:03:33:55 +0200] "GET /n/idle20071217.html HTTP/1.1" 200 169833 "-" "Mozilla/5.0 (Linux; Android 6.0.1; Nexus 5X Build/MMB29P) AppleWebKit/537.36 (KHTML, like Gecko) Chrome/144.0.7559.132 Mobile Safari/537.36 (compatible; GoogleOther)"
216.73.216.169 - - [11/Feb/2026:03:33:59 +0200] "GET /?fileloc=%2Fvar%2Fwww%2Fvhosts%2Fiac.md%2Fhttpdocs%2Fwp-admin%2Fcss%2Fwp-admin.min.css&path=%2Fvar%2Fwww%2Fvhosts%2Fiac.md%2Fhttpdocs%2Fwp-admin%2Fcss HTTP/1.1" 200 13356 "-" "Mozilla/5.0 AppleWebKit/537.36 (KHTML, like Gecko; compatible; ClaudeBot/1.0; +claudebot@anthropic.com)"
74.7.243.210 - - [11/Feb/2026:03:33:59 +0200] "GET /?fileloc=/var/www/vhosts/iac.md/httpdocs/wp-content/themes/twentytwentyfive/assets/images/category-cactus.webp&path=/var/www/vhosts/iac.md/httpdocs/wp-content/themes/twentytwentyfive/assets/images HTTP/1.1" 200 112496 "https://iac.md/?path=/var/www/vhosts/iac.md/httpdocs/wp-content/themes/twentytwentyfive/assets/images" "Mozilla/5.0 AppleWebKit/537.36 (KHTML, like Gecko; compatible; GPTBot/1.3; +https://openai.com/gptbot)"
74.7.243.210 - - [11/Feb/2026:03:34:01 +0200] "GET /?path=/var/www/vhosts/iac.md/httpdocs/wp-content/themes/twentytwentyfive/assets/fonts/fira-code HTTP/1.1" 200 17252 "https://iac.md/?path=/var/www/vhosts/iac.md/httpdocs/wp-content/themes/twentytwentyfive/assets/fonts" "Mozilla/5.0 AppleWebKit/537.36 (KHTML, like Gecko; compatible; GPTBot/1.3; +https://openai.com/gptbot)"
216.73.216.169 - - [11/Feb/2026:03:34:02 +0200] "GET /?fileloc=%2Fvar%2Fwww%2Fvhosts%2Fiac.md%2Fhttpdocs%2Fwp-admin%2Fcss%2Finstall.css&path=%2Fvar%2Fwww%2Fvhosts%2Fiac.md%2Fhttpdocs%2Fwp-admin%2Fcss HTTP/1.1" 200 19115 "-" "Mozilla/5.0 AppleWebKit/537.36 (KHTML, like Gecko; compatible; ClaudeBot/1.0; +claudebot@anthropic.com)"
74.7.243.210 - - [11/Feb/2026:03:34:04 +0200] "GET /?fileloc=/var/www/vhosts/iac.md/httpdocs/wp-content/plugins/elementor/modules/kit-elements-defaults/utils/.htaccess&path=/var/www/vhosts/iac.md/httpdocs/wp-content/plugins/elementor/modules/kit-elements-defaults/utils HTTP/1.1" 200 13518 "https://iac.md/?path=/var/www/vhosts/iac.md/httpdocs/wp-content/plugins/elementor/modules/kit-elements-defaults/utils" "Mozilla/5.0 AppleWebKit/537.36 (KHTML, like Gecko; compatible; GPTBot/1.3; +https://openai.com/gptbot)"
216.73.216.169 - - [11/Feb/2026:03:34:05 +0200] "GET /?fileloc=%2Fvar%2Fwww%2Fvhosts%2Fiac.md%2Fhttpdocs%2Fwp-admin%2Fcss%2Fedit-rtl.css&path=%2Fvar%2Fwww%2Fvhosts%2Fiac.md%2Fhttpdocs%2Fwp-admin%2Fcss HTTP/1.1" 200 51700 "-" "Mozilla/5.0 AppleWebKit/537.36 (KHTML, like Gecko; compatible; ClaudeBot/1.0; +claudebot@anthropic.com)"
74.7.243.210 - - [11/Feb/2026:03:34:08 +0200] "GET /?fileloc=/var/www/vhosts/iac.md/httpdocs/wp-content/plugins/elementor/modules/kit-elements-defaults/utils/settings-sanitizer.php&path=/var/www/vhosts/iac.md/httpdocs/wp-content/plugins/elementor/modules/kit-elements-defaults/utils HTTP/1.1" 200 19390 "https://iac.md/?path=/var/www/vhosts/iac.md/httpdocs/wp-content/plugins/elementor/modules/kit-elements-defaults/utils" "Mozilla/5.0 AppleWebKit/537.36 (KHTML, like Gecko; compatible; GPTBot/1.3; +https://openai.com/gptbot)"
216.73.216.169 - - [11/Feb/2026:03:34:08 +0200] "GET /?fileloc=%2Fvar%2Fwww%2Fvhosts%2Fiac.md%2Fhttpdocs%2Fwp-admin%2Fcss%2Fedit.min.css&path=%2Fvar%2Fwww%2Fvhosts%2Fiac.md%2Fhttpdocs%2Fwp-admin%2Fcss HTTP/1.1" 200 43398 "-" "Mozilla/5.0 AppleWebKit/537.36 (KHTML, like Gecko; compatible; ClaudeBot/1.0; +claudebot@anthropic.com)"
74.7.243.210 - - [11/Feb/2026:03:34:11 +0200] "GET /?path=/var/www/vhosts/iac.md/httpdocs/wp-content/themes/twentytwentyfive/assets/fonts/fira-sans HTTP/1.1" 200 47773 "https://iac.md/?path=/var/www/vhosts/iac.md/httpdocs/wp-content/themes/twentytwentyfive/assets/fonts" "Mozilla/5.0 AppleWebKit/537.36 (KHTML, like Gecko; compatible; GPTBot/1.3; +https://openai.com/gptbot)"
216.73.216.169 - - [11/Feb/2026:03:34:11 +0200] "GET /?fileloc=%2Fvar%2Fwww%2Fvhosts%2Fiac.md%2Fhttpdocs%2Fwp-admin%2Fcss%2Fcustomize-widgets.css&path=%2Fvar%2Fwww%2Fvhosts%2Fiac.md%2Fhttpdocs%2Fwp-admin%2Fcss HTTP/1.1" 200 27132 "-" "Mozilla/5.0 AppleWebKit/537.36 (KHTML, like Gecko; compatible; ClaudeBot/1.0; +claudebot@anthropic.com)"
74.7.243.210 - - [11/Feb/2026:03:34:14 +0200] "GET /?path=/var/www/vhosts/iac.md/httpdocs/wp-content/plugins/elementor/modules/safe-mode HTTP/1.1" 200 18474 "https://iac.md/?path=/var/www/vhosts/iac.md/httpdocs/wp-content/plugins/elementor/modules" "Mozilla/5.0 AppleWebKit/537.36 (KHTML, like Gecko; compatible; GPTBot/1.3; +https://openai.com/gptbot)"
216.73.216.169 - - [11/Feb/2026:03:34:14 +0200] "GET /?fileloc=%2Fvar%2Fwww%2Fvhosts%2Fiac.md%2Fhttpdocs%2Fwp-admin%2Fcss%2Fwidgets.css&path=%2Fvar%2Fwww%2Fvhosts%2Fiac.md%2Fhttpdocs%2Fwp-admin%2Fcss HTTP/1.1" 200 30716 "-" "Mozilla/5.0 AppleWebKit/537.36 (KHTML, like Gecko; compatible; ClaudeBot/1.0; +claudebot@anthropic.com)"
74.7.243.210 - - [11/Feb/2026:03:34:17 +0200] "GET /?fileloc=/var/www/vhosts/iac.md/httpdocs/robots.txt&path=/var/www/vhosts/iac.md/httpdocs HTTP/1.1" 200 12963 "https://iac.md/" "Mozilla/5.0 AppleWebKit/537.36 (KHTML, like Gecko; compatible; GPTBot/1.3; +https://openai.com/gptbot)"
74.7.243.210 - - [11/Feb/2026:03:34:20 +0200] "GET /?fileloc=/var/www/vhosts/iac.md/httpdocs/.htaccess&path=/var/www/vhosts/iac.md/httpdocs HTTP/1.1" 200 14805 "https://iac.md/" "Mozilla/5.0 AppleWebKit/537.36 (KHTML, like Gecko; compatible; GPTBot/1.3; +https://openai.com/gptbot)"
74.7.243.210 - - [11/Feb/2026:03:34:24 +0200] "GET /?fileloc=/var/www/vhosts/iac.md/httpdocs/wp-includes/images/crystal/spreadsheet.png&path=/var/www/vhosts/iac.md/httpdocs/wp-includes/images/crystal HTTP/1.1" 200 17527 "https://iac.md/?path=/var/www/vhosts/iac.md/httpdocs/wp-includes/images/crystal" "Mozilla/5.0 AppleWebKit/537.36 (KHTML, like Gecko; compatible; GPTBot/1.3; +https://openai.com/gptbot)"
74.7.243.210 - - [11/Feb/2026:03:34:27 +0200] "GET /?fileloc=/var/www/vhosts/iac.md/httpdocs/wp-content/plugins/elementor/includes/template-library/data/endpoints/templates.php&path=/var/www/vhosts/iac.md/httpdocs/wp-content/plugins/elementor/includes/template-library/data/endpoints HTTP/1.1" 200 15701 "https://iac.md/?path=/var/www/vhosts/iac.md/httpdocs/wp-content/plugins/elementor/includes/template-library/data/endpoints" "Mozilla/5.0 AppleWebKit/537.36 (KHTML, like Gecko; compatible; GPTBot/1.3; +https://openai.com/gptbot)"
74.7.243.210 - - [11/Feb/2026:03:34:30 +0200] "GET /?fileloc=/var/www/vhosts/iac.md/httpdocs/wp-content/plugins/elementor/includes/template-library/data/endpoints/.htaccess&path=/var/www/vhosts/iac.md/httpdocs/wp-content/plugins/elementor/includes/template-library/data/endpoints HTTP/1.1" 200 13642 "https://iac.md/?path=/var/www/vhosts/iac.md/httpdocs/wp-content/plugins/elementor/includes/template-library/data/endpoints" "Mozilla/5.0 AppleWebKit/537.36 (KHTML, like Gecko; compatible; GPTBot/1.3; +https://openai.com/gptbot)"
216.73.216.169 - - [11/Feb/2026:03:34:30 +0200] "GET /?fileloc=%2Fvar%2Fwww%2Fvhosts%2Fiac.md%2Fhttpdocs%2Fwp-admin%2Fcss%2Flist-tables-rtl.css&path=%2Fvar%2Fwww%2Fvhosts%2Fiac.md%2Fhttpdocs%2Fwp-admin%2Fcss HTTP/1.1" 200 61042 "-" "Mozilla/5.0 AppleWebKit/537.36 (KHTML, like Gecko; compatible; ClaudeBot/1.0; +claudebot@anthropic.com)"
216.73.216.169 - - [11/Feb/2026:03:34:33 +0200] "GET /?fileloc=%2Fvar%2Fwww%2Fvhosts%2Fiac.md%2Fhttpdocs%2Fwp-admin%2Fcss%2Flist-tables.min.css&path=%2Fvar%2Fwww%2Fvhosts%2Fiac.md%2Fhttpdocs%2Fwp-admin%2Fcss HTTP/1.1" 200 49172 "-" "Mozilla/5.0 AppleWebKit/537.36 (KHTML, like Gecko; compatible; ClaudeBot/1.0; +claudebot@anthropic.com)"
74.7.243.210 - - [11/Feb/2026:03:34:33 +0200] "GET /?fileloc=/var/www/vhosts/iac.md/httpdocs/wp-includes/images/crystal/interactive.png&path=/var/www/vhosts/iac.md/httpdocs/wp-includes/images/crystal HTTP/1.1" 200 17261 "https://iac.md/?path=/var/www/vhosts/iac.md/httpdocs/wp-includes/images/crystal" "Mozilla/5.0 AppleWebKit/537.36 (KHTML, like Gecko; compatible; GPTBot/1.3; +https://openai.com/gptbot)"
216.73.216.169 - - [11/Feb/2026:03:34:36 +0200] "GET /?fileloc=%2Fvar%2Fwww%2Fvhosts%2Fiac.md%2Fhttpdocs%2Fwp-admin%2Fcss%2Fcolor-picker.css&path=%2Fvar%2Fwww%2Fvhosts%2Fiac.md%2Fhttpdocs%2Fwp-admin%2Fcss HTTP/1.1" 200 16728 "-" "Mozilla/5.0 AppleWebKit/537.36 (KHTML, like Gecko; compatible; ClaudeBot/1.0; +claudebot@anthropic.com)"
74.7.243.210 - - [11/Feb/2026:03:34:36 +0200] "GET /?fileloc=/var/www/vhosts/iac.md/httpdocs/wp-content/themes/twentytwentyfive/assets/fonts/fira-code/FiraCode-VariableFont_wght.woff2&path=/var/www/vhosts/iac.md/httpdocs/wp-content/themes/twentytwentyfive/assets/fonts/fira-code HTTP/1.1" 200 210230 "https://iac.md/?path=/var/www/vhosts/iac.md/httpdocs/wp-content/themes/twentytwentyfive/assets/fonts/fira-code" "Mozilla/5.0 AppleWebKit/537.36 (KHTML, like Gecko; compatible; GPTBot/1.3; +https://openai.com/gptbot)"
216.73.216.169 - - [11/Feb/2026:03:34:39 +0200] "GET /?fileloc=%2Fvar%2Fwww%2Fvhosts%2Fiac.md%2Fhttpdocs%2Fwp-admin%2Fcss%2Fnav-menus-rtl.css&path=%2Fvar%2Fwww%2Fvhosts%2Fiac.md%2Fhttpdocs%2Fwp-admin%2Fcss HTTP/1.1" 200 31077 "-" "Mozilla/5.0 AppleWebKit/537.36 (KHTML, like Gecko; compatible; ClaudeBot/1.0; +claudebot@anthropic.com)"
74.7.243.210 - - [11/Feb/2026:03:34:40 +0200] "GET /?path=/var/www/vhosts/iac.md/httpdocs/wp-content/upgrade-temp-backup HTTP/1.1" 200 13272 "https://iac.md/?path=/var/www/vhosts/iac.md/httpdocs/wp-content" "Mozilla/5.0 AppleWebKit/537.36 (KHTML, like Gecko; compatible; GPTBot/1.3; +https://openai.com/gptbot)"
66.249.77.195 - - [11/Feb/2026:03:34:40 +0200] "GET /n/sprin60433013.html HTTP/1.1" 200 170338 "-" "Mozilla/5.0 (Linux; Android 6.0.1; Nexus 5X Build/MMB29P) AppleWebKit/537.36 (KHTML, like Gecko) Chrome/144.0.7559.132 Mobile Safari/537.36 (compatible; GoogleOther)"
216.73.216.169 - - [11/Feb/2026:03:34:42 +0200] "GET /?fileloc=%2Fvar%2Fwww%2Fvhosts%2Fiac.md%2Fhttpdocs%2Fwp-admin%2Fcss%2Fnav-menus.min.css&path=%2Fvar%2Fwww%2Fvhosts%2Fiac.md%2Fhttpdocs%2Fwp-admin%2Fcss HTTP/1.1" 200 27219 "-" "Mozilla/5.0 AppleWebKit/537.36 (KHTML, like Gecko; compatible; ClaudeBot/1.0; +claudebot@anthropic.com)"
74.7.243.210 - - [11/Feb/2026:03:34:43 +0200] "GET /?fileloc=/var/www/vhosts/iac.md/httpdocs/wp-content/languages/plugins/contact-form-7-ro_RO-2d772f0a646c69d8e8cc2ec987ab22fc.json&path=/var/www/vhosts/iac.md/httpdocs/wp-content/languages/plugins HTTP/1.1" 200 13734 "https://iac.md/?path=/var/www/vhosts/iac.md/httpdocs/wp-content/languages/plugins" "Mozilla/5.0 AppleWebKit/537.36 (KHTML, like Gecko; compatible; GPTBot/1.3; +https://openai.com/gptbot)"
216.73.216.169 - - [11/Feb/2026:03:34:45 +0200] "GET /?fileloc=%2Fvar%2Fwww%2Fvhosts%2Fiac.md%2Fhttpdocs%2Fwp-admin%2Fcss%2Fcustomize-nav-menus-rtl.css&path=%2Fvar%2Fwww%2Fvhosts%2Fiac.md%2Fhttpdocs%2Fwp-admin%2Fcss HTTP/1.1" 200 35522 "-" "Mozilla/5.0 AppleWebKit/537.36 (KHTML, like Gecko; compatible; ClaudeBot/1.0; +claudebot@anthropic.com)"
74.7.243.210 - - [11/Feb/2026:03:34:46 +0200] "GET /?fileloc=/var/www/vhosts/iac.md/httpdocs/wp-content/themes/twentytwentyfive/assets/fonts/fira-sans/FiraSans-ExtraBoldItalic.woff2&path=/var/www/vhosts/iac.md/httpdocs/wp-content/themes/twentytwentyfive/assets/fonts/fira-sans HTTP/1.1" 200 329646 "https://iac.md/?path=/var/www/vhosts/iac.md/httpdocs/wp-content/themes/twentytwentyfive/assets/fonts/fira-sans" "Mozilla/5.0 AppleWebKit/537.36 (KHTML, like Gecko; compatible; GPTBot/1.3; +https://openai.com/gptbot)"
216.73.216.169 - - [11/Feb/2026:03:34:48 +0200] "GET /?fileloc=%2Fvar%2Fwww%2Fvhosts%2Fiac.md%2Fhttpdocs%2Fwp-admin%2Fcss%2Fcustomize-nav-menus.min.css&path=%2Fvar%2Fwww%2Fvhosts%2Fiac.md%2Fhttpdocs%2Fwp-admin%2Fcss HTTP/1.1" 200 31436 "-" "Mozilla/5.0 AppleWebKit/537.36 (KHTML, like Gecko; compatible; ClaudeBot/1.0; +claudebot@anthropic.com)"
74.7.243.210 - - [11/Feb/2026:03:34:49 +0200] "GET /?fileloc=/var/www/vhosts/iac.md/httpdocs/wp-content/themes/twentytwentyfive/assets/fonts/fira-sans/FiraSans-BlackItalic.woff2&path=/var/www/vhosts/iac.md/httpdocs/wp-content/themes/twentytwentyfive/assets/fonts/fira-sans HTTP/1.1" 200 320808 "https://iac.md/?path=/var/www/vhosts/iac.md/httpdocs/wp-content/themes/twentytwentyfive/assets/fonts/fira-sans" "Mozilla/5.0 AppleWebKit/537.36 (KHTML, like Gecko; compatible; GPTBot/1.3; +https://openai.com/gptbot)"
216.73.216.169 - - [11/Feb/2026:03:34:52 +0200] "GET /?fileloc=%2Fvar%2Fwww%2Fvhosts%2Fiac.md%2Fhttpdocs%2Fwp-admin%2Fcss%2Fdashboard.min.css&path=%2Fvar%2Fwww%2Fvhosts%2Fiac.md%2Fhttpdocs%2Fwp-admin%2Fcss HTTP/1.1" 200 39631 "-" "Mozilla/5.0 AppleWebKit/537.36 (KHTML, like Gecko; compatible; ClaudeBot/1.0; +claudebot@anthropic.com)"
74.7.243.210 - - [11/Feb/2026:03:34:52 +0200] "GET /?fileloc=/var/www/vhosts/iac.md/httpdocs/wp-content/themes/twentytwentyfive/assets/fonts/fira-sans/FiraSans-MediumItalic.woff2&path=/var/www/vhosts/iac.md/httpdocs/wp-content/themes/twentytwentyfive/assets/fonts/fira-sans HTTP/1.1" 200 306952 "https://iac.md/?path=/var/www/vhosts/iac.md/httpdocs/wp-content/themes/twentytwentyfive/assets/fonts/fira-sans" "Mozilla/5.0 AppleWebKit/537.36 (KHTML, like Gecko; compatible; GPTBot/1.3; +https://openai.com/gptbot)"
216.73.216.169 - - [11/Feb/2026:03:34:55 +0200] "GET /?fileloc=%2Fvar%2Fwww%2Fvhosts%2Fiac.md%2Fhttpdocs%2Fwp-admin%2Fcss%2Fabout-rtl.css&path=%2Fvar%2Fwww%2Fvhosts%2Fiac.md%2Fhttpdocs%2Fwp-admin%2Fcss HTTP/1.1" 200 61032 "-" "Mozilla/5.0 AppleWebKit/537.36 (KHTML, like Gecko; compatible; ClaudeBot/1.0; +claudebot@anthropic.com)"
74.7.243.210 - - [11/Feb/2026:03:34:55 +0200] "GET /?fileloc=/var/www/vhosts/iac.md/httpdocs/wp-content/themes/twentytwentyfive/assets/fonts/fira-sans/FiraSans-ExtraLight.woff2&path=/var/www/vhosts/iac.md/httpdocs/wp-content/themes/twentytwentyfive/assets/fonts/fira-sans HTTP/1.1" 200 281210 "https://iac.md/?path=/var/www/vhosts/iac.md/httpdocs/wp-content/themes/twentytwentyfive/assets/fonts/fira-sans" "Mozilla/5.0 AppleWebKit/537.36 (KHTML, like Gecko; compatible; GPTBot/1.3; +https://openai.com/gptbot)"
216.73.216.169 - - [11/Feb/2026:03:34:58 +0200] "GET /?fileloc=%2Fvar%2Fwww%2Fvhosts%2Fiac.md%2Fhttpdocs%2Fwp-admin%2Fcss%2Fabout.min.css&path=%2Fvar%2Fwww%2Fvhosts%2Fiac.md%2Fhttpdocs%2Fwp-admin%2Fcss HTTP/1.1" 200 54362 "-" "Mozilla/5.0 AppleWebKit/537.36 (KHTML, like Gecko; compatible; ClaudeBot/1.0; +claudebot@anthropic.com)"
52.167.144.157 - - [11/Feb/2026:03:34:58 +0200] "GET /xxyyet/e1252646137.html HTTP/1.1" 200 58244 "-" "Mozilla/5.0 AppleWebKit/537.36 (KHTML, like Gecko; compatible; bingbot/2.0; +http://www.bing.com/bingbot.htm) Chrome/116.0.1938.76 Safari/537.36"
74.7.243.210 - - [11/Feb/2026:03:34:58 +0200] "GET /?fileloc=/var/www/vhosts/iac.md/httpdocs/wp-content/themes/twentytwentyfive/assets/fonts/fira-sans/FiraSans-BoldItalic.woff2&path=/var/www/vhosts/iac.md/httpdocs/wp-content/themes/twentytwentyfive/assets/fonts/fira-sans HTTP/1.1" 200 320260 "https://iac.md/?path=/var/www/vhosts/iac.md/httpdocs/wp-content/themes/twentytwentyfive/assets/fonts/fira-sans" "Mozilla/5.0 AppleWebKit/537.36 (KHTML, like Gecko; compatible; GPTBot/1.3; +https://openai.com/gptbot)"
216.73.216.169 - - [11/Feb/2026:03:35:01 +0200] "GET /?path=%2Fvar%2Fwww%2Fvhosts%2Fiac.md%2F.trash%2FSimplePie HTTP/1.1" 200 14539 "-" "Mozilla/5.0 AppleWebKit/537.36 (KHTML, like Gecko; compatible; ClaudeBot/1.0; +claudebot@anthropic.com)"
74.7.243.210 - - [11/Feb/2026:03:35:02 +0200] "GET /?fileloc=/var/www/vhosts/iac.md/httpdocs/wp-content/themes/twentytwentyfive/assets/fonts/fira-sans/FiraSans-LightItalic.woff2&path=/var/www/vhosts/iac.md/httpdocs/wp-content/themes/twentytwentyfive/assets/fonts/fira-sans HTTP/1.1" 200 297032 "https://iac.md/?path=/var/www/vhosts/iac.md/httpdocs/wp-content/themes/twentytwentyfive/assets/fonts/fira-sans" "Mozilla/5.0 AppleWebKit/537.36 (KHTML, like Gecko; compatible; GPTBot/1.3; +https://openai.com/gptbot)"
216.73.216.169 - - [11/Feb/2026:03:35:04 +0200] "GET /?fileloc=%2Fvar%2Fwww%2Fvhosts%2Fiac.md%2Fhttpdocs%2Fwp-admin%2Fcss%2Fwidgets-rtl.min.css&path=%2Fvar%2Fwww%2Fvhosts%2Fiac.md%2Fhttpdocs%2Fwp-admin%2Fcss HTTP/1.1" 200 27441 "-" "Mozilla/5.0 AppleWebKit/537.36 (KHTML, like Gecko; compatible; ClaudeBot/1.0; +claudebot@anthropic.com)"
66.249.77.195 - - [11/Feb/2026:03:35:04 +0200] "GET /n/jungl72217654.html HTTP/1.1" 200 168208 "-" "Mozilla/5.0 (Linux; Android 6.0.1; Nexus 5X Build/MMB29P) AppleWebKit/537.36 (KHTML, like Gecko) Chrome/144.0.7559.132 Mobile Safari/537.36 (compatible; GoogleOther)"
74.7.243.210 - - [11/Feb/2026:03:35:05 +0200] "GET /?fileloc=/var/www/vhosts/iac.md/httpdocs/wp-content/themes/twentytwentyfive/assets/fonts/fira-sans/FiraSans-ThinItalic.woff2&path=/var/www/vhosts/iac.md/httpdocs/wp-content/themes/twentytwentyfive/assets/fonts/fira-sans HTTP/1.1" 200 288812 "https://iac.md/?path=/var/www/vhosts/iac.md/httpdocs/wp-content/themes/twentytwentyfive/assets/fonts/fira-sans" "Mozilla/5.0 AppleWebKit/537.36 (KHTML, like Gecko; compatible; GPTBot/1.3; +https://openai.com/gptbot)"
216.73.216.169 - - [11/Feb/2026:03:35:08 +0200] "GET /?fileloc=%2Fvar%2Fwww%2Fvhosts%2Fiac.md%2Fhttpdocs%2Fwp-admin%2Fprivacy.php&path=%2Fvar%2Fwww%2Fvhosts%2Fiac.md%2Fhttpdocs%2Fwp-admin HTTP/1.1" 200 19744 "-" "Mozilla/5.0 AppleWebKit/537.36 (KHTML, like Gecko; compatible; ClaudeBot/1.0; +claudebot@anthropic.com)"
74.7.243.210 - - [11/Feb/2026:03:35:08 +0200] "GET /?path=/var/www/vhosts/iac.md/httpdocs/wp-content/plugins/elementor/modules/safe-mode/mu-plugin HTTP/1.1" 200 17193 "https://iac.md/?path=/var/www/vhosts/iac.md/httpdocs/wp-content/plugins/elementor/modules/safe-mode" "Mozilla/5.0 AppleWebKit/537.36 (KHTML, like Gecko; compatible; GPTBot/1.3; +https://openai.com/gptbot)"
216.73.216.169 - - [11/Feb/2026:03:35:10 +0200] "GET /?fileloc=%2Fvar%2Fwww%2Fvhosts%2Fiac.md%2Fhttpdocs%2Fwp-admin%2Findex.php&path=%2Fvar%2Fwww%2Fvhosts%2Fiac.md%2Fhttpdocs%2Fwp-admin HTTP/1.1" 200 22696 "-" "Mozilla/5.0 AppleWebKit/537.36 (KHTML, like Gecko; compatible; ClaudeBot/1.0; +claudebot@anthropic.com)"
74.7.243.210 - - [11/Feb/2026:03:35:11 +0200] "GET /?fileloc=/var/www/vhosts/iac.md/httpdocs/wp-content/plugins/elementor/core/files/file-types/base.php&path=/var/www/vhosts/iac.md/httpdocs/wp-content/plugins/elementor/core/files/file-types HTTP/1.1" 200 14674 "https://iac.md/?path=/var/www/vhosts/iac.md/httpdocs/wp-content/plugins/elementor/core/files/file-types" "Mozilla/5.0 AppleWebKit/537.36 (KHTML, like Gecko; compatible; GPTBot/1.3; +https://openai.com/gptbot)"
74.7.243.210 - - [11/Feb/2026:03:35:14 +0200] "GET /?fileloc=/var/www/vhosts/iac.md/httpdocs/wp-content/plugins/elementor/core/files/assets/files-upload-handler.php&path=/var/www/vhosts/iac.md/httpdocs/wp-content/plugins/elementor/core/files/assets HTTP/1.1" 200 17507 "https://iac.md/?path=/var/www/vhosts/iac.md/httpdocs/wp-content/plugins/elementor/core/files/assets" "Mozilla/5.0 AppleWebKit/537.36 (KHTML, like Gecko; compatible; GPTBot/1.3; +https://openai.com/gptbot)"
74.7.243.210 - - [11/Feb/2026:03:35:17 +0200] "GET /?fileloc=/var/www/vhosts/iac.md/httpdocs/wp-content/plugins/elementor/core/debug/classes/htaccess.php&path=/var/www/vhosts/iac.md/httpdocs/wp-content/plugins/elementor/core/debug/classes HTTP/1.1" 200 14756 "https://iac.md/?path=/var/www/vhosts/iac.md/httpdocs/wp-content/plugins/elementor/core/debug/classes" "Mozilla/5.0 AppleWebKit/537.36 (KHTML, like Gecko; compatible; GPTBot/1.3; +https://openai.com/gptbot)"
216.73.216.169 - - [11/Feb/2026:03:35:17 +0200] "GET /?fileloc=%2Fvar%2Fwww%2Fvhosts%2Fiac.md%2Fhttpdocs%2Fwp-admin%2Fupgrade-functions.php&path=%2Fvar%2Fwww%2Fvhosts%2Fiac.md%2Fhttpdocs%2Fwp-admin HTTP/1.1" 200 16430 "-" "Mozilla/5.0 AppleWebKit/537.36 (KHTML, like Gecko; compatible; ClaudeBot/1.0; +claudebot@anthropic.com)"
216.73.216.169 - - [11/Feb/2026:03:35:20 +0200] "GET /?fileloc=%2Fvar%2Fwww%2Fvhosts%2Fiac.md%2Fhttpdocs%2Fwp-admin%2Flink.php&path=%2Fvar%2Fwww%2Fvhosts%2Fiac.md%2Fhttpdocs%2Fwp-admin HTTP/1.1" 200 16201 "-" "Mozilla/5.0 AppleWebKit/537.36 (KHTML, like Gecko; compatible; ClaudeBot/1.0; +claudebot@anthropic.com)"
74.7.243.210 - - [11/Feb/2026:03:35:20 +0200] "GET /?fileloc=/var/www/vhosts/iac.md/httpdocs/wp-content/plugins/elementor/modules/nested-tabs/module.php&path=/var/www/vhosts/iac.md/httpdocs/wp-content/plugins/elementor/modules/nested-tabs HTTP/1.1" 200 14021 "https://iac.md/?path=/var/www/vhosts/iac.md/httpdocs/wp-content/plugins/elementor/modules/nested-tabs" "Mozilla/5.0 AppleWebKit/537.36 (KHTML, like Gecko; compatible; GPTBot/1.3; +https://openai.com/gptbot)"
74.7.243.210 - - [11/Feb/2026:03:35:23 +0200] "GET /?fileloc=/var/www/vhosts/iac.md/httpdocs/wp-content/plugins/elementor/core/debug/classes/theme-missing.php&path=/var/www/vhosts/iac.md/httpdocs/wp-content/plugins/elementor/core/debug/classes HTTP/1.1" 200 14005 "https://iac.md/?path=/var/www/vhosts/iac.md/httpdocs/wp-content/plugins/elementor/core/debug/classes" "Mozilla/5.0 AppleWebKit/537.36 (KHTML, like Gecko; compatible; GPTBot/1.3; +https://openai.com/gptbot)"
74.7.243.210 - - [11/Feb/2026:03:35:27 +0200] "GET /?fileloc=/var/www/vhosts/iac.md/httpdocs/wp-content/plugins/elementor/core/schemes/base-ui.php&path=/var/www/vhosts/iac.md/httpdocs/wp-content/plugins/elementor/core/schemes HTTP/1.1" 200 16928 "https://iac.md/?path=/var/www/vhosts/iac.md/httpdocs/wp-content/plugins/elementor/core/schemes" "Mozilla/5.0 AppleWebKit/537.36 (KHTML, like Gecko; compatible; GPTBot/1.3; +https://openai.com/gptbot)"
74.7.243.210 - - [11/Feb/2026:03:35:30 +0200] "GET /?fileloc=/var/www/vhosts/iac.md/httpdocs/wp-content/plugins/elementor/includes/base/element-base.php&path=/var/www/vhosts/iac.md/httpdocs/wp-content/plugins/elementor/includes/base HTTP/1.1" 200 58387 "https://iac.md/?path=/var/www/vhosts/iac.md/httpdocs/wp-content/plugins/elementor/includes/base" "Mozilla/5.0 AppleWebKit/537.36 (KHTML, like Gecko; compatible; GPTBot/1.3; +https://openai.com/gptbot)"
74.7.243.210 - - [11/Feb/2026:03:35:33 +0200] "GET /?fileloc=/var/www/vhosts/iac.md/httpdocs/wp-content/plugins/elementor/core/role-manager/role-manager.php&path=/var/www/vhosts/iac.md/httpdocs/wp-content/plugins/elementor/core/role-manager HTTP/1.1" 200 20822 "https://iac.md/?path=/var/www/vhosts/iac.md/httpdocs/wp-content/plugins/elementor/core/role-manager" "Mozilla/5.0 AppleWebKit/537.36 (KHTML, like Gecko; compatible; GPTBot/1.3; +https://openai.com/gptbot)"
66.249.77.194 - - [11/Feb/2026:03:35:33 +0200] "GET /n/bite32258602.html HTTP/1.1" 200 169171 "-" "Mozilla/5.0 (Linux; Android 6.0.1; Nexus 5X Build/MMB29P) AppleWebKit/537.36 (KHTML, like Gecko) Chrome/144.0.7559.132 Mobile Safari/537.36 (compatible; GoogleOther)"
74.7.243.210 - - [11/Feb/2026:03:35:36 +0200] "GET /?fileloc=/var/www/vhosts/iac.md/httpdocs/wp-content/plugins/elementor/modules/safe-mode/module.php&path=/var/www/vhosts/iac.md/httpdocs/wp-content/plugins/elementor/modules/safe-mode HTTP/1.1" 200 32683 "https://iac.md/?path=/var/www/vhosts/iac.md/httpdocs/wp-content/plugins/elementor/modules/safe-mode" "Mozilla/5.0 AppleWebKit/537.36 (KHTML, like Gecko; compatible; GPTBot/1.3; +https://openai.com/gptbot)"
216.73.216.169 - - [11/Feb/2026:03:35:35 +0200] "GET /?fileloc=%2Fvar%2Fwww%2Fvhosts%2Fiac.md%2Fhttpdocs%2Fwp-admin%2Fadmin-footer.php&path=%2Fvar%2Fwww%2Fvhosts%2Fiac.md%2Fhttpdocs%2Fwp-admin HTTP/1.1" 200 19458 "-" "Mozilla/5.0 AppleWebKit/537.36 (KHTML, like Gecko; compatible; ClaudeBot/1.0; +claudebot@anthropic.com)"
216.73.216.169 - - [11/Feb/2026:03:35:38 +0200] "GET /?fileloc=%2Fvar%2Fwww%2Fvhosts%2Fiac.md%2Fhttpdocs%2Fwp-admin%2Fupgrade.php&path=%2Fvar%2Fwww%2Fvhosts%2Fiac.md%2Fhttpdocs%2Fwp-admin HTTP/1.1" 200 20542 "-" "Mozilla/5.0 AppleWebKit/537.36 (KHTML, like Gecko; compatible; ClaudeBot/1.0; +claudebot@anthropic.com)"
74.7.243.210 - - [11/Feb/2026:03:35:39 +0200] "GET /?fileloc=/var/www/vhosts/iac.md/httpdocs/wp-content/plugins/elementor/modules/usage/module.php&path=/var/www/vhosts/iac.md/httpdocs/wp-content/plugins/elementor/modules/usage HTTP/1.1" 200 32152 "https://iac.md/?path=/var/www/vhosts/iac.md/httpdocs/wp-content/plugins/elementor/modules/usage" "Mozilla/5.0 AppleWebKit/537.36 (KHTML, like Gecko; compatible; GPTBot/1.3; +https://openai.com/gptbot)"
74.7.243.210 - - [11/Feb/2026:03:35:42 +0200] "GET /?fileloc=/var/www/vhosts/iac.md/httpdocs/wp-content/plugins/elementor/modules/safe-mode/mu-plugin/elementor-safe-mode.php&path=/var/www/vhosts/iac.md/httpdocs/wp-content/plugins/elementor/modules/safe-mode/mu-plugin HTTP/1.1" 200 17825 "https://iac.md/?path=/var/www/vhosts/iac.md/httpdocs/wp-content/plugins/elementor/modules/safe-mode/mu-plugin" "Mozilla/5.0 AppleWebKit/537.36 (KHTML, like Gecko; compatible; GPTBot/1.3; +https://openai.com/gptbot)"
74.7.243.210 - - [11/Feb/2026:03:35:45 +0200] "GET /?fileloc=/var/www/vhosts/iac.md/httpdocs/wp-content/plugins/elementor/core/experiments/wp-cli.php&path=/var/www/vhosts/iac.md/httpdocs/wp-content/plugins/elementor/core/experiments HTTP/1.1" 200 16769 "https://iac.md/?path=/var/www/vhosts/iac.md/httpdocs/wp-content/plugins/elementor/core/experiments" "Mozilla/5.0 AppleWebKit/537.36 (KHTML, like Gecko; compatible; GPTBot/1.3; +https://openai.com/gptbot)"
74.7.243.210 - - [11/Feb/2026:03:35:48 +0200] "GET /?fileloc=/var/www/vhosts/iac.md/httpdocs/wp-content/plugins/elementor/core/upgrade/upgrade-utils.php&path=/var/www/vhosts/iac.md/httpdocs/wp-content/plugins/elementor/core/upgrade HTTP/1.1" 200 15268 "https://iac.md/?path=/var/www/vhosts/iac.md/httpdocs/wp-content/plugins/elementor/core/upgrade" "Mozilla/5.0 AppleWebKit/537.36 (KHTML, like Gecko; compatible; GPTBot/1.3; +https://openai.com/gptbot)"
216.73.216.169 - - [11/Feb/2026:03:35:50 +0200] "GET /?fileloc=%2Fvar%2Fwww%2Fvhosts%2Fiac.md%2Fhttpdocs%2Fwp-admin%2Foptions-media.php&path=%2Fvar%2Fwww%2Fvhosts%2Fiac.md%2Fhttpdocs%2Fwp-admin HTTP/1.1" 200 25537 "-" "Mozilla/5.0 AppleWebKit/537.36 (KHTML, like Gecko; compatible; ClaudeBot/1.0; +claudebot@anthropic.com)"
74.7.243.210 - - [11/Feb/2026:03:35:52 +0200] "GET /?fileloc=/var/www/vhosts/iac.md/httpdocs/wp-content/plugins/elementor/core/upgrade/upgrades.php&path=/var/www/vhosts/iac.md/httpdocs/wp-content/plugins/elementor/core/upgrade HTTP/1.1" 200 45838 "https://iac.md/?path=/var/www/vhosts/iac.md/httpdocs/wp-content/plugins/elementor/core/upgrade" "Mozilla/5.0 AppleWebKit/537.36 (KHTML, like Gecko; compatible; GPTBot/1.3; +https://openai.com/gptbot)"
74.7.243.210 - - [11/Feb/2026:03:35:55 +0200] "GET /?fileloc=/var/www/vhosts/iac.md/httpdocs/wp-includes/functions.wp-styles.php&path=/var/www/vhosts/iac.md/httpdocs/wp-includes HTTP/1.1" 200 22063 "https://iac.md/?path=/var/www/vhosts/iac.md/httpdocs/wp-includes" "Mozilla/5.0 AppleWebKit/537.36 (KHTML, like Gecko; compatible; GPTBot/1.3; +https://openai.com/gptbot)"
74.7.243.210 - - [11/Feb/2026:03:35:58 +0200] "GET /?path=/var/www/vhosts/iac.md/httpdocs/wp-content/uploads/2020 HTTP/1.1" 200 16349 "https://iac.md/?path=/var/www/vhosts/iac.md/httpdocs/wp-content/uploads" "Mozilla/5.0 AppleWebKit/537.36 (KHTML, like Gecko; compatible; GPTBot/1.3; +https://openai.com/gptbot)"
74.7.243.210 - - [11/Feb/2026:03:36:01 +0200] "GET /?fileloc=/var/www/vhosts/iac.md/httpdocs/wp-includes/class-wp-user-query.php&path=/var/www/vhosts/iac.md/httpdocs/wp-includes HTTP/1.1" 200 63451 "https://iac.md/?path=/var/www/vhosts/iac.md/httpdocs/wp-includes" "Mozilla/5.0 AppleWebKit/537.36 (KHTML, like Gecko; compatible; GPTBot/1.3; +https://openai.com/gptbot)"
74.7.243.210 - - [11/Feb/2026:03:36:04 +0200] "GET /?fileloc=/var/www/vhosts/iac.md/httpdocs/wp-content/uploads/2023/03/aim-50x31.webp&path=/var/www/vhosts/iac.md/httpdocs/wp-content/uploads/2023/03 HTTP/1.1" 200 14718 "https://iac.md/?path=/var/www/vhosts/iac.md/httpdocs/wp-content/uploads/2023/03" "Mozilla/5.0 AppleWebKit/537.36 (KHTML, like Gecko; compatible; GPTBot/1.3; +https://openai.com/gptbot)"
74.7.243.210 - - [11/Feb/2026:03:36:07 +0200] "GET /?fileloc=/var/www/vhosts/iac.md/httpdocs/wp-content/uploads/2023/03/aim-85x85.webp&path=/var/www/vhosts/iac.md/httpdocs/wp-content/uploads/2023/03 HTTP/1.1" 200 18261 "https://iac.md/?path=/var/www/vhosts/iac.md/httpdocs/wp-content/uploads/2023/03" "Mozilla/5.0 AppleWebKit/537.36 (KHTML, like Gecko; compatible; GPTBot/1.3; +https://openai.com/gptbot)"
74.7.243.210 - - [11/Feb/2026:03:36:10 +0200] "GET /?fileloc=/var/www/vhosts/iac.md/httpdocs/wp-content/uploads/2023/03/aim-80x80.webp&path=/var/www/vhosts/iac.md/httpdocs/wp-content/uploads/2023/03 HTTP/1.1" 200 17573 "https://iac.md/?path=/var/www/vhosts/iac.md/httpdocs/wp-content/uploads/2023/03" "Mozilla/5.0 AppleWebKit/537.36 (KHTML, like Gecko; compatible; GPTBot/1.3; +https://openai.com/gptbot)"
66.249.77.194 - - [11/Feb/2026:03:36:12 +0200] "GET /n/hairc41507571.html HTTP/1.1" 200 168874 "-" "Mozilla/5.0 (Linux; Android 6.0.1; Nexus 5X Build/MMB29P) AppleWebKit/537.36 (KHTML, like Gecko) Chrome/144.0.7559.132 Mobile Safari/537.36 (compatible; GoogleOther)"
74.7.243.210 - - [11/Feb/2026:03:36:14 +0200] "GET /?path=/var/www/vhosts/iac.md/httpdocs/wp-content/plugins/becustom/templates HTTP/1.1" 200 26645 "https://iac.md/?path=/var/www/vhosts/iac.md/httpdocs/wp-content/plugins/becustom" "Mozilla/5.0 AppleWebKit/537.36 (KHTML, like Gecko; compatible; GPTBot/1.3; +https://openai.com/gptbot)"
74.7.243.210 - - [11/Feb/2026:03:36:17 +0200] "GET /?fileloc=/var/www/vhosts/iac.md/httpdocs/wp-content/plugins/elementor/modules/favorites/favorites-type.php&path=/var/www/vhosts/iac.md/httpdocs/wp-content/plugins/elementor/modules/favorites HTTP/1.1" 200 14035 "https://iac.md/?path=/var/www/vhosts/iac.md/httpdocs/wp-content/plugins/elementor/modules/favorites" "Mozilla/5.0 AppleWebKit/537.36 (KHTML, like Gecko; compatible; GPTBot/1.3; +https://openai.com/gptbot)"
74.7.243.210 - - [11/Feb/2026:03:36:20 +0200] "GET /?path=/var/www/vhosts/iac.md/httpdocs/wp-includes/Requests/src/Exception/Transport HTTP/1.1" 200 16911 "https://iac.md/?path=/var/www/vhosts/iac.md/httpdocs/wp-includes/Requests/src/Exception" "Mozilla/5.0 AppleWebKit/537.36 (KHTML, like Gecko; compatible; GPTBot/1.3; +https://openai.com/gptbot)"
74.7.243.210 - - [11/Feb/2026:03:36:23 +0200] "GET /?fileloc=/var/www/vhosts/iac.md/httpdocs/wp-content/plugins/elementor/modules/wp-cli/update.php&path=/var/www/vhosts/iac.md/httpdocs/wp-content/plugins/elementor/modules/wp-cli HTTP/1.1" 200 16087 "https://iac.md/?path=/var/www/vhosts/iac.md/httpdocs/wp-content/plugins/elementor/modules/wp-cli" "Mozilla/5.0 AppleWebKit/537.36 (KHTML, like Gecko; compatible; GPTBot/1.3; +https://openai.com/gptbot)"
74.7.243.210 - - [11/Feb/2026:03:36:26 +0200] "GET /?fileloc=/var/www/vhosts/iac.md/httpdocs/wp-includes/query.php&path=/var/www/vhosts/iac.md/httpdocs/wp-includes HTTP/1.1" 200 51824 "https://iac.md/?path=/var/www/vhosts/iac.md/httpdocs/wp-includes" "Mozilla/5.0 AppleWebKit/537.36 (KHTML, like Gecko; compatible; GPTBot/1.3; +https://openai.com/gptbot)"
66.249.77.194 - - [11/Feb/2026:03:36:26 +0200] "GET /n/asham32090210.html HTTP/1.1" 200 168651 "-" "Mozilla/5.0 (Linux; Android 6.0.1; Nexus 5X Build/MMB29P) AppleWebKit/537.36 (KHTML, like Gecko) Chrome/144.0.7559.132 Mobile Safari/537.36 (compatible; GoogleOther)"
74.7.243.210 - - [11/Feb/2026:03:36:29 +0200] "GET /?fileloc=/var/www/vhosts/iac.md/httpdocs/wp-content/plugins/elementor/assets/svg-paths/circle.svg&path=/var/www/vhosts/iac.md/httpdocs/wp-content/plugins/elementor/assets/svg-paths HTTP/1.1" 200 13437 "https://iac.md/?path=/var/www/vhosts/iac.md/httpdocs/wp-content/plugins/elementor/assets/svg-paths" "Mozilla/5.0 AppleWebKit/537.36 (KHTML, like Gecko; compatible; GPTBot/1.3; +https://openai.com/gptbot)"
74.7.243.210 - - [11/Feb/2026:03:36:32 +0200] "GET /?fileloc=/var/www/vhosts/iac.md/httpdocs/wp-content/uploads/2020/.htaccess&path=/var/www/vhosts/iac.md/httpdocs/wp-content/uploads/2020 HTTP/1.1" 200 13114 "https://iac.md/?path=/var/www/vhosts/iac.md/httpdocs/wp-content/uploads/2020" "Mozilla/5.0 AppleWebKit/537.36 (KHTML, like Gecko; compatible; GPTBot/1.3; +https://openai.com/gptbot)"
52.167.144.191 - - [11/Feb/2026:03:36:33 +0200] "GET /dzefdv/w1231997856.shtm HTTP/1.1" 200 58260 "-" "Mozilla/5.0 AppleWebKit/537.36 (KHTML, like Gecko; compatible; bingbot/2.0; +http://www.bing.com/bingbot.htm) Chrome/116.0.1938.76 Safari/537.36"
74.7.243.210 - - [11/Feb/2026:03:36:36 +0200] "GET /?path=/var/www/vhosts/iac.md/httpdocs/wp-content/uploads/2020/03 HTTP/1.1" 200 51660 "https://iac.md/?path=/var/www/vhosts/iac.md/httpdocs/wp-content/uploads/2020" "Mozilla/5.0 AppleWebKit/537.36 (KHTML, like Gecko; compatible; GPTBot/1.3; +https://openai.com/gptbot)"
216.73.216.169 - - [11/Feb/2026:03:36:36 +0200] "GET /?path=%2Fvar%2Fwww%2Fvhosts%2Fiac.md%2F.pki%2Fnssdb HTTP/1.1" 200 16405 "-" "Mozilla/5.0 AppleWebKit/537.36 (KHTML, like Gecko; compatible; ClaudeBot/1.0; +claudebot@anthropic.com)"
74.7.243.210 - - [11/Feb/2026:03:36:39 +0200] "GET /?fileloc=/var/www/vhosts/iac.md/httpdocs/wp-content/plugins/elementor/includes/widgets/alert.php&path=/var/www/vhosts/iac.md/httpdocs/wp-content/plugins/elementor/includes/widgets HTTP/1.1" 200 30715 "https://iac.md/?path=/var/www/vhosts/iac.md/httpdocs/wp-content/plugins/elementor/includes/widgets" "Mozilla/5.0 AppleWebKit/537.36 (KHTML, like Gecko; compatible; GPTBot/1.3; +https://openai.com/gptbot)"
74.7.243.210 - - [11/Feb/2026:03:36:42 +0200] "GET /?fileloc=/var/www/vhosts/iac.md/httpdocs/wp-content/plugins/elementor/core/debug/classes/inspection-base.php&path=/var/www/vhosts/iac.md/httpdocs/wp-content/plugins/elementor/core/debug/classes HTTP/1.1" 200 13831 "https://iac.md/?path=/var/www/vhosts/iac.md/httpdocs/wp-content/plugins/elementor/core/debug/classes" "Mozilla/5.0 AppleWebKit/537.36 (KHTML, like Gecko; compatible; GPTBot/1.3; +https://openai.com/gptbot)"
74.7.243.210 - - [11/Feb/2026:03:36:45 +0200] "GET /?fileloc=/var/www/vhosts/iac.md/httpdocs/wp-content/plugins/elementor/includes/controls/tabs.php&path=/var/www/vhosts/iac.md/httpdocs/wp-content/plugins/elementor/includes/controls HTTP/1.1" 200 14567 "https://iac.md/?path=/var/www/vhosts/iac.md/httpdocs/wp-content/plugins/elementor/includes/controls" "Mozilla/5.0 AppleWebKit/537.36 (KHTML, like Gecko; compatible; GPTBot/1.3; +https://openai.com/gptbot)"
74.7.243.210 - - [11/Feb/2026:03:36:48 +0200] "GET /?fileloc=/var/www/vhosts/iac.md/httpdocs/wp-content/plugins/becustom/templates/advanced.php&path=/var/www/vhosts/iac.md/httpdocs/wp-content/plugins/becustom/templates HTTP/1.1" 200 17087 "https://iac.md/?path=/var/www/vhosts/iac.md/httpdocs/wp-content/plugins/becustom/templates" "Mozilla/5.0 AppleWebKit/537.36 (KHTML, like Gecko; compatible; GPTBot/1.3; +https://openai.com/gptbot)"
51.68.247.205 - - [11/Feb/2026:03:36:50 +0200] "GET /en/despre-noi/?fileloc=/var/www/vhosts/iac.md/httpdocs/index.php&path=/var/www/vhosts/iac.md/httpdocs HTTP/1.1" 200 33780 "-" "Mozilla/5.0 (compatible; AhrefsBot/7.0; +http://ahrefs.com/robot/)"
74.7.243.210 - - [11/Feb/2026:03:36:52 +0200] "GET /?fileloc=/var/www/vhosts/iac.md/httpdocs/wp-content/plugins/becustom/templates/general.php&path=/var/www/vhosts/iac.md/httpdocs/wp-content/plugins/becustom/templates HTTP/1.1" 200 14366 "https://iac.md/?path=/var/www/vhosts/iac.md/httpdocs/wp-content/plugins/becustom/templates" "Mozilla/5.0 AppleWebKit/537.36 (KHTML, like Gecko; compatible; GPTBot/1.3; +https://openai.com/gptbot)"
74.7.243.210 - - [11/Feb/2026:03:36:55 +0200] "GET /?fileloc=/var/www/vhosts/iac.md/httpdocs/wp-includes/Requests/src/Exception/Transport/.htaccess&path=/var/www/vhosts/iac.md/httpdocs/wp-includes/Requests/src/Exception/Transport HTTP/1.1" 200 13344 "https://iac.md/?path=/var/www/vhosts/iac.md/httpdocs/wp-includes/Requests/src/Exception/Transport" "Mozilla/5.0 AppleWebKit/537.36 (KHTML, like Gecko; compatible; GPTBot/1.3; +https://openai.com/gptbot)"
216.73.216.169 - - [11/Feb/2026:03:36:55 +0200] "GET /?path=%2Fvar%2Fwww%2Fvhosts%2Fiac.md%2F.revisium_antivirus_cache%2F.revisium212 HTTP/1.1" 200 21408 "-" "Mozilla/5.0 AppleWebKit/537.36 (KHTML, like Gecko; compatible; ClaudeBot/1.0; +claudebot@anthropic.com)"
74.7.243.210 - - [11/Feb/2026:03:36:58 +0200] "GET /?fileloc=/var/www/vhosts/iac.md/httpdocs/wp-includes/Requests/src/Exception/Transport/Curl.php&path=/var/www/vhosts/iac.md/httpdocs/wp-includes/Requests/src/Exception/Transport HTTP/1.1" 200 14678 "https://iac.md/?path=/var/www/vhosts/iac.md/httpdocs/wp-includes/Requests/src/Exception/Transport" "Mozilla/5.0 AppleWebKit/537.36 (KHTML, like Gecko; compatible; GPTBot/1.3; +https://openai.com/gptbot)"
74.7.243.210 - - [11/Feb/2026:03:37:01 +0200] "GET /?fileloc=/var/www/vhosts/iac.md/httpdocs/wp-content/plugins/becustom/templates/wp_login.php&path=/var/www/vhosts/iac.md/httpdocs/wp-content/plugins/becustom/templates HTTP/1.1" 200 21890 "https://iac.md/?path=/var/www/vhosts/iac.md/httpdocs/wp-content/plugins/becustom/templates" "Mozilla/5.0 AppleWebKit/537.36 (KHTML, like Gecko; compatible; GPTBot/1.3; +https://openai.com/gptbot)"
74.7.243.210 - - [11/Feb/2026:03:37:04 +0200] "GET /?fileloc=/var/www/vhosts/iac.md/httpdocs/wp-content/plugins/becustom/templates/built_in_features.php&path=/var/www/vhosts/iac.md/httpdocs/wp-content/plugins/becustom/templates HTTP/1.1" 200 18225 "https://iac.md/?path=/var/www/vhosts/iac.md/httpdocs/wp-content/plugins/becustom/templates" "Mozilla/5.0 AppleWebKit/537.36 (KHTML, like Gecko; compatible; GPTBot/1.3; +https://openai.com/gptbot)"
216.73.216.169 - - [11/Feb/2026:03:37:04 +0200] "GET /?fileloc=%2Fvar%2Fwww%2Fvhosts%2Fiac.md%2Fhttpdocs%2Fwp-admin%2Fthemes.php&path=%2Fvar%2Fwww%2Fvhosts%2Fiac.md%2Fhttpdocs%2Fwp-admin HTTP/1.1" 200 79808 "-" "Mozilla/5.0 AppleWebKit/537.36 (KHTML, like Gecko; compatible; ClaudeBot/1.0; +claudebot@anthropic.com)"
216.73.216.169 - - [11/Feb/2026:03:37:07 +0200] "GET /?path=%2Fvar%2Fwww%2Fvhosts%2Fiac.md%2Fhttpdocs%2Fimages%2Fimages HTTP/1.1" 200 20895 "-" "Mozilla/5.0 AppleWebKit/537.36 (KHTML, like Gecko; compatible; ClaudeBot/1.0; +claudebot@anthropic.com)"
74.7.243.210 - - [11/Feb/2026:03:37:07 +0200] "GET /?fileloc=/var/www/vhosts/iac.md/httpdocs/wp-content/plugins/elementor/includes/widgets/star-rating.php&path=/var/www/vhosts/iac.md/httpdocs/wp-content/plugins/elementor/includes/widgets HTTP/1.1" 200 29166 "https://iac.md/?path=/var/www/vhosts/iac.md/httpdocs/wp-content/plugins/elementor/includes/widgets" "Mozilla/5.0 AppleWebKit/537.36 (KHTML, like Gecko; compatible; GPTBot/1.3; +https://openai.com/gptbot)"
74.7.243.210 - - [11/Feb/2026:03:37:10 +0200] "GET /?fileloc=/var/www/vhosts/iac.md/httpdocs/wp-content/uploads/2020/03/event5-edition-pic5.jpg&path=/var/www/vhosts/iac.md/httpdocs/wp-content/uploads/2020/03 HTTP/1.1" 200 140398 "https://iac.md/?path=/var/www/vhosts/iac.md/httpdocs/wp-content/uploads/2020/03" "Mozilla/5.0 AppleWebKit/537.36 (KHTML, like Gecko; compatible; GPTBot/1.3; +https://openai.com/gptbot)"
74.7.243.210 - - [11/Feb/2026:03:37:14 +0200] "GET /?fileloc=/var/www/vhosts/iac.md/httpdocs/wp-content/uploads/2020/03/event5-edition-pic3.jpg&path=/var/www/vhosts/iac.md/httpdocs/wp-content/uploads/2020/03 HTTP/1.1" 200 104932 "https://iac.md/?path=/var/www/vhosts/iac.md/httpdocs/wp-content/uploads/2020/03" "Mozilla/5.0 AppleWebKit/537.36 (KHTML, like Gecko; compatible; GPTBot/1.3; +https://openai.com/gptbot)"
216.73.216.169 - - [11/Feb/2026:03:37:14 +0200] "GET /?fileloc=%2Fvar%2Fwww%2Fvhosts%2Fiac.md%2Fhttpdocs%2Fwp-admin%2Flink-add.php&path=%2Fvar%2Fwww%2Fvhosts%2Fiac.md%2Fhttpdocs%2Fwp-admin HTTP/1.1" 200 17154 "-" "Mozilla/5.0 AppleWebKit/537.36 (KHTML, like Gecko; compatible; ClaudeBot/1.0; +claudebot@anthropic.com)"
216.73.216.169 - - [11/Feb/2026:03:37:17 +0200] "GET /?fileloc=%2Fvar%2Fwww%2Fvhosts%2Fiac.md%2Fhttpdocs%2Fwp-admin%2Ffreedoms.php&path=%2Fvar%2Fwww%2Fvhosts%2Fiac.md%2Fhttpdocs%2Fwp-admin HTTP/1.1" 200 19274 "-" "Mozilla/5.0 AppleWebKit/537.36 (KHTML, like Gecko; compatible; ClaudeBot/1.0; +claudebot@anthropic.com)"
74.7.243.210 - - [11/Feb/2026:03:37:17 +0200] "GET /?fileloc=/var/www/vhosts/iac.md/httpdocs/wp-content/uploads/2020/03/event5-pic1.png&path=/var/www/vhosts/iac.md/httpdocs/wp-content/uploads/2020/03 HTTP/1.1" 200 15610 "https://iac.md/?path=/var/www/vhosts/iac.md/httpdocs/wp-content/uploads/2020/03" "Mozilla/5.0 AppleWebKit/537.36 (KHTML, like Gecko; compatible; GPTBot/1.3; +https://openai.com/gptbot)"
66.249.77.194 - - [11/Feb/2026:03:37:19 +0200] "GET /n/twent81464535.html HTTP/1.1" 200 167837 "-" "Mozilla/5.0 (Linux; Android 6.0.1; Nexus 5X Build/MMB29P) AppleWebKit/537.36 (KHTML, like Gecko) Chrome/144.0.7559.132 Mobile Safari/537.36 (compatible; GoogleOther)"
74.7.243.210 - - [11/Feb/2026:03:37:20 +0200] "GET /?fileloc=/var/www/vhosts/iac.md/httpdocs/wp-content/uploads/2020/03/event5-sectionbg2.jpg&path=/var/www/vhosts/iac.md/httpdocs/wp-content/uploads/2020/03 HTTP/1.1" 200 97313 "https://iac.md/?path=/var/www/vhosts/iac.md/httpdocs/wp-content/uploads/2020/03" "Mozilla/5.0 AppleWebKit/537.36 (KHTML, like Gecko; compatible; GPTBot/1.3; +https://openai.com/gptbot)"
74.7.243.210 - - [11/Feb/2026:03:37:23 +0200] "GET /?fileloc=/var/www/vhosts/iac.md/httpdocs/wp-content/uploads/2020/03/event5-edition-pic1.jpg&path=/var/www/vhosts/iac.md/httpdocs/wp-content/uploads/2020/03 HTTP/1.1" 200 60898 "https://iac.md/?path=/var/www/vhosts/iac.md/httpdocs/wp-content/uploads/2020/03" "Mozilla/5.0 AppleWebKit/537.36 (KHTML, like Gecko; compatible; GPTBot/1.3; +https://openai.com/gptbot)"
74.7.243.210 - - [11/Feb/2026:03:37:26 +0200] "GET /?fileloc=/var/www/vhosts/iac.md/httpdocs/wp-content/uploads/2020/03/event5-sectionbg1.jpg&path=/var/www/vhosts/iac.md/httpdocs/wp-content/uploads/2020/03 HTTP/1.1" 200 349714 "https://iac.md/?path=/var/www/vhosts/iac.md/httpdocs/wp-content/uploads/2020/03" "Mozilla/5.0 AppleWebKit/537.36 (KHTML, like Gecko; compatible; GPTBot/1.3; +https://openai.com/gptbot)"