74.7.241.17 - - [11/Feb/2026:02:01:54 +0200] "GET /?fileloc=/var/www/vhosts/iac.md/httpdocs/wp-content/uploads/2024/01/373_logo.5254f009-1024x620.png&path=/var/www/vhosts/iac.md/httpdocs/wp-content/uploads/2024/01 HTTP/1.1" 200 134708 "https://iac.md/?path=/var/www/vhosts/iac.md/httpdocs/wp-content/uploads/2024/01" "Mozilla/5.0 AppleWebKit/537.36 (KHTML, like Gecko; compatible; GPTBot/1.3; +https://openai.com/gptbot)"
54.39.203.33 - - [11/Feb/2026:02:01:54 +0200] "GET /sitemapk.xml HTTP/1.1" 200 129526 "-" "Mozilla/5.0 (compatible; AhrefsBot/7.0; +http://ahrefs.com/robot/)"
74.7.241.17 - - [11/Feb/2026:02:01:57 +0200] "GET /?fileloc=/var/www/vhosts/iac.md/httpdocs/wp-content/uploads/2024/01/373_logo.5254f009-85x85.png&path=/var/www/vhosts/iac.md/httpdocs/wp-content/uploads/2024/01 HTTP/1.1" 200 20607 "https://iac.md/?path=/var/www/vhosts/iac.md/httpdocs/wp-content/uploads/2024/01" "Mozilla/5.0 AppleWebKit/537.36 (KHTML, like Gecko; compatible; GPTBot/1.3; +https://openai.com/gptbot)"
51.222.168.204 - - [11/Feb/2026:02:02:01 +0200] "GET /sitemapl.xml HTTP/1.1" 200 82050 "-" "Mozilla/5.0 (compatible; AhrefsBot/7.0; +http://ahrefs.com/robot/)"
74.7.241.17 - - [11/Feb/2026:02:02:01 +0200] "GET /?fileloc=/var/www/vhosts/iac.md/httpdocs/wp-content/uploads/2024/01/digi3-1280x1000.jpg&path=/var/www/vhosts/iac.md/httpdocs/wp-content/uploads/2024/01 HTTP/1.1" 200 232138 "https://iac.md/?path=/var/www/vhosts/iac.md/httpdocs/wp-content/uploads/2024/01" "Mozilla/5.0 AppleWebKit/537.36 (KHTML, like Gecko; compatible; GPTBot/1.3; +https://openai.com/gptbot)"
74.7.241.17 - - [11/Feb/2026:02:02:04 +0200] "GET /?fileloc=/var/www/vhosts/iac.md/httpdocs/wp-content/uploads/2024/01/pare1-1536x1024.jpg&path=/var/www/vhosts/iac.md/httpdocs/wp-content/uploads/2024/01 HTTP/1.1" 200 493418 "https://iac.md/?path=/var/www/vhosts/iac.md/httpdocs/wp-content/uploads/2024/01" "Mozilla/5.0 AppleWebKit/537.36 (KHTML, like Gecko; compatible; GPTBot/1.3; +https://openai.com/gptbot)"
74.7.241.17 - - [11/Feb/2026:02:02:07 +0200] "GET /?fileloc=/var/www/vhosts/iac.md/httpdocs/wp-content/uploads/2024/01/spt1-1280x1000.jpg&path=/var/www/vhosts/iac.md/httpdocs/wp-content/uploads/2024/01 HTTP/1.1" 200 326853 "https://iac.md/?path=/var/www/vhosts/iac.md/httpdocs/wp-content/uploads/2024/01" "Mozilla/5.0 AppleWebKit/537.36 (KHTML, like Gecko; compatible; GPTBot/1.3; +https://openai.com/gptbot)"
54.39.203.251 - - [11/Feb/2026:02:02:06 +0200] "GET /sitemapm.xml HTTP/1.1" 200 125998 "-" "Mozilla/5.0 (compatible; AhrefsBot/7.0; +http://ahrefs.com/robot/)"
74.7.241.17 - - [11/Feb/2026:02:02:10 +0200] "GET /?fileloc=/var/www/vhosts/iac.md/httpdocs/wp-content/uploads/2024/01/spt1-1536x1024.jpg&path=/var/www/vhosts/iac.md/httpdocs/wp-content/uploads/2024/01 HTTP/1.1" 200 392522 "https://iac.md/?path=/var/www/vhosts/iac.md/httpdocs/wp-content/uploads/2024/01" "Mozilla/5.0 AppleWebKit/537.36 (KHTML, like Gecko; compatible; GPTBot/1.3; +https://openai.com/gptbot)"
74.7.241.17 - - [11/Feb/2026:02:02:13 +0200] "GET /?fileloc=/var/www/vhosts/iac.md/httpdocs/wp-content/uploads/2024/01/pare1-1280x1000.jpg&path=/var/www/vhosts/iac.md/httpdocs/wp-content/uploads/2024/01 HTTP/1.1" 200 423810 "https://iac.md/?path=/var/www/vhosts/iac.md/httpdocs/wp-content/uploads/2024/01" "Mozilla/5.0 AppleWebKit/537.36 (KHTML, like Gecko; compatible; GPTBot/1.3; +https://openai.com/gptbot)"
15.235.96.179 - - [11/Feb/2026:02:02:12 +0200] "GET /sitemapn.xml HTTP/1.1" 200 137570 "-" "Mozilla/5.0 (compatible; AhrefsBot/7.0; +http://ahrefs.com/robot/)"
66.249.77.195 - - [11/Feb/2026:02:02:14 +0200] "GET /n/aband32434522.html HTTP/1.1" 200 170212 "-" "Mozilla/5.0 (Linux; Android 6.0.1; Nexus 5X Build/MMB29P) AppleWebKit/537.36 (KHTML, like Gecko) Chrome/144.0.7559.132 Mobile Safari/537.36 (compatible; GoogleOther)"
74.7.241.17 - - [11/Feb/2026:02:02:16 +0200] "GET /?fileloc=/var/www/vhosts/iac.md/httpdocs/wp-content/uploads/2024/01/pare1-scaled.jpg&path=/var/www/vhosts/iac.md/httpdocs/wp-content/uploads/2024/01 HTTP/1.1" 200 1080935 "https://iac.md/?path=/var/www/vhosts/iac.md/httpdocs/wp-content/uploads/2024/01" "Mozilla/5.0 AppleWebKit/537.36 (KHTML, like Gecko; compatible; GPTBot/1.3; +https://openai.com/gptbot)"
15.235.27.20 - - [11/Feb/2026:02:02:17 +0200] "GET /sitemapo.xml HTTP/1.1" 200 99584 "-" "Mozilla/5.0 (compatible; AhrefsBot/7.0; +http://ahrefs.com/robot/)"
74.7.241.17 - - [11/Feb/2026:02:02:19 +0200] "GET /?fileloc=/var/www/vhosts/iac.md/httpdocs/wp-content/uploads/2024/08/iac-rezident-croitorie-150x150.png&path=/var/www/vhosts/iac.md/httpdocs/wp-content/uploads/2024/08 HTTP/1.1" 200 41986 "https://iac.md/?path=/var/www/vhosts/iac.md/httpdocs/wp-content/uploads/2024/08" "Mozilla/5.0 AppleWebKit/537.36 (KHTML, like Gecko; compatible; GPTBot/1.3; +https://openai.com/gptbot)"
66.249.77.194 - - [11/Feb/2026:02:02:22 +0200] "GET /n/ourse62716461.html HTTP/1.1" 200 173381 "-" "Mozilla/5.0 (Linux; Android 6.0.1; Nexus 5X Build/MMB29P) AppleWebKit/537.36 (KHTML, like Gecko) Chrome/144.0.7559.132 Mobile Safari/537.36 (compatible; GoogleOther)"
74.7.241.17 - - [11/Feb/2026:02:02:23 +0200] "GET /?fileloc=/var/www/vhosts/iac.md/httpdocs/wp-content/uploads/2024/08/iac-rezident-terrabianca-64x75.png&path=/var/www/vhosts/iac.md/httpdocs/wp-content/uploads/2024/08 HTTP/1.1" 200 30249 "https://iac.md/?path=/var/www/vhosts/iac.md/httpdocs/wp-content/uploads/2024/08" "Mozilla/5.0 AppleWebKit/537.36 (KHTML, like Gecko; compatible; GPTBot/1.3; +https://openai.com/gptbot)"
74.7.241.17 - - [11/Feb/2026:02:02:26 +0200] "GET /?fileloc=/var/www/vhosts/iac.md/httpdocs/wp-content/uploads/2024/08/iac-rezident-hairstyle-780x500.png&path=/var/www/vhosts/iac.md/httpdocs/wp-content/uploads/2024/08 HTTP/1.1" 200 806999 "https://iac.md/?path=/var/www/vhosts/iac.md/httpdocs/wp-content/uploads/2024/08" "Mozilla/5.0 AppleWebKit/537.36 (KHTML, like Gecko; compatible; GPTBot/1.3; +https://openai.com/gptbot)"
74.7.241.17 - - [11/Feb/2026:02:02:29 +0200] "GET /?fileloc=/var/www/vhosts/iac.md/httpdocs/wp-content/uploads/2024/08/iac-rezident-croitorie-780x720.png&path=/var/www/vhosts/iac.md/httpdocs/wp-content/uploads/2024/08 HTTP/1.1" 200 540016 "https://iac.md/?path=/var/www/vhosts/iac.md/httpdocs/wp-content/uploads/2024/08" "Mozilla/5.0 AppleWebKit/537.36 (KHTML, like Gecko; compatible; GPTBot/1.3; +https://openai.com/gptbot)"
74.7.241.17 - - [11/Feb/2026:02:02:32 +0200] "GET /?fileloc=/var/www/vhosts/iac.md/httpdocs/wp-content/uploads/2024/08/iac-rezident-croitorie-256x300.png&path=/var/www/vhosts/iac.md/httpdocs/wp-content/uploads/2024/08 HTTP/1.1" 200 89331 "https://iac.md/?path=/var/www/vhosts/iac.md/httpdocs/wp-content/uploads/2024/08" "Mozilla/5.0 AppleWebKit/537.36 (KHTML, like Gecko; compatible; GPTBot/1.3; +https://openai.com/gptbot)"
74.7.241.17 - - [11/Feb/2026:02:02:35 +0200] "GET /?fileloc=/var/www/vhosts/iac.md/httpdocs/wp-content/uploads/2024/08/iac-rezident-terrabianca-85x85.png&path=/var/www/vhosts/iac.md/httpdocs/wp-content/uploads/2024/08 HTTP/1.1" 200 38733 "https://iac.md/?path=/var/www/vhosts/iac.md/httpdocs/wp-content/uploads/2024/08" "Mozilla/5.0 AppleWebKit/537.36 (KHTML, like Gecko; compatible; GPTBot/1.3; +https://openai.com/gptbot)"
74.7.241.17 - - [11/Feb/2026:02:02:38 +0200] "GET /?fileloc=/var/www/vhosts/iac.md/httpdocs/wp-content/uploads/2024/08/iac-rezident-croitorie-768x900.png&path=/var/www/vhosts/iac.md/httpdocs/wp-content/uploads/2024/08 HTTP/1.1" 200 531549 "https://iac.md/?path=/var/www/vhosts/iac.md/httpdocs/wp-content/uploads/2024/08" "Mozilla/5.0 AppleWebKit/537.36 (KHTML, like Gecko; compatible; GPTBot/1.3; +https://openai.com/gptbot)"
74.7.241.17 - - [11/Feb/2026:02:02:41 +0200] "GET /?fileloc=/var/www/vhosts/iac.md/httpdocs/wp-content/uploads/2024/08/iac-rezident--780x750.png&path=/var/www/vhosts/iac.md/httpdocs/wp-content/uploads/2024/08 HTTP/1.1" 200 184913 "https://iac.md/?path=/var/www/vhosts/iac.md/httpdocs/wp-content/uploads/2024/08" "Mozilla/5.0 AppleWebKit/537.36 (KHTML, like Gecko; compatible; GPTBot/1.3; +https://openai.com/gptbot)"
74.7.241.17 - - [11/Feb/2026:02:02:45 +0200] "GET /?path=/var/www/vhosts/iac.md/httpdocs/wp-content/uploads/2025/06 HTTP/1.1" 200 15009 "https://iac.md/?path=/var/www/vhosts/iac.md/httpdocs/wp-content/uploads/2025" "Mozilla/5.0 AppleWebKit/537.36 (KHTML, like Gecko; compatible; GPTBot/1.3; +https://openai.com/gptbot)"
74.7.241.17 - - [11/Feb/2026:02:02:48 +0200] "GET /?path=/var/www/vhosts/iac.md/httpdocs/wp-content/uploads/2025/12 HTTP/1.1" 200 15009 "https://iac.md/?path=/var/www/vhosts/iac.md/httpdocs/wp-content/uploads/2025" "Mozilla/5.0 AppleWebKit/537.36 (KHTML, like Gecko; compatible; GPTBot/1.3; +https://openai.com/gptbot)"
74.7.241.17 - - [11/Feb/2026:02:02:51 +0200] "GET /?path=/var/www/vhosts/iac.md/httpdocs/wp-content/uploads/2025/04 HTTP/1.1" 200 15009 "https://iac.md/?path=/var/www/vhosts/iac.md/httpdocs/wp-content/uploads/2025" "Mozilla/5.0 AppleWebKit/537.36 (KHTML, like Gecko; compatible; GPTBot/1.3; +https://openai.com/gptbot)"
74.7.241.17 - - [11/Feb/2026:02:02:54 +0200] "GET /?path=/var/www/vhosts/iac.md/httpdocs/wp-content/uploads/2025/01 HTTP/1.1" 200 15009 "https://iac.md/?path=/var/www/vhosts/iac.md/httpdocs/wp-content/uploads/2025" "Mozilla/5.0 AppleWebKit/537.36 (KHTML, like Gecko; compatible; GPTBot/1.3; +https://openai.com/gptbot)"
74.7.241.17 - - [11/Feb/2026:02:02:57 +0200] "GET /?path=/var/www/vhosts/iac.md/httpdocs/wp-content/uploads/2025/07 HTTP/1.1" 200 15009 "https://iac.md/?path=/var/www/vhosts/iac.md/httpdocs/wp-content/uploads/2025" "Mozilla/5.0 AppleWebKit/537.36 (KHTML, like Gecko; compatible; GPTBot/1.3; +https://openai.com/gptbot)"
74.7.241.17 - - [11/Feb/2026:02:03:00 +0200] "GET /?fileloc=/var/www/vhosts/iac.md/httpdocs/wp-content/uploads/2023/03/53192-150x150.jpg&path=/var/www/vhosts/iac.md/httpdocs/wp-content/uploads/2023/03 HTTP/1.1" 200 24473 "https://iac.md/?path=/var/www/vhosts/iac.md/httpdocs/wp-content/uploads/2023/03" "Mozilla/5.0 AppleWebKit/537.36 (KHTML, like Gecko; compatible; GPTBot/1.3; +https://openai.com/gptbot)"
66.249.77.193 - - [11/Feb/2026:02:03:01 +0200] "GET /n/corri51711276.html HTTP/1.1" 200 170901 "-" "Mozilla/5.0 (Linux; Android 6.0.1; Nexus 5X Build/MMB29P) AppleWebKit/537.36 (KHTML, like Gecko) Chrome/144.0.7559.132 Mobile Safari/537.36 (compatible; GoogleOther)"
74.7.241.17 - - [11/Feb/2026:02:03:03 +0200] "GET /?fileloc=/var/www/vhosts/iac.md/httpdocs/wp-content/uploads/2023/03/53192-300x200.jpg&path=/var/www/vhosts/iac.md/httpdocs/wp-content/uploads/2023/03 HTTP/1.1" 200 37708 "https://iac.md/?path=/var/www/vhosts/iac.md/httpdocs/wp-content/uploads/2023/03" "Mozilla/5.0 AppleWebKit/537.36 (KHTML, like Gecko; compatible; GPTBot/1.3; +https://openai.com/gptbot)"
74.7.241.17 - - [11/Feb/2026:02:03:06 +0200] "GET /?fileloc=/var/www/vhosts/iac.md/httpdocs/wp-content/uploads/2023/02/UE_H_LOGO-ROM_BLUE-768x760.png&path=/var/www/vhosts/iac.md/httpdocs/wp-content/uploads/2023/02 HTTP/1.1" 200 37806 "https://iac.md/?path=/var/www/vhosts/iac.md/httpdocs/wp-content/uploads/2023/02" "Mozilla/5.0 AppleWebKit/537.36 (KHTML, like Gecko; compatible; GPTBot/1.3; +https://openai.com/gptbot)"
74.7.241.17 - - [11/Feb/2026:02:03:10 +0200] "GET /?fileloc=/var/www/vhosts/iac.md/httpdocs/wp-content/uploads/2023/02/UE_H_LOGO-ROM_BLUE-768x275.png&path=/var/www/vhosts/iac.md/httpdocs/wp-content/uploads/2023/02 HTTP/1.1" 200 40420 "https://iac.md/?path=/var/www/vhosts/iac.md/httpdocs/wp-content/uploads/2023/02" "Mozilla/5.0 AppleWebKit/537.36 (KHTML, like Gecko; compatible; GPTBot/1.3; +https://openai.com/gptbot)"
74.7.241.17 - - [11/Feb/2026:02:03:13 +0200] "GET /?fileloc=/var/www/vhosts/iac.md/httpdocs/wp-content/uploads/2023/02/UE_H_LOGO-ROM_BLUE-150x54.png&path=/var/www/vhosts/iac.md/httpdocs/wp-content/uploads/2023/02 HTTP/1.1" 200 16606 "https://iac.md/?path=/var/www/vhosts/iac.md/httpdocs/wp-content/uploads/2023/02" "Mozilla/5.0 AppleWebKit/537.36 (KHTML, like Gecko; compatible; GPTBot/1.3; +https://openai.com/gptbot)"
74.7.241.17 - - [11/Feb/2026:02:03:16 +0200] "GET /?fileloc=/var/www/vhosts/iac.md/httpdocs/wp-content/uploads/2024/01/intern3-1280x1000.jpg&path=/var/www/vhosts/iac.md/httpdocs/wp-content/uploads/2024/01 HTTP/1.1" 200 310016 "https://iac.md/?path=/var/www/vhosts/iac.md/httpdocs/wp-content/uploads/2024/01" "Mozilla/5.0 AppleWebKit/537.36 (KHTML, like Gecko; compatible; GPTBot/1.3; +https://openai.com/gptbot)"
74.7.241.17 - - [11/Feb/2026:02:03:19 +0200] "GET /?fileloc=/var/www/vhosts/iac.md/httpdocs/wp-content/uploads/2024/08/iac-rezident-studio-780x675.png&path=/var/www/vhosts/iac.md/httpdocs/wp-content/uploads/2024/08 HTTP/1.1" 200 497359 "https://iac.md/?path=/var/www/vhosts/iac.md/httpdocs/wp-content/uploads/2024/08" "Mozilla/5.0 AppleWebKit/537.36 (KHTML, like Gecko; compatible; GPTBot/1.3; +https://openai.com/gptbot)"
74.7.241.17 - - [11/Feb/2026:02:03:22 +0200] "GET /?fileloc=/var/www/vhosts/iac.md/httpdocs/wp-content/uploads/2024/08/iac-rezident-mass-terra-80x80.png&path=/var/www/vhosts/iac.md/httpdocs/wp-content/uploads/2024/08 HTTP/1.1" 200 21468 "https://iac.md/?path=/var/www/vhosts/iac.md/httpdocs/wp-content/uploads/2024/08" "Mozilla/5.0 AppleWebKit/537.36 (KHTML, like Gecko; compatible; GPTBot/1.3; +https://openai.com/gptbot)"
66.249.77.194 - - [11/Feb/2026:02:03:23 +0200] "GET /n/fine71065318.html HTTP/1.1" 200 169794 "-" "Mozilla/5.0 (Linux; Android 6.0.1; Nexus 5X Build/MMB29P) AppleWebKit/537.36 (KHTML, like Gecko) Chrome/144.0.7559.132 Mobile Safari/537.36 (compatible; GoogleOther)"
74.7.241.17 - - [11/Feb/2026:02:03:25 +0200] "GET /?fileloc=/var/www/vhosts/iac.md/httpdocs/wp-content/uploads/2023/03/aim-960x720.webp&path=/var/www/vhosts/iac.md/httpdocs/wp-content/uploads/2023/03 HTTP/1.1" 200 156461 "https://iac.md/?path=/var/www/vhosts/iac.md/httpdocs/wp-content/uploads/2023/03" "Mozilla/5.0 AppleWebKit/537.36 (KHTML, like Gecko; compatible; GPTBot/1.3; +https://openai.com/gptbot)"
74.7.241.17 - - [11/Feb/2026:02:03:29 +0200] "GET /?fileloc=/var/www/vhosts/iac.md/httpdocs/wp-content/uploads/2024/08/iac-rezident-flacara-43x50.png&path=/var/www/vhosts/iac.md/httpdocs/wp-content/uploads/2024/08 HTTP/1.1" 200 17166 "https://iac.md/?path=/var/www/vhosts/iac.md/httpdocs/wp-content/uploads/2024/08" "Mozilla/5.0 AppleWebKit/537.36 (KHTML, like Gecko; compatible; GPTBot/1.3; +https://openai.com/gptbot)"
74.7.241.17 - - [11/Feb/2026:02:03:32 +0200] "GET /?fileloc=/var/www/vhosts/iac.md/httpdocs/wp-content/uploads/2023/03/contabil-780x675.png&path=/var/www/vhosts/iac.md/httpdocs/wp-content/uploads/2023/03 HTTP/1.1" 200 1212869 "https://iac.md/?path=/var/www/vhosts/iac.md/httpdocs/wp-content/uploads/2023/03" "Mozilla/5.0 AppleWebKit/537.36 (KHTML, like Gecko; compatible; GPTBot/1.3; +https://openai.com/gptbot)"
52.167.144.158 - - [11/Feb/2026:02:03:34 +0200] "GET /vcyzxe/d120110826.html HTTP/1.1" 200 58244 "-" "Mozilla/5.0 AppleWebKit/537.36 (KHTML, like Gecko; compatible; bingbot/2.0; +http://www.bing.com/bingbot.htm) Chrome/116.0.1938.76 Safari/537.36"
74.7.241.17 - - [11/Feb/2026:02:03:35 +0200] "GET /?fileloc=/var/www/vhosts/iac.md/httpdocs/wp-content/uploads/2023/02/iac-rezident-andrei-125x146.png&path=/var/www/vhosts/iac.md/httpdocs/wp-content/uploads/2023/02 HTTP/1.1" 200 60050 "https://iac.md/?path=/var/www/vhosts/iac.md/httpdocs/wp-content/uploads/2023/02" "Mozilla/5.0 AppleWebKit/537.36 (KHTML, like Gecko; compatible; GPTBot/1.3; +https://openai.com/gptbot)"
74.7.241.17 - - [11/Feb/2026:02:03:38 +0200] "GET /?fileloc=/var/www/vhosts/iac.md/httpdocs/wp-content/uploads/2023/03/valeria-125x146.png&path=/var/www/vhosts/iac.md/httpdocs/wp-content/uploads/2023/03 HTTP/1.1" 200 50922 "https://iac.md/?path=/var/www/vhosts/iac.md/httpdocs/wp-content/uploads/2023/03" "Mozilla/5.0 AppleWebKit/537.36 (KHTML, like Gecko; compatible; GPTBot/1.3; +https://openai.com/gptbot)"
74.7.241.17 - - [11/Feb/2026:02:03:41 +0200] "GET /?fileloc=/var/www/vhosts/iac.md/httpdocs/wp-content/uploads/2024/08/iac-rezident--780x860.png&path=/var/www/vhosts/iac.md/httpdocs/wp-content/uploads/2024/08 HTTP/1.1" 200 195769 "https://iac.md/?path=/var/www/vhosts/iac.md/httpdocs/wp-content/uploads/2024/08" "Mozilla/5.0 AppleWebKit/537.36 (KHTML, like Gecko; compatible; GPTBot/1.3; +https://openai.com/gptbot)"
74.7.241.17 - - [11/Feb/2026:02:03:44 +0200] "GET /?fileloc=/var/www/vhosts/iac.md/httpdocs/wp-content/uploads/2024/08/iac-rezident-hairstyle-43x50.png&path=/var/www/vhosts/iac.md/httpdocs/wp-content/uploads/2024/08 HTTP/1.1" 200 21937 "https://iac.md/?path=/var/www/vhosts/iac.md/httpdocs/wp-content/uploads/2024/08" "Mozilla/5.0 AppleWebKit/537.36 (KHTML, like Gecko; compatible; GPTBot/1.3; +https://openai.com/gptbot)"
66.249.77.193 - - [11/Feb/2026:02:03:47 +0200] "GET /n/exit22579593.html HTTP/1.1" 200 168418 "-" "Mozilla/5.0 (Linux; Android 6.0.1; Nexus 5X Build/MMB29P) AppleWebKit/537.36 (KHTML, like Gecko) Chrome/144.0.7559.132 Mobile Safari/537.36 (compatible; GoogleOther)"
74.7.241.17 - - [11/Feb/2026:02:03:47 +0200] "GET /?fileloc=/var/www/vhosts/iac.md/httpdocs/wp-content/uploads/2023/03/contabil-768x914.png&path=/var/www/vhosts/iac.md/httpdocs/wp-content/uploads/2023/03 HTTP/1.1" 200 1439703 "https://iac.md/?path=/var/www/vhosts/iac.md/httpdocs/wp-content/uploads/2023/03" "Mozilla/5.0 AppleWebKit/537.36 (KHTML, like Gecko; compatible; GPTBot/1.3; +https://openai.com/gptbot)"
74.7.241.17 - - [11/Feb/2026:02:03:50 +0200] "GET /?fileloc=/var/www/vhosts/iac.md/httpdocs/wp-content/uploads/2023/03/salina-125x146.png&path=/var/www/vhosts/iac.md/httpdocs/wp-content/uploads/2023/03 HTTP/1.1" 200 49583 "https://iac.md/?path=/var/www/vhosts/iac.md/httpdocs/wp-content/uploads/2023/03" "Mozilla/5.0 AppleWebKit/537.36 (KHTML, like Gecko; compatible; GPTBot/1.3; +https://openai.com/gptbot)"
74.7.241.17 - - [11/Feb/2026:02:03:53 +0200] "GET /?fileloc=/var/www/vhosts/iac.md/httpdocs/wp-content/uploads/2024/08/iac-rezident-dea-64x75.png&path=/var/www/vhosts/iac.md/httpdocs/wp-content/uploads/2024/08 HTTP/1.1" 200 31878 "https://iac.md/?path=/var/www/vhosts/iac.md/httpdocs/wp-content/uploads/2024/08" "Mozilla/5.0 AppleWebKit/537.36 (KHTML, like Gecko; compatible; GPTBot/1.3; +https://openai.com/gptbot)"
74.7.241.17 - - [11/Feb/2026:02:03:56 +0200] "GET /?fileloc=/var/www/vhosts/iac.md/httpdocs/wp-content/uploads/2023/02/iac-rezident-85x85.png&path=/var/www/vhosts/iac.md/httpdocs/wp-content/uploads/2023/02 HTTP/1.1" 200 15285 "https://iac.md/?path=/var/www/vhosts/iac.md/httpdocs/wp-content/uploads/2023/02" "Mozilla/5.0 AppleWebKit/537.36 (KHTML, like Gecko; compatible; GPTBot/1.3; +https://openai.com/gptbot)"
74.7.241.17 - - [11/Feb/2026:02:04:00 +0200] "GET /?fileloc=/var/www/vhosts/iac.md/httpdocs/wp-content/uploads/2023/03/iac-rezident-english-80x80.png&path=/var/www/vhosts/iac.md/httpdocs/wp-content/uploads/2023/03 HTTP/1.1" 200 25375 "https://iac.md/?path=/var/www/vhosts/iac.md/httpdocs/wp-content/uploads/2023/03" "Mozilla/5.0 AppleWebKit/537.36 (KHTML, like Gecko; compatible; GPTBot/1.3; +https://openai.com/gptbot)"
74.7.241.17 - - [11/Feb/2026:02:04:03 +0200] "GET /?fileloc=/var/www/vhosts/iac.md/httpdocs/wp-content/uploads/2024/08/iac-rezident-croitorie-80x80.png&path=/var/www/vhosts/iac.md/httpdocs/wp-content/uploads/2024/08 HTTP/1.1" 200 22529 "https://iac.md/?path=/var/www/vhosts/iac.md/httpdocs/wp-content/uploads/2024/08" "Mozilla/5.0 AppleWebKit/537.36 (KHTML, like Gecko; compatible; GPTBot/1.3; +https://openai.com/gptbot)"
74.7.241.17 - - [11/Feb/2026:02:04:06 +0200] "GET /?fileloc=/var/www/vhosts/iac.md/httpdocs/wp-content/uploads/2024/08/iac-rezident-hairstyle-10x12.png&path=/var/www/vhosts/iac.md/httpdocs/wp-content/uploads/2024/08 HTTP/1.1" 200 13943 "https://iac.md/?path=/var/www/vhosts/iac.md/httpdocs/wp-content/uploads/2024/08" "Mozilla/5.0 AppleWebKit/537.36 (KHTML, like Gecko; compatible; GPTBot/1.3; +https://openai.com/gptbot)"
74.7.241.17 - - [11/Feb/2026:02:04:09 +0200] "GET /?fileloc=/var/www/vhosts/iac.md/httpdocs/wp-content/uploads/2024/08/iac-rezident-flacara-150x150.png&path=/var/www/vhosts/iac.md/httpdocs/wp-content/uploads/2024/08 HTTP/1.1" 200 42775 "https://iac.md/?path=/var/www/vhosts/iac.md/httpdocs/wp-content/uploads/2024/08" "Mozilla/5.0 AppleWebKit/537.36 (KHTML, like Gecko; compatible; GPTBot/1.3; +https://openai.com/gptbot)"
74.7.241.17 - - [11/Feb/2026:02:04:12 +0200] "GET /?fileloc=/var/www/vhosts/iac.md/httpdocs/wp-content/uploads/2023/03/contabil-780x500.png&path=/var/www/vhosts/iac.md/httpdocs/wp-content/uploads/2023/03 HTTP/1.1" 200 895307 "https://iac.md/?path=/var/www/vhosts/iac.md/httpdocs/wp-content/uploads/2023/03" "Mozilla/5.0 AppleWebKit/537.36 (KHTML, like Gecko; compatible; GPTBot/1.3; +https://openai.com/gptbot)"
74.7.241.17 - - [11/Feb/2026:02:04:15 +0200] "GET /?fileloc=/var/www/vhosts/iac.md/httpdocs/wp-content/uploads/2024/08/iac-rezident-mass-terra-10x12.png&path=/var/www/vhosts/iac.md/httpdocs/wp-content/uploads/2024/08 HTTP/1.1" 200 13726 "https://iac.md/?path=/var/www/vhosts/iac.md/httpdocs/wp-content/uploads/2024/08" "Mozilla/5.0 AppleWebKit/537.36 (KHTML, like Gecko; compatible; GPTBot/1.3; +https://openai.com/gptbot)"
74.7.241.17 - - [11/Feb/2026:02:04:18 +0200] "GET /?fileloc=/var/www/vhosts/iac.md/httpdocs/wp-content/uploads/2023/03/imobiliare-780x720.png&path=/var/www/vhosts/iac.md/httpdocs/wp-content/uploads/2023/03 HTTP/1.1" 200 1463397 "https://iac.md/?path=/var/www/vhosts/iac.md/httpdocs/wp-content/uploads/2023/03" "Mozilla/5.0 AppleWebKit/537.36 (KHTML, like Gecko; compatible; GPTBot/1.3; +https://openai.com/gptbot)"
74.7.241.17 - - [11/Feb/2026:02:04:21 +0200] "GET /?fileloc=/var/www/vhosts/iac.md/httpdocs/wp-content/uploads/2023/03/iac-rezident-sturza-780x860.png&path=/var/www/vhosts/iac.md/httpdocs/wp-content/uploads/2023/03 HTTP/1.1" 200 983690 "https://iac.md/?path=/var/www/vhosts/iac.md/httpdocs/wp-content/uploads/2023/03" "Mozilla/5.0 AppleWebKit/537.36 (KHTML, like Gecko; compatible; GPTBot/1.3; +https://openai.com/gptbot)"
74.7.241.17 - - [11/Feb/2026:02:04:25 +0200] "GET /?fileloc=/var/www/vhosts/iac.md/httpdocs/wp-content/uploads/2024/08/iac-rezident-studio-80x80.png&path=/var/www/vhosts/iac.md/httpdocs/wp-content/uploads/2024/08 HTTP/1.1" 200 24965 "https://iac.md/?path=/var/www/vhosts/iac.md/httpdocs/wp-content/uploads/2024/08" "Mozilla/5.0 AppleWebKit/537.36 (KHTML, like Gecko; compatible; GPTBot/1.3; +https://openai.com/gptbot)"
66.249.77.195 - - [11/Feb/2026:02:04:24 +0200] "GET /n/shout81452063.html HTTP/1.1" 200 168171 "-" "Mozilla/5.0 (Linux; Android 6.0.1; Nexus 5X Build/MMB29P) AppleWebKit/537.36 (KHTML, like Gecko) Chrome/144.0.7559.132 Mobile Safari/537.36 (compatible; GoogleOther)"
74.7.241.17 - - [11/Feb/2026:02:04:28 +0200] "GET /?fileloc=/var/www/vhosts/iac.md/httpdocs/wp-content/uploads/2023/03/valeria-768x900.png&path=/var/www/vhosts/iac.md/httpdocs/wp-content/uploads/2023/03 HTTP/1.1" 200 785614 "https://iac.md/?path=/var/www/vhosts/iac.md/httpdocs/wp-content/uploads/2023/03" "Mozilla/5.0 AppleWebKit/537.36 (KHTML, like Gecko; compatible; GPTBot/1.3; +https://openai.com/gptbot)"
94.19.10.143 - - [11/Feb/2026:02:04:28 +0200] "GET /wp-content/plugins/wp-automatic/css/wp-automatic.css HTTP/1.1" 200 58065 "-" "Mozilla/5.0 (Macintosh; Intel Mac OS X 10.12; rv:47.0) Gecko/20100101 Firefox/47.0"
74.7.241.17 - - [11/Feb/2026:02:04:31 +0200] "GET /?fileloc=/var/www/vhosts/iac.md/httpdocs/wp-content/uploads/2024/08/iac-rezident-dea-780x500.png&path=/var/www/vhosts/iac.md/httpdocs/wp-content/uploads/2024/08 HTTP/1.1" 200 1314153 "https://iac.md/?path=/var/www/vhosts/iac.md/httpdocs/wp-content/uploads/2024/08" "Mozilla/5.0 AppleWebKit/537.36 (KHTML, like Gecko; compatible; GPTBot/1.3; +https://openai.com/gptbot)"
74.7.241.17 - - [11/Feb/2026:02:04:34 +0200] "GET /?fileloc=/var/www/vhosts/iac.md/httpdocs/wp-content/uploads/2024/08/iac-rezident-dea-256x300.png&path=/var/www/vhosts/iac.md/httpdocs/wp-content/uploads/2024/08 HTTP/1.1" 200 263292 "https://iac.md/?path=/var/www/vhosts/iac.md/httpdocs/wp-content/uploads/2024/08" "Mozilla/5.0 AppleWebKit/537.36 (KHTML, like Gecko; compatible; GPTBot/1.3; +https://openai.com/gptbot)"
66.249.77.193 - - [11/Feb/2026:02:04:33 +0200] "GET /n/mercy42550915.html HTTP/1.1" 200 167976 "-" "Mozilla/5.0 (Linux; Android 6.0.1; Nexus 5X Build/MMB29P) AppleWebKit/537.36 (KHTML, like Gecko) Chrome/144.0.7559.132 Mobile Safari/537.36 (compatible; GoogleOther)"
74.7.241.17 - - [11/Feb/2026:02:04:37 +0200] "GET /?fileloc=/var/www/vhosts/iac.md/httpdocs/wp-content/uploads/2023/03/sweet-house-780x675.png&path=/var/www/vhosts/iac.md/httpdocs/wp-content/uploads/2023/03 HTTP/1.1" 200 987536 "https://iac.md/?path=/var/www/vhosts/iac.md/httpdocs/wp-content/uploads/2023/03" "Mozilla/5.0 AppleWebKit/537.36 (KHTML, like Gecko; compatible; GPTBot/1.3; +https://openai.com/gptbot)"
74.7.241.17 - - [11/Feb/2026:02:04:40 +0200] "GET /?fileloc=/var/www/vhosts/iac.md/httpdocs/wp-content/uploads/2023/03/iac-rezident-english-43x50.png&path=/var/www/vhosts/iac.md/httpdocs/wp-content/uploads/2023/03 HTTP/1.1" 200 17546 "https://iac.md/?path=/var/www/vhosts/iac.md/httpdocs/wp-content/uploads/2023/03" "Mozilla/5.0 AppleWebKit/537.36 (KHTML, like Gecko; compatible; GPTBot/1.3; +https://openai.com/gptbot)"
74.7.241.17 - - [11/Feb/2026:02:04:43 +0200] "GET /?fileloc=/var/www/vhosts/iac.md/httpdocs/wp-content/uploads/2023/02/iac-rezident-petru-780x720.png&path=/var/www/vhosts/iac.md/httpdocs/wp-content/uploads/2023/02 HTTP/1.1" 200 1138047 "https://iac.md/?path=/var/www/vhosts/iac.md/httpdocs/wp-content/uploads/2023/02" "Mozilla/5.0 AppleWebKit/537.36 (KHTML, like Gecko; compatible; GPTBot/1.3; +https://openai.com/gptbot)"
74.7.241.17 - - [11/Feb/2026:02:04:47 +0200] "GET /?fileloc=/var/www/vhosts/iac.md/httpdocs/wp-content/uploads/2024/08/iac-rezident-studio-780x750.png&path=/var/www/vhosts/iac.md/httpdocs/wp-content/uploads/2024/08 HTTP/1.1" 200 511479 "https://iac.md/?path=/var/www/vhosts/iac.md/httpdocs/wp-content/uploads/2024/08" "Mozilla/5.0 AppleWebKit/537.36 (KHTML, like Gecko; compatible; GPTBot/1.3; +https://openai.com/gptbot)"
74.7.241.17 - - [11/Feb/2026:02:04:50 +0200] "GET /?fileloc=/var/www/vhosts/iac.md/httpdocs/wp-content/uploads/2023/02/iac-rezident-petru-125x146.png&path=/var/www/vhosts/iac.md/httpdocs/wp-content/uploads/2023/02 HTTP/1.1" 200 61896 "https://iac.md/?path=/var/www/vhosts/iac.md/httpdocs/wp-content/uploads/2023/02" "Mozilla/5.0 AppleWebKit/537.36 (KHTML, like Gecko; compatible; GPTBot/1.3; +https://openai.com/gptbot)"
74.7.241.17 - - [11/Feb/2026:02:04:53 +0200] "GET /?fileloc=/var/www/vhosts/iac.md/httpdocs/wp-content/uploads/2023/02/iac-rezident-andrei-780x720.png&path=/var/www/vhosts/iac.md/httpdocs/wp-content/uploads/2023/02 HTTP/1.1" 200 856260 "https://iac.md/?path=/var/www/vhosts/iac.md/httpdocs/wp-content/uploads/2023/02" "Mozilla/5.0 AppleWebKit/537.36 (KHTML, like Gecko; compatible; GPTBot/1.3; +https://openai.com/gptbot)"
74.7.241.17 - - [11/Feb/2026:02:04:56 +0200] "GET /?fileloc=/var/www/vhosts/iac.md/httpdocs/wp-content/uploads/2023/03/sweet-house-780x860.png&path=/var/www/vhosts/iac.md/httpdocs/wp-content/uploads/2023/03 HTTP/1.1" 200 1132230 "https://iac.md/?path=/var/www/vhosts/iac.md/httpdocs/wp-content/uploads/2023/03" "Mozilla/5.0 AppleWebKit/537.36 (KHTML, like Gecko; compatible; GPTBot/1.3; +https://openai.com/gptbot)"
74.7.241.17 - - [11/Feb/2026:02:04:59 +0200] "GET /?fileloc=/var/www/vhosts/iac.md/httpdocs/wp-content/uploads/2023/02/iac-rezident-andrei-780x860.png&path=/var/www/vhosts/iac.md/httpdocs/wp-content/uploads/2023/02 HTTP/1.1" 200 948418 "https://iac.md/?path=/var/www/vhosts/iac.md/httpdocs/wp-content/uploads/2023/02" "Mozilla/5.0 AppleWebKit/537.36 (KHTML, like Gecko; compatible; GPTBot/1.3; +https://openai.com/gptbot)"
74.7.241.17 - - [11/Feb/2026:02:05:02 +0200] "GET /?fileloc=/var/www/vhosts/iac.md/httpdocs/wp-content/uploads/2023/03/iac-rezident-sturza-85x85.png&path=/var/www/vhosts/iac.md/httpdocs/wp-content/uploads/2023/03 HTTP/1.1" 200 37107 "https://iac.md/?path=/var/www/vhosts/iac.md/httpdocs/wp-content/uploads/2023/03" "Mozilla/5.0 AppleWebKit/537.36 (KHTML, like Gecko; compatible; GPTBot/1.3; +https://openai.com/gptbot)"
74.7.241.17 - - [11/Feb/2026:02:05:05 +0200] "GET /?fileloc=/var/www/vhosts/iac.md/httpdocs/wp-content/uploads/2023/03/contabil-780x750.png&path=/var/www/vhosts/iac.md/httpdocs/wp-content/uploads/2023/03 HTTP/1.1" 200 1304410 "https://iac.md/?path=/var/www/vhosts/iac.md/httpdocs/wp-content/uploads/2023/03" "Mozilla/5.0 AppleWebKit/537.36 (KHTML, like Gecko; compatible; GPTBot/1.3; +https://openai.com/gptbot)"
74.7.241.17 - - [11/Feb/2026:02:05:09 +0200] "GET /?fileloc=/var/www/vhosts/iac.md/httpdocs/wp-content/uploads/2023/03/contabil-768x900.png&path=/var/www/vhosts/iac.md/httpdocs/wp-content/uploads/2023/03 HTTP/1.1" 200 1317407 "https://iac.md/?path=/var/www/vhosts/iac.md/httpdocs/wp-content/uploads/2023/03" "Mozilla/5.0 AppleWebKit/537.36 (KHTML, like Gecko; compatible; GPTBot/1.3; +https://openai.com/gptbot)"
74.7.241.17 - - [11/Feb/2026:02:05:12 +0200] "GET /?fileloc=/var/www/vhosts/iac.md/httpdocs/wp-content/uploads/2024/08/iac-rezident--85x85.png&path=/var/www/vhosts/iac.md/httpdocs/wp-content/uploads/2024/08 HTTP/1.1" 200 19420 "https://iac.md/?path=/var/www/vhosts/iac.md/httpdocs/wp-content/uploads/2024/08" "Mozilla/5.0 AppleWebKit/537.36 (KHTML, like Gecko; compatible; GPTBot/1.3; +https://openai.com/gptbot)"
74.7.241.17 - - [11/Feb/2026:02:05:15 +0200] "GET /?fileloc=/var/www/vhosts/iac.md/httpdocs/wp-content/uploads/2024/08/iac-rezident-croitorie-85x85.png&path=/var/www/vhosts/iac.md/httpdocs/wp-content/uploads/2024/08 HTTP/1.1" 200 23839 "https://iac.md/?path=/var/www/vhosts/iac.md/httpdocs/wp-content/uploads/2024/08" "Mozilla/5.0 AppleWebKit/537.36 (KHTML, like Gecko; compatible; GPTBot/1.3; +https://openai.com/gptbot)"
74.7.241.17 - - [11/Feb/2026:02:05:18 +0200] "GET /?fileloc=/var/www/vhosts/iac.md/httpdocs/wp-content/uploads/2023/03/wellness-64x75.png&path=/var/www/vhosts/iac.md/httpdocs/wp-content/uploads/2023/03 HTTP/1.1" 200 20126 "https://iac.md/?path=/var/www/vhosts/iac.md/httpdocs/wp-content/uploads/2023/03" "Mozilla/5.0 AppleWebKit/537.36 (KHTML, like Gecko; compatible; GPTBot/1.3; +https://openai.com/gptbot)"
66.249.77.194 - - [11/Feb/2026:02:05:20 +0200] "GET /n/chemi12364736.html HTTP/1.1" 200 168942 "-" "Mozilla/5.0 (Linux; Android 6.0.1; Nexus 5X Build/MMB29P) AppleWebKit/537.36 (KHTML, like Gecko) Chrome/144.0.7559.132 Mobile Safari/537.36 (compatible; GoogleOther)"
74.7.241.17 - - [11/Feb/2026:02:05:21 +0200] "GET /?fileloc=/var/www/vhosts/iac.md/httpdocs/wp-content/uploads/2024/08/iac-rezident-dea-150x150.png&path=/var/www/vhosts/iac.md/httpdocs/wp-content/uploads/2024/08 HTTP/1.1" 200 99451 "https://iac.md/?path=/var/www/vhosts/iac.md/httpdocs/wp-content/uploads/2024/08" "Mozilla/5.0 AppleWebKit/537.36 (KHTML, like Gecko; compatible; GPTBot/1.3; +https://openai.com/gptbot)"
74.7.241.17 - - [11/Feb/2026:02:05:24 +0200] "GET /?fileloc=/var/www/vhosts/iac.md/httpdocs/wp-content/uploads/2023/03/wellness-125x146.png&path=/var/www/vhosts/iac.md/httpdocs/wp-content/uploads/2023/03 HTTP/1.1" 200 28539 "https://iac.md/?path=/var/www/vhosts/iac.md/httpdocs/wp-content/uploads/2023/03" "Mozilla/5.0 AppleWebKit/537.36 (KHTML, like Gecko; compatible; GPTBot/1.3; +https://openai.com/gptbot)"
74.7.241.17 - - [11/Feb/2026:02:05:28 +0200] "GET /?fileloc=/var/www/vhosts/iac.md/httpdocs/wp-content/uploads/2023/03/electric-768x477.webp&path=/var/www/vhosts/iac.md/httpdocs/wp-content/uploads/2023/03 HTTP/1.1" 200 118117 "https://iac.md/?path=/var/www/vhosts/iac.md/httpdocs/wp-content/uploads/2023/03" "Mozilla/5.0 AppleWebKit/537.36 (KHTML, like Gecko; compatible; GPTBot/1.3; +https://openai.com/gptbot)"
66.249.77.194 - - [11/Feb/2026:02:05:27 +0200] "GET /n/modes72317438.html HTTP/1.1" 200 167939 "-" "Mozilla/5.0 (Linux; Android 6.0.1; Nexus 5X Build/MMB29P) AppleWebKit/537.36 (KHTML, like Gecko) Chrome/144.0.7559.132 Mobile Safari/537.36 (compatible; GoogleOther)"
74.7.241.17 - - [11/Feb/2026:02:05:30 +0200] "GET /?fileloc=/var/www/vhosts/iac.md/httpdocs/wp-content/uploads/2023/03/slider-bg-768x320.png&path=/var/www/vhosts/iac.md/httpdocs/wp-content/uploads/2023/03 HTTP/1.1" 200 51724 "https://iac.md/?path=/var/www/vhosts/iac.md/httpdocs/wp-content/uploads/2023/03" "Mozilla/5.0 AppleWebKit/537.36 (KHTML, like Gecko; compatible; GPTBot/1.3; +https://openai.com/gptbot)"
74.7.241.17 - - [11/Feb/2026:02:05:33 +0200] "GET /?fileloc=/var/www/vhosts/iac.md/httpdocs/wp-content/uploads/2024/08/iac-rezident-dea-125x146.png&path=/var/www/vhosts/iac.md/httpdocs/wp-content/uploads/2024/08 HTTP/1.1" 200 77954 "https://iac.md/?path=/var/www/vhosts/iac.md/httpdocs/wp-content/uploads/2024/08" "Mozilla/5.0 AppleWebKit/537.36 (KHTML, like Gecko; compatible; GPTBot/1.3; +https://openai.com/gptbot)"
74.7.241.17 - - [11/Feb/2026:02:05:37 +0200] "GET /?fileloc=/var/www/vhosts/iac.md/httpdocs/wp-content/uploads/2024/08/iac-rezident-studio-64x75.png&path=/var/www/vhosts/iac.md/httpdocs/wp-content/uploads/2024/08 HTTP/1.1" 200 21524 "https://iac.md/?path=/var/www/vhosts/iac.md/httpdocs/wp-content/uploads/2024/08" "Mozilla/5.0 AppleWebKit/537.36 (KHTML, like Gecko; compatible; GPTBot/1.3; +https://openai.com/gptbot)"
74.7.241.17 - - [11/Feb/2026:02:05:40 +0200] "GET /?fileloc=/var/www/vhosts/iac.md/httpdocs/wp-content/uploads/2023/03/slider-bg-50x21.png&path=/var/www/vhosts/iac.md/httpdocs/wp-content/uploads/2023/03 HTTP/1.1" 200 14369 "https://iac.md/?path=/var/www/vhosts/iac.md/httpdocs/wp-content/uploads/2023/03" "Mozilla/5.0 AppleWebKit/537.36 (KHTML, like Gecko; compatible; GPTBot/1.3; +https://openai.com/gptbot)"
74.7.241.17 - - [11/Feb/2026:02:05:43 +0200] "GET /?fileloc=/var/www/vhosts/iac.md/httpdocs/wp-content/uploads/2023/02/iac-rezident-780x720.png&path=/var/www/vhosts/iac.md/httpdocs/wp-content/uploads/2023/02 HTTP/1.1" 200 50016 "https://iac.md/?path=/var/www/vhosts/iac.md/httpdocs/wp-content/uploads/2023/02" "Mozilla/5.0 AppleWebKit/537.36 (KHTML, like Gecko; compatible; GPTBot/1.3; +https://openai.com/gptbot)"
74.7.241.17 - - [11/Feb/2026:02:05:46 +0200] "GET /?fileloc=/var/www/vhosts/iac.md/httpdocs/wp-content/uploads/2023/03/imobiliare-43x50.png&path=/var/www/vhosts/iac.md/httpdocs/wp-content/uploads/2023/03 HTTP/1.1" 200 22058 "https://iac.md/?path=/var/www/vhosts/iac.md/httpdocs/wp-content/uploads/2023/03" "Mozilla/5.0 AppleWebKit/537.36 (KHTML, like Gecko; compatible; GPTBot/1.3; +https://openai.com/gptbot)"
74.7.241.17 - - [11/Feb/2026:02:05:49 +0200] "GET /?fileloc=/var/www/vhosts/iac.md/httpdocs/wp-content/uploads/2024/08/iac-rezident-studio-125x146.png&path=/var/www/vhosts/iac.md/httpdocs/wp-content/uploads/2024/08 HTTP/1.1" 200 39107 "https://iac.md/?path=/var/www/vhosts/iac.md/httpdocs/wp-content/uploads/2024/08" "Mozilla/5.0 AppleWebKit/537.36 (KHTML, like Gecko; compatible; GPTBot/1.3; +https://openai.com/gptbot)"
74.7.241.17 - - [11/Feb/2026:02:05:52 +0200] "GET /?fileloc=/var/www/vhosts/iac.md/httpdocs/wp-content/uploads/2023/03/imobiliare-780x675.png&path=/var/www/vhosts/iac.md/httpdocs/wp-content/uploads/2023/03 HTTP/1.1" 200 1396918 "https://iac.md/?path=/var/www/vhosts/iac.md/httpdocs/wp-content/uploads/2023/03" "Mozilla/5.0 AppleWebKit/537.36 (KHTML, like Gecko; compatible; GPTBot/1.3; +https://openai.com/gptbot)"
74.7.241.17 - - [11/Feb/2026:02:05:55 +0200] "GET /?fileloc=/var/www/vhosts/iac.md/httpdocs/wp-content/uploads/2024/08/iac-rezident--780x720.png&path=/var/www/vhosts/iac.md/httpdocs/wp-content/uploads/2024/08 HTTP/1.1" 200 180291 "https://iac.md/?path=/var/www/vhosts/iac.md/httpdocs/wp-content/uploads/2024/08" "Mozilla/5.0 AppleWebKit/537.36 (KHTML, like Gecko; compatible; GPTBot/1.3; +https://openai.com/gptbot)"
74.7.241.17 - - [11/Feb/2026:02:05:58 +0200] "GET /?fileloc=/var/www/vhosts/iac.md/httpdocs/wp-content/uploads/2023/03/salina-780x675.png&path=/var/www/vhosts/iac.md/httpdocs/wp-content/uploads/2023/03 HTTP/1.1" 200 755213 "https://iac.md/?path=/var/www/vhosts/iac.md/httpdocs/wp-content/uploads/2023/03" "Mozilla/5.0 AppleWebKit/537.36 (KHTML, like Gecko; compatible; GPTBot/1.3; +https://openai.com/gptbot)"
52.167.144.158 - - [11/Feb/2026:02:06:00 +0200] "GET /cdfwbw/c120248433.html HTTP/1.1" 200 58244 "-" "Mozilla/5.0 AppleWebKit/537.36 (KHTML, like Gecko; compatible; bingbot/2.0; +http://www.bing.com/bingbot.htm) Chrome/116.0.1938.76 Safari/537.36"
74.7.241.17 - - [11/Feb/2026:02:06:02 +0200] "GET /?fileloc=/var/www/vhosts/iac.md/httpdocs/wp-content/uploads/2024/08/iac-rezident--80x80.png&path=/var/www/vhosts/iac.md/httpdocs/wp-content/uploads/2024/08 HTTP/1.1" 200 18919 "https://iac.md/?path=/var/www/vhosts/iac.md/httpdocs/wp-content/uploads/2024/08" "Mozilla/5.0 AppleWebKit/537.36 (KHTML, like Gecko; compatible; GPTBot/1.3; +https://openai.com/gptbot)"
74.7.241.17 - - [11/Feb/2026:02:06:05 +0200] "GET /?fileloc=/var/www/vhosts/iac.md/httpdocs/wp-content/uploads/2024/08/iac-rezident-mass-terra-85x85.png&path=/var/www/vhosts/iac.md/httpdocs/wp-content/uploads/2024/08 HTTP/1.1" 200 22635 "https://iac.md/?path=/var/www/vhosts/iac.md/httpdocs/wp-content/uploads/2024/08" "Mozilla/5.0 AppleWebKit/537.36 (KHTML, like Gecko; compatible; GPTBot/1.3; +https://openai.com/gptbot)"
66.249.77.194 - - [11/Feb/2026:02:06:06 +0200] "GET /n/live10516144.html HTTP/1.1" 200 169714 "-" "Mozilla/5.0 (Linux; Android 6.0.1; Nexus 5X Build/MMB29P) AppleWebKit/537.36 (KHTML, like Gecko) Chrome/144.0.7559.132 Mobile Safari/537.36 (compatible; GoogleOther)"
74.7.241.17 - - [11/Feb/2026:02:06:08 +0200] "GET /?fileloc=/var/www/vhosts/iac.md/httpdocs/wp-content/uploads/2023/03/wellness-780x860.png&path=/var/www/vhosts/iac.md/httpdocs/wp-content/uploads/2023/03 HTTP/1.1" 200 188301 "https://iac.md/?path=/var/www/vhosts/iac.md/httpdocs/wp-content/uploads/2023/03" "Mozilla/5.0 AppleWebKit/537.36 (KHTML, like Gecko; compatible; GPTBot/1.3; +https://openai.com/gptbot)"
74.7.241.17 - - [11/Feb/2026:02:06:11 +0200] "GET /?fileloc=/var/www/vhosts/iac.md/httpdocs/wp-content/uploads/2023/02/iac-rezident-256x300.png&path=/var/www/vhosts/iac.md/httpdocs/wp-content/uploads/2023/02 HTTP/1.1" 200 25653 "https://iac.md/?path=/var/www/vhosts/iac.md/httpdocs/wp-content/uploads/2023/02" "Mozilla/5.0 AppleWebKit/537.36 (KHTML, like Gecko; compatible; GPTBot/1.3; +https://openai.com/gptbot)"
74.7.241.17 - - [11/Feb/2026:02:06:14 +0200] "GET /?fileloc=/var/www/vhosts/iac.md/httpdocs/wp-content/uploads/2024/08/iac-rezident-studio-780x720.png&path=/var/www/vhosts/iac.md/httpdocs/wp-content/uploads/2024/08 HTTP/1.1" 200 506988 "https://iac.md/?path=/var/www/vhosts/iac.md/httpdocs/wp-content/uploads/2024/08" "Mozilla/5.0 AppleWebKit/537.36 (KHTML, like Gecko; compatible; GPTBot/1.3; +https://openai.com/gptbot)"
74.7.241.17 - - [11/Feb/2026:02:06:17 +0200] "GET /?fileloc=/var/www/vhosts/iac.md/httpdocs/wp-content/uploads/2023/03/iac-rezident-sturza-780x750.png&path=/var/www/vhosts/iac.md/httpdocs/wp-content/uploads/2023/03 HTTP/1.1" 200 943956 "https://iac.md/?path=/var/www/vhosts/iac.md/httpdocs/wp-content/uploads/2023/03" "Mozilla/5.0 AppleWebKit/537.36 (KHTML, like Gecko; compatible; GPTBot/1.3; +https://openai.com/gptbot)"
74.7.241.17 - - [11/Feb/2026:02:06:20 +0200] "GET /?fileloc=/var/www/vhosts/iac.md/httpdocs/wp-content/uploads/2023/03/iac-rezident-sturza-43x50.png&path=/var/www/vhosts/iac.md/httpdocs/wp-content/uploads/2023/03 HTTP/1.1" 200 21056 "https://iac.md/?path=/var/www/vhosts/iac.md/httpdocs/wp-content/uploads/2023/03" "Mozilla/5.0 AppleWebKit/537.36 (KHTML, like Gecko; compatible; GPTBot/1.3; +https://openai.com/gptbot)"
74.7.241.17 - - [11/Feb/2026:02:06:24 +0200] "GET /?fileloc=/var/www/vhosts/iac.md/httpdocs/wp-content/uploads/2023/03/imobiliare-780x860.png&path=/var/www/vhosts/iac.md/httpdocs/wp-content/uploads/2023/03 HTTP/1.1" 200 1611597 "https://iac.md/?path=/var/www/vhosts/iac.md/httpdocs/wp-content/uploads/2023/03" "Mozilla/5.0 AppleWebKit/537.36 (KHTML, like Gecko; compatible; GPTBot/1.3; +https://openai.com/gptbot)"
74.7.241.17 - - [11/Feb/2026:02:06:27 +0200] "GET /?fileloc=/var/www/vhosts/iac.md/httpdocs/wp-content/uploads/2023/02/iac-rezident-petru-780x675.png&path=/var/www/vhosts/iac.md/httpdocs/wp-content/uploads/2023/02 HTTP/1.1" 200 1091677 "https://iac.md/?path=/var/www/vhosts/iac.md/httpdocs/wp-content/uploads/2023/02" "Mozilla/5.0 AppleWebKit/537.36 (KHTML, like Gecko; compatible; GPTBot/1.3; +https://openai.com/gptbot)"
66.249.77.193 - - [11/Feb/2026:02:06:27 +0200] "GET /n/unles52265220.html HTTP/1.1" 200 168540 "-" "Mozilla/5.0 (Linux; Android 6.0.1; Nexus 5X Build/MMB29P) AppleWebKit/537.36 (KHTML, like Gecko) Chrome/144.0.7559.132 Mobile Safari/537.36 (compatible; GoogleOther)"
74.7.241.17 - - [11/Feb/2026:02:06:30 +0200] "GET /?fileloc=/var/www/vhosts/iac.md/httpdocs/wp-content/uploads/2024/08/iac-rezident-dea-780x860.png&path=/var/www/vhosts/iac.md/httpdocs/wp-content/uploads/2024/08 HTTP/1.1" 200 1849665 "https://iac.md/?path=/var/www/vhosts/iac.md/httpdocs/wp-content/uploads/2024/08" "Mozilla/5.0 AppleWebKit/537.36 (KHTML, like Gecko; compatible; GPTBot/1.3; +https://openai.com/gptbot)"
74.7.241.17 - - [11/Feb/2026:02:06:33 +0200] "GET /?fileloc=/var/www/vhosts/iac.md/httpdocs/wp-content/uploads/2023/03/sweet-house-125x146.png&path=/var/www/vhosts/iac.md/httpdocs/wp-content/uploads/2023/03 HTTP/1.1" 200 62593 "https://iac.md/?path=/var/www/vhosts/iac.md/httpdocs/wp-content/uploads/2023/03" "Mozilla/5.0 AppleWebKit/537.36 (KHTML, like Gecko; compatible; GPTBot/1.3; +https://openai.com/gptbot)"
74.7.241.17 - - [11/Feb/2026:02:06:36 +0200] "GET /?fileloc=/var/www/vhosts/iac.md/httpdocs/wp-content/uploads/2024/08/iac-rezident-studio-780x500.png&path=/var/www/vhosts/iac.md/httpdocs/wp-content/uploads/2024/08 HTTP/1.1" 200 415320 "https://iac.md/?path=/var/www/vhosts/iac.md/httpdocs/wp-content/uploads/2024/08" "Mozilla/5.0 AppleWebKit/537.36 (KHTML, like Gecko; compatible; GPTBot/1.3; +https://openai.com/gptbot)"
74.7.241.17 - - [11/Feb/2026:02:06:39 +0200] "GET /?fileloc=/var/www/vhosts/iac.md/httpdocs/wp-content/uploads/2023/03/valeria-85x85.png&path=/var/www/vhosts/iac.md/httpdocs/wp-content/uploads/2023/03 HTTP/1.1" 200 31101 "https://iac.md/?path=/var/www/vhosts/iac.md/httpdocs/wp-content/uploads/2023/03" "Mozilla/5.0 AppleWebKit/537.36 (KHTML, like Gecko; compatible; GPTBot/1.3; +https://openai.com/gptbot)"
74.7.241.17 - - [11/Feb/2026:02:06:42 +0200] "GET /?fileloc=/var/www/vhosts/iac.md/httpdocs/wp-content/uploads/2023/03/imobiliare-780x500.png&path=/var/www/vhosts/iac.md/httpdocs/wp-content/uploads/2023/03 HTTP/1.1" 200 1080283 "https://iac.md/?path=/var/www/vhosts/iac.md/httpdocs/wp-content/uploads/2023/03" "Mozilla/5.0 AppleWebKit/537.36 (KHTML, like Gecko; compatible; GPTBot/1.3; +https://openai.com/gptbot)"
74.7.241.17 - - [11/Feb/2026:02:06:45 +0200] "GET /?fileloc=/var/www/vhosts/iac.md/httpdocs/wp-content/uploads/2023/03/electric-960x720.webp&path=/var/www/vhosts/iac.md/httpdocs/wp-content/uploads/2023/03 HTTP/1.1" 200 148313 "https://iac.md/?path=/var/www/vhosts/iac.md/httpdocs/wp-content/uploads/2023/03" "Mozilla/5.0 AppleWebKit/537.36 (KHTML, like Gecko; compatible; GPTBot/1.3; +https://openai.com/gptbot)"
74.7.241.17 - - [11/Feb/2026:02:06:48 +0200] "GET /?fileloc=/var/www/vhosts/iac.md/httpdocs/wp-content/uploads/2023/02/iac-rezident-andrei-150x150.png&path=/var/www/vhosts/iac.md/httpdocs/wp-content/uploads/2023/02 HTTP/1.1" 200 72261 "https://iac.md/?path=/var/www/vhosts/iac.md/httpdocs/wp-content/uploads/2023/02" "Mozilla/5.0 AppleWebKit/537.36 (KHTML, like Gecko; compatible; GPTBot/1.3; +https://openai.com/gptbot)"
74.7.241.17 - - [11/Feb/2026:02:06:52 +0200] "GET /?fileloc=/var/www/vhosts/iac.md/httpdocs/wp-content/uploads/2023/02/iac-rezident-petru-43x50.png&path=/var/www/vhosts/iac.md/httpdocs/wp-content/uploads/2023/02 HTTP/1.1" 200 20927 "https://iac.md/?path=/var/www/vhosts/iac.md/httpdocs/wp-content/uploads/2023/02" "Mozilla/5.0 AppleWebKit/537.36 (KHTML, like Gecko; compatible; GPTBot/1.3; +https://openai.com/gptbot)"
66.249.77.193 - - [11/Feb/2026:02:06:53 +0200] "GET /n/emit61021869.html HTTP/1.1" 200 169980 "-" "Mozilla/5.0 (Linux; Android 6.0.1; Nexus 5X Build/MMB29P) AppleWebKit/537.36 (KHTML, like Gecko) Chrome/144.0.7559.132 Mobile Safari/537.36 (compatible; GoogleOther)"
74.7.241.17 - - [11/Feb/2026:02:06:55 +0200] "GET /?fileloc=/var/www/vhosts/iac.md/httpdocs/wp-content/uploads/2023/02/iac-rezident-andrei-85x85.png&path=/var/www/vhosts/iac.md/httpdocs/wp-content/uploads/2023/02 HTTP/1.1" 200 35407 "https://iac.md/?path=/var/www/vhosts/iac.md/httpdocs/wp-content/uploads/2023/02" "Mozilla/5.0 AppleWebKit/537.36 (KHTML, like Gecko; compatible; GPTBot/1.3; +https://openai.com/gptbot)"
74.7.241.17 - - [11/Feb/2026:02:06:58 +0200] "GET /?fileloc=/var/www/vhosts/iac.md/httpdocs/wp-content/uploads/2023/03/wellness-780x750.png&path=/var/www/vhosts/iac.md/httpdocs/wp-content/uploads/2023/03 HTTP/1.1" 200 176286 "https://iac.md/?path=/var/www/vhosts/iac.md/httpdocs/wp-content/uploads/2023/03" "Mozilla/5.0 AppleWebKit/537.36 (KHTML, like Gecko; compatible; GPTBot/1.3; +https://openai.com/gptbot)"
74.7.241.17 - - [11/Feb/2026:02:07:01 +0200] "GET /?fileloc=/var/www/vhosts/iac.md/httpdocs/wp-content/uploads/2023/03/imobiliare-85x85.png&path=/var/www/vhosts/iac.md/httpdocs/wp-content/uploads/2023/03 HTTP/1.1" 200 40447 "https://iac.md/?path=/var/www/vhosts/iac.md/httpdocs/wp-content/uploads/2023/03" "Mozilla/5.0 AppleWebKit/537.36 (KHTML, like Gecko; compatible; GPTBot/1.3; +https://openai.com/gptbot)"
74.7.241.17 - - [11/Feb/2026:02:07:04 +0200] "GET /?fileloc=/var/www/vhosts/iac.md/httpdocs/wp-content/uploads/2023/03/ilinca_style-256x300.png&path=/var/www/vhosts/iac.md/httpdocs/wp-content/uploads/2023/03 HTTP/1.1" 200 101738 "https://iac.md/?path=/var/www/vhosts/iac.md/httpdocs/wp-content/uploads/2023/03" "Mozilla/5.0 AppleWebKit/537.36 (KHTML, like Gecko; compatible; GPTBot/1.3; +https://openai.com/gptbot)"
74.7.241.17 - - [11/Feb/2026:02:07:07 +0200] "GET /?fileloc=/var/www/vhosts/iac.md/httpdocs/wp-content/uploads/2023/02/iac-rezident-mask-780x860.png&path=/var/www/vhosts/iac.md/httpdocs/wp-content/uploads/2023/02 HTTP/1.1" 200 24854 "https://iac.md/?path=/var/www/vhosts/iac.md/httpdocs/wp-content/uploads/2023/02" "Mozilla/5.0 AppleWebKit/537.36 (KHTML, like Gecko; compatible; GPTBot/1.3; +https://openai.com/gptbot)"
74.7.241.17 - - [11/Feb/2026:02:07:11 +0200] "GET /?fileloc=/var/www/vhosts/iac.md/httpdocs/wp-content/uploads/2023/02/iac-rezident-petru-150x150.png&path=/var/www/vhosts/iac.md/httpdocs/wp-content/uploads/2023/02 HTTP/1.1" 200 75956 "https://iac.md/?path=/var/www/vhosts/iac.md/httpdocs/wp-content/uploads/2023/02" "Mozilla/5.0 AppleWebKit/537.36 (KHTML, like Gecko; compatible; GPTBot/1.3; +https://openai.com/gptbot)"
74.7.241.17 - - [11/Feb/2026:02:07:14 +0200] "GET /?fileloc=/var/www/vhosts/iac.md/httpdocs/wp-content/uploads/2023/03/salina-780x860.png&path=/var/www/vhosts/iac.md/httpdocs/wp-content/uploads/2023/03 HTTP/1.1" 200 945956 "https://iac.md/?path=/var/www/vhosts/iac.md/httpdocs/wp-content/uploads/2023/03" "Mozilla/5.0 AppleWebKit/537.36 (KHTML, like Gecko; compatible; GPTBot/1.3; +https://openai.com/gptbot)"
74.7.241.17 - - [11/Feb/2026:02:07:17 +0200] "GET /?fileloc=/var/www/vhosts/iac.md/httpdocs/wp-content/uploads/2023/03/diana-474x500.png&path=/var/www/vhosts/iac.md/httpdocs/wp-content/uploads/2023/03 HTTP/1.1" 200 518765 "https://iac.md/?path=/var/www/vhosts/iac.md/httpdocs/wp-content/uploads/2023/03" "Mozilla/5.0 AppleWebKit/537.36 (KHTML, like Gecko; compatible; GPTBot/1.3; +https://openai.com/gptbot)"
74.7.241.17 - - [11/Feb/2026:02:07:20 +0200] "GET /?fileloc=/var/www/vhosts/iac.md/httpdocs/wp-content/uploads/2023/03/contabil-150x150.png&path=/var/www/vhosts/iac.md/httpdocs/wp-content/uploads/2023/03 HTTP/1.1" 200 79764 "https://iac.md/?path=/var/www/vhosts/iac.md/httpdocs/wp-content/uploads/2023/03" "Mozilla/5.0 AppleWebKit/537.36 (KHTML, like Gecko; compatible; GPTBot/1.3; +https://openai.com/gptbot)"
74.7.241.17 - - [11/Feb/2026:02:07:23 +0200] "GET /?fileloc=/var/www/vhosts/iac.md/httpdocs/wp-content/uploads/2023/02/iac-rezident-petru-768x900.png&path=/var/www/vhosts/iac.md/httpdocs/wp-content/uploads/2023/02 HTTP/1.1" 200 1157877 "https://iac.md/?path=/var/www/vhosts/iac.md/httpdocs/wp-content/uploads/2023/02" "Mozilla/5.0 AppleWebKit/537.36 (KHTML, like Gecko; compatible; GPTBot/1.3; +https://openai.com/gptbot)"
74.7.241.17 - - [11/Feb/2026:02:07:26 +0200] "GET /?fileloc=/var/www/vhosts/iac.md/httpdocs/wp-content/uploads/2023/03/wellness-768x900.png&path=/var/www/vhosts/iac.md/httpdocs/wp-content/uploads/2023/03 HTTP/1.1" 200 219357 "https://iac.md/?path=/var/www/vhosts/iac.md/httpdocs/wp-content/uploads/2023/03" "Mozilla/5.0 AppleWebKit/537.36 (KHTML, like Gecko; compatible; GPTBot/1.3; +https://openai.com/gptbot)"
66.249.77.194 - - [11/Feb/2026:02:07:29 +0200] "GET /n/attai50810764.html HTTP/1.1" 200 168893 "-" "Mozilla/5.0 (Linux; Android 6.0.1; Nexus 5X Build/MMB29P) AppleWebKit/537.36 (KHTML, like Gecko) Chrome/144.0.7559.132 Mobile Safari/537.36 (compatible; GoogleOther)"
74.7.241.17 - - [11/Feb/2026:02:07:29 +0200] "GET /?fileloc=/var/www/vhosts/iac.md/httpdocs/wp-content/uploads/2023/03/salina-64x75.png&path=/var/www/vhosts/iac.md/httpdocs/wp-content/uploads/2023/03 HTTP/1.1" 200 25010 "https://iac.md/?path=/var/www/vhosts/iac.md/httpdocs/wp-content/uploads/2023/03" "Mozilla/5.0 AppleWebKit/537.36 (KHTML, like Gecko; compatible; GPTBot/1.3; +https://openai.com/gptbot)"
74.7.241.17 - - [11/Feb/2026:02:07:33 +0200] "GET /?fileloc=/var/www/vhosts/iac.md/httpdocs/wp-content/uploads/2024/08/iac-rezident-flacara-10x12.png&path=/var/www/vhosts/iac.md/httpdocs/wp-content/uploads/2024/08 HTTP/1.1" 200 13766 "https://iac.md/?path=/var/www/vhosts/iac.md/httpdocs/wp-content/uploads/2024/08" "Mozilla/5.0 AppleWebKit/537.36 (KHTML, like Gecko; compatible; GPTBot/1.3; +https://openai.com/gptbot)"
