74.7.227.12 - - [11/Feb/2026:03:22:46 +0200] "GET /?fileloc=/var/www/vhosts/iac.md/httpdocs/wp-content/uploads/2023/04/338502703_1234442463856486_2456001907780940171_n-1024x682.jpg&path=/var/www/vhosts/iac.md/httpdocs/wp-content/uploads/2023/04 HTTP/1.1" 200 179032 "https://iac.md/?path=/var/www/vhosts/iac.md/httpdocs/wp-content/uploads/2023/04" "Mozilla/5.0 AppleWebKit/537.36 (KHTML, like Gecko; compatible; GPTBot/1.3; +https://openai.com/gptbot)"
74.7.227.12 - - [11/Feb/2026:03:22:49 +0200] "GET /?fileloc=/var/www/vhosts/iac.md/httpdocs/wp-content/uploads/2023/04/338502703_1234442463856486_2456001907780940171_n-300x200.jpg&path=/var/www/vhosts/iac.md/httpdocs/wp-content/uploads/2023/04 HTTP/1.1" 200 35642 "https://iac.md/?path=/var/www/vhosts/iac.md/httpdocs/wp-content/uploads/2023/04" "Mozilla/5.0 AppleWebKit/537.36 (KHTML, like Gecko; compatible; GPTBot/1.3; +https://openai.com/gptbot)"
74.7.227.12 - - [11/Feb/2026:03:22:52 +0200] "GET /?fileloc=/var/www/vhosts/iac.md/httpdocs/wp-content/uploads/2023/04/338502703_1234442463856486_2456001907780940171_n-50x33.jpg&path=/var/www/vhosts/iac.md/httpdocs/wp-content/uploads/2023/04 HTTP/1.1" 200 15446 "https://iac.md/?path=/var/www/vhosts/iac.md/httpdocs/wp-content/uploads/2023/04" "Mozilla/5.0 AppleWebKit/537.36 (KHTML, like Gecko; compatible; GPTBot/1.3; +https://openai.com/gptbot)"
74.7.227.12 - - [11/Feb/2026:03:22:56 +0200] "GET /?fileloc=/var/www/vhosts/iac.md/httpdocs/wp-content/uploads/2023/04/338502703_1234442463856486_2456001907780940171_n-150x150.jpg&path=/var/www/vhosts/iac.md/httpdocs/wp-content/uploads/2023/04 HTTP/1.1" 200 26520 "https://iac.md/?path=/var/www/vhosts/iac.md/httpdocs/wp-content/uploads/2023/04" "Mozilla/5.0 AppleWebKit/537.36 (KHTML, like Gecko; compatible; GPTBot/1.3; +https://openai.com/gptbot)"
74.7.227.12 - - [11/Feb/2026:03:22:59 +0200] "GET /?fileloc=/var/www/vhosts/iac.md/httpdocs/wp-content/uploads/2023/04/338502703_1234442463856486_2456001907780940171_n-1630x860.jpg&path=/var/www/vhosts/iac.md/httpdocs/wp-content/uploads/2023/04 HTTP/1.1" 200 306583 "https://iac.md/?path=/var/www/vhosts/iac.md/httpdocs/wp-content/uploads/2023/04" "Mozilla/5.0 AppleWebKit/537.36 (KHTML, like Gecko; compatible; GPTBot/1.3; +https://openai.com/gptbot)"
74.7.227.12 - - [11/Feb/2026:03:23:02 +0200] "GET /?fileloc=/var/www/vhosts/iac.md/httpdocs/wp-content/uploads/2023/04/338502703_1234442463856486_2456001907780940171_n-85x85.jpg&path=/var/www/vhosts/iac.md/httpdocs/wp-content/uploads/2023/04 HTTP/1.1" 200 19084 "https://iac.md/?path=/var/www/vhosts/iac.md/httpdocs/wp-content/uploads/2023/04" "Mozilla/5.0 AppleWebKit/537.36 (KHTML, like Gecko; compatible; GPTBot/1.3; +https://openai.com/gptbot)"
74.7.227.12 - - [11/Feb/2026:03:23:05 +0200] "GET /?fileloc=/var/www/vhosts/iac.md/httpdocs/wp-content/uploads/2023/04/338502703_1234442463856486_2456001907780940171_n-768x511.jpg&path=/var/www/vhosts/iac.md/httpdocs/wp-content/uploads/2023/04 HTTP/1.1" 200 113549 "https://iac.md/?path=/var/www/vhosts/iac.md/httpdocs/wp-content/uploads/2023/04" "Mozilla/5.0 AppleWebKit/537.36 (KHTML, like Gecko; compatible; GPTBot/1.3; +https://openai.com/gptbot)"
74.7.227.12 - - [11/Feb/2026:03:23:08 +0200] "GET /?fileloc=/var/www/vhosts/iac.md/httpdocs/wp-content/uploads/2023/04/338502703_1234442463856486_2456001907780940171_n-113x75.jpg&path=/var/www/vhosts/iac.md/httpdocs/wp-content/uploads/2023/04 HTTP/1.1" 200 18907 "https://iac.md/?path=/var/www/vhosts/iac.md/httpdocs/wp-content/uploads/2023/04" "Mozilla/5.0 AppleWebKit/537.36 (KHTML, like Gecko; compatible; GPTBot/1.3; +https://openai.com/gptbot)"
74.7.227.12 - - [11/Feb/2026:03:23:12 +0200] "GET /?fileloc=/var/www/vhosts/iac.md/httpdocs/wp-content/uploads/2023/04/338502703_1234442463856486_2456001907780940171_n-1920x750.jpg&path=/var/www/vhosts/iac.md/httpdocs/wp-content/uploads/2023/04 HTTP/1.1" 200 315154 "https://iac.md/?path=/var/www/vhosts/iac.md/httpdocs/wp-content/uploads/2023/04" "Mozilla/5.0 AppleWebKit/537.36 (KHTML, like Gecko; compatible; GPTBot/1.3; +https://openai.com/gptbot)"
66.249.77.193 - - [11/Feb/2026:03:23:12 +0200] "GET /n/van51258604.html HTTP/1.1" 200 169833 "-" "Mozilla/5.0 (Linux; Android 6.0.1; Nexus 5X Build/MMB29P) AppleWebKit/537.36 (KHTML, like Gecko) Chrome/144.0.7559.132 Mobile Safari/537.36 (compatible; GoogleOther)"
74.7.227.12 - - [11/Feb/2026:03:23:15 +0200] "GET /?fileloc=/var/www/vhosts/iac.md/httpdocs/wp-content/uploads/2023/04/338502703_1234442463856486_2456001907780940171_n-80x80.jpg&path=/var/www/vhosts/iac.md/httpdocs/wp-content/uploads/2023/04 HTTP/1.1" 200 18468 "https://iac.md/?path=/var/www/vhosts/iac.md/httpdocs/wp-content/uploads/2023/04" "Mozilla/5.0 AppleWebKit/537.36 (KHTML, like Gecko; compatible; GPTBot/1.3; +https://openai.com/gptbot)"
74.7.227.12 - - [11/Feb/2026:03:23:18 +0200] "GET /?fileloc=/var/www/vhosts/iac.md/httpdocs/wp-content/plugins/elementor/assets/css/common.min.css&path=/var/www/vhosts/iac.md/httpdocs/wp-content/plugins/elementor/assets/css HTTP/1.1" 200 24643 "https://iac.md/?path=/var/www/vhosts/iac.md/httpdocs/wp-content/plugins/elementor/assets/css" "Mozilla/5.0 AppleWebKit/537.36 (KHTML, like Gecko; compatible; GPTBot/1.3; +https://openai.com/gptbot)"
74.7.227.12 - - [11/Feb/2026:03:23:21 +0200] "GET /?fileloc=/var/www/vhosts/iac.md/httpdocs/wp-content/plugins/elementor/assets/css/app-rtl.css&path=/var/www/vhosts/iac.md/httpdocs/wp-content/plugins/elementor/assets/css HTTP/1.1" 200 108111 "https://iac.md/?path=/var/www/vhosts/iac.md/httpdocs/wp-content/plugins/elementor/assets/css" "Mozilla/5.0 AppleWebKit/537.36 (KHTML, like Gecko; compatible; GPTBot/1.3; +https://openai.com/gptbot)"
74.7.227.12 - - [11/Feb/2026:03:23:24 +0200] "GET /?fileloc=/var/www/vhosts/iac.md/httpdocs/wp-content/plugins/elementor/assets/css/editor.css&path=/var/www/vhosts/iac.md/httpdocs/wp-content/plugins/elementor/assets/css HTTP/1.1" 200 175233 "https://iac.md/?path=/var/www/vhosts/iac.md/httpdocs/wp-content/plugins/elementor/assets/css" "Mozilla/5.0 AppleWebKit/537.36 (KHTML, like Gecko; compatible; GPTBot/1.3; +https://openai.com/gptbot)"
74.7.227.12 - - [11/Feb/2026:03:23:28 +0200] "GET /?fileloc=/var/www/vhosts/iac.md/httpdocs/wp-content/plugins/elementor/assets/css/app.min.css&path=/var/www/vhosts/iac.md/httpdocs/wp-content/plugins/elementor/assets/css HTTP/1.1" 200 92720 "https://iac.md/?path=/var/www/vhosts/iac.md/httpdocs/wp-content/plugins/elementor/assets/css" "Mozilla/5.0 AppleWebKit/537.36 (KHTML, like Gecko; compatible; GPTBot/1.3; +https://openai.com/gptbot)"
74.7.227.12 - - [11/Feb/2026:03:23:31 +0200] "GET /?fileloc=/var/www/vhosts/iac.md/httpdocs/wp-content/plugins/elementor/assets/css/app-base.css&path=/var/www/vhosts/iac.md/httpdocs/wp-content/plugins/elementor/assets/css HTTP/1.1" 200 15020 "https://iac.md/?path=/var/www/vhosts/iac.md/httpdocs/wp-content/plugins/elementor/assets/css" "Mozilla/5.0 AppleWebKit/537.36 (KHTML, like Gecko; compatible; GPTBot/1.3; +https://openai.com/gptbot)"
74.7.227.12 - - [11/Feb/2026:03:23:34 +0200] "GET /?fileloc=/var/www/vhosts/iac.md/httpdocs/wp-content/plugins/elementor/assets/css/widget-testimonial.min.css&path=/var/www/vhosts/iac.md/httpdocs/wp-content/plugins/elementor/assets/css HTTP/1.1" 200 14873 "https://iac.md/?path=/var/www/vhosts/iac.md/httpdocs/wp-content/plugins/elementor/assets/css" "Mozilla/5.0 AppleWebKit/537.36 (KHTML, like Gecko; compatible; GPTBot/1.3; +https://openai.com/gptbot)"
74.7.227.12 - - [11/Feb/2026:03:23:37 +0200] "GET /?fileloc=/var/www/vhosts/iac.md/httpdocs/wp-content/plugins/elementor/assets/css/app-base-rtl.css&path=/var/www/vhosts/iac.md/httpdocs/wp-content/plugins/elementor/assets/css HTTP/1.1" 200 15028 "https://iac.md/?path=/var/www/vhosts/iac.md/httpdocs/wp-content/plugins/elementor/assets/css" "Mozilla/5.0 AppleWebKit/537.36 (KHTML, like Gecko; compatible; GPTBot/1.3; +https://openai.com/gptbot)"
74.7.227.12 - - [11/Feb/2026:03:23:40 +0200] "GET /?fileloc=/var/www/vhosts/iac.md/httpdocs/wp-content/plugins/elementor/assets/css/frontend-lite.css&path=/var/www/vhosts/iac.md/httpdocs/wp-content/plugins/elementor/assets/css HTTP/1.1" 200 129913 "https://iac.md/?path=/var/www/vhosts/iac.md/httpdocs/wp-content/plugins/elementor/assets/css" "Mozilla/5.0 AppleWebKit/537.36 (KHTML, like Gecko; compatible; GPTBot/1.3; +https://openai.com/gptbot)"
74.7.227.12 - - [11/Feb/2026:03:23:43 +0200] "GET /?fileloc=/var/www/vhosts/iac.md/httpdocs/wp-content/plugins/elementor/assets/css/common-rtl.min.css&path=/var/www/vhosts/iac.md/httpdocs/wp-content/plugins/elementor/assets/css HTTP/1.1" 200 24650 "https://iac.md/?path=/var/www/vhosts/iac.md/httpdocs/wp-content/plugins/elementor/assets/css" "Mozilla/5.0 AppleWebKit/537.36 (KHTML, like Gecko; compatible; GPTBot/1.3; +https://openai.com/gptbot)"
74.7.227.12 - - [11/Feb/2026:03:23:46 +0200] "GET /?fileloc=/var/www/vhosts/iac.md/httpdocs/wp-content/plugins/elementor/assets/css/widget-alert.min.css&path=/var/www/vhosts/iac.md/httpdocs/wp-content/plugins/elementor/assets/css HTTP/1.1" 200 14835 "https://iac.md/?path=/var/www/vhosts/iac.md/httpdocs/wp-content/plugins/elementor/assets/css" "Mozilla/5.0 AppleWebKit/537.36 (KHTML, like Gecko; compatible; GPTBot/1.3; +https://openai.com/gptbot)"
74.7.227.12 - - [11/Feb/2026:03:23:50 +0200] "GET /?fileloc=/var/www/vhosts/iac.md/httpdocs/wp-content/plugins/elementor/assets/css/widget-spacer.min.css&path=/var/www/vhosts/iac.md/httpdocs/wp-content/plugins/elementor/assets/css HTTP/1.1" 200 14163 "https://iac.md/?path=/var/www/vhosts/iac.md/httpdocs/wp-content/plugins/elementor/assets/css" "Mozilla/5.0 AppleWebKit/537.36 (KHTML, like Gecko; compatible; GPTBot/1.3; +https://openai.com/gptbot)"
74.7.227.12 - - [11/Feb/2026:03:23:53 +0200] "GET /?fileloc=/var/www/vhosts/iac.md/httpdocs/wp-content/plugins/elementor/assets/css/common.css&path=/var/www/vhosts/iac.md/httpdocs/wp-content/plugins/elementor/assets/css HTTP/1.1" 200 26923 "https://iac.md/?path=/var/www/vhosts/iac.md/httpdocs/wp-content/plugins/elementor/assets/css" "Mozilla/5.0 AppleWebKit/537.36 (KHTML, like Gecko; compatible; GPTBot/1.3; +https://openai.com/gptbot)"
74.7.227.12 - - [11/Feb/2026:03:23:56 +0200] "GET /?fileloc=/var/www/vhosts/iac.md/httpdocs/wp-content/plugins/elementor/assets/css/editor-preview.min.css&path=/var/www/vhosts/iac.md/httpdocs/wp-content/plugins/elementor/assets/css HTTP/1.1" 200 112608 "https://iac.md/?path=/var/www/vhosts/iac.md/httpdocs/wp-content/plugins/elementor/assets/css" "Mozilla/5.0 AppleWebKit/537.36 (KHTML, like Gecko; compatible; GPTBot/1.3; +https://openai.com/gptbot)"
74.7.227.12 - - [11/Feb/2026:03:23:59 +0200] "GET /?fileloc=/var/www/vhosts/iac.md/httpdocs/wp-content/plugins/elementor/assets/css/editor-preview.css&path=/var/www/vhosts/iac.md/httpdocs/wp-content/plugins/elementor/assets/css HTTP/1.1" 200 125421 "https://iac.md/?path=/var/www/vhosts/iac.md/httpdocs/wp-content/plugins/elementor/assets/css" "Mozilla/5.0 AppleWebKit/537.36 (KHTML, like Gecko; compatible; GPTBot/1.3; +https://openai.com/gptbot)"
74.7.227.12 - - [11/Feb/2026:03:24:02 +0200] "GET /?fileloc=/var/www/vhosts/iac.md/httpdocs/wp-content/plugins/elementor/assets/css/common-rtl.css&path=/var/www/vhosts/iac.md/httpdocs/wp-content/plugins/elementor/assets/css HTTP/1.1" 200 26935 "https://iac.md/?path=/var/www/vhosts/iac.md/httpdocs/wp-content/plugins/elementor/assets/css" "Mozilla/5.0 AppleWebKit/537.36 (KHTML, like Gecko; compatible; GPTBot/1.3; +https://openai.com/gptbot)"
216.73.216.169 - - [11/Feb/2026:03:24:03 +0200] "GET /robots.txt HTTP/1.1" 200 3808 "-" "Mozilla/5.0 AppleWebKit/537.36 (KHTML, like Gecko; compatible; ClaudeBot/1.0; +claudebot@anthropic.com)"
216.73.216.169 - - [11/Feb/2026:03:24:03 +0200] "GET /?fileloc=%2Fvar%2Fwww%2Fvhosts%2Fiac.md%2Fhttpdocs%2Fwp-admin%2Fload-scripts.php&path=%2Fvar%2Fwww%2Fvhosts%2Fiac.md%2Fhttpdocs%2Fwp-admin HTTP/1.1" 200 15211 "-" "Mozilla/5.0 AppleWebKit/537.36 (KHTML, like Gecko; compatible; ClaudeBot/1.0; +claudebot@anthropic.com)"
74.7.227.12 - - [11/Feb/2026:03:24:05 +0200] "GET /?fileloc=/var/www/vhosts/iac.md/httpdocs/wp-content/plugins/elementor/assets/css/frontend-rtl.css&path=/var/www/vhosts/iac.md/httpdocs/wp-content/plugins/elementor/assets/css HTTP/1.1" 200 187596 "https://iac.md/?path=/var/www/vhosts/iac.md/httpdocs/wp-content/plugins/elementor/assets/css" "Mozilla/5.0 AppleWebKit/537.36 (KHTML, like Gecko; compatible; GPTBot/1.3; +https://openai.com/gptbot)"
66.249.77.194 - - [11/Feb/2026:03:24:05 +0200] "GET /n/evolv70534382.html HTTP/1.1" 200 168334 "-" "Mozilla/5.0 (Linux; Android 6.0.1; Nexus 5X Build/MMB29P) AppleWebKit/537.36 (KHTML, like Gecko) Chrome/144.0.7559.132 Mobile Safari/537.36 (compatible; GoogleOther)"
216.73.216.169 - - [11/Feb/2026:03:24:06 +0200] "GET /?path=%2Fvar%2Fwww%2Fvhosts%2Fiac.md%2Fwordpress-backups HTTP/1.1" 200 13113 "-" "Mozilla/5.0 AppleWebKit/537.36 (KHTML, like Gecko; compatible; ClaudeBot/1.0; +claudebot@anthropic.com)"
74.7.227.12 - - [11/Feb/2026:03:24:08 +0200] "GET /?fileloc=/var/www/vhosts/iac.md/httpdocs/wp-content/plugins/elementor/assets/css/frontend-lite-rtl.css&path=/var/www/vhosts/iac.md/httpdocs/wp-content/plugins/elementor/assets/css HTTP/1.1" 200 129921 "https://iac.md/?path=/var/www/vhosts/iac.md/httpdocs/wp-content/plugins/elementor/assets/css" "Mozilla/5.0 AppleWebKit/537.36 (KHTML, like Gecko; compatible; GPTBot/1.3; +https://openai.com/gptbot)"
74.7.227.12 - - [11/Feb/2026:03:24:11 +0200] "GET /?fileloc=/var/www/vhosts/iac.md/httpdocs/wp-content/plugins/elementor/assets/css/frontend-lite.min.css&path=/var/www/vhosts/iac.md/httpdocs/wp-content/plugins/elementor/assets/css HTTP/1.1" 200 112587 "https://iac.md/?path=/var/www/vhosts/iac.md/httpdocs/wp-content/plugins/elementor/assets/css" "Mozilla/5.0 AppleWebKit/537.36 (KHTML, like Gecko; compatible; GPTBot/1.3; +https://openai.com/gptbot)"
74.7.227.12 - - [11/Feb/2026:03:24:14 +0200] "GET /?fileloc=/var/www/vhosts/iac.md/httpdocs/wp-content/plugins/elementor/assets/css/widget-progress.min.css&path=/var/www/vhosts/iac.md/httpdocs/wp-content/plugins/elementor/assets/css HTTP/1.1" 200 14403 "https://iac.md/?path=/var/www/vhosts/iac.md/httpdocs/wp-content/plugins/elementor/assets/css" "Mozilla/5.0 AppleWebKit/537.36 (KHTML, like Gecko; compatible; GPTBot/1.3; +https://openai.com/gptbot)"
74.7.227.12 - - [11/Feb/2026:03:24:17 +0200] "GET /?fileloc=/var/www/vhosts/iac.md/httpdocs/wp-content/plugins/elementor/assets/css/widget-testimonial-rtl.min.css&path=/var/www/vhosts/iac.md/httpdocs/wp-content/plugins/elementor/assets/css HTTP/1.1" 200 14877 "https://iac.md/?path=/var/www/vhosts/iac.md/httpdocs/wp-content/plugins/elementor/assets/css" "Mozilla/5.0 AppleWebKit/537.36 (KHTML, like Gecko; compatible; GPTBot/1.3; +https://openai.com/gptbot)"
74.7.227.12 - - [11/Feb/2026:03:24:21 +0200] "GET /?fileloc=/var/www/vhosts/iac.md/httpdocs/wp-content/plugins/elementor/assets/css/editor.min.css&path=/var/www/vhosts/iac.md/httpdocs/wp-content/plugins/elementor/assets/css HTTP/1.1" 200 153991 "https://iac.md/?path=/var/www/vhosts/iac.md/httpdocs/wp-content/plugins/elementor/assets/css" "Mozilla/5.0 AppleWebKit/537.36 (KHTML, like Gecko; compatible; GPTBot/1.3; +https://openai.com/gptbot)"
74.7.227.12 - - [11/Feb/2026:03:24:24 +0200] "GET /?fileloc=/var/www/vhosts/iac.md/httpdocs/wp-content/plugins/elementor/assets/css/app-rtl.min.css&path=/var/www/vhosts/iac.md/httpdocs/wp-content/plugins/elementor/assets/css HTTP/1.1" 200 92727 "https://iac.md/?path=/var/www/vhosts/iac.md/httpdocs/wp-content/plugins/elementor/assets/css" "Mozilla/5.0 AppleWebKit/537.36 (KHTML, like Gecko; compatible; GPTBot/1.3; +https://openai.com/gptbot)"
74.7.227.12 - - [11/Feb/2026:03:24:27 +0200] "GET /?fileloc=/var/www/vhosts/iac.md/httpdocs/wp-content/plugins/elementor/assets/css/frontend.min.css&path=/var/www/vhosts/iac.md/httpdocs/wp-content/plugins/elementor/assets/css HTTP/1.1" 200 163667 "https://iac.md/?path=/var/www/vhosts/iac.md/httpdocs/wp-content/plugins/elementor/assets/css" "Mozilla/5.0 AppleWebKit/537.36 (KHTML, like Gecko; compatible; GPTBot/1.3; +https://openai.com/gptbot)"
74.7.227.12 - - [11/Feb/2026:03:24:30 +0200] "GET /?fileloc=/var/www/vhosts/iac.md/httpdocs/wp-content/plugins/elementor/assets/css/editor-rtl.min.css&path=/var/www/vhosts/iac.md/httpdocs/wp-content/plugins/elementor/assets/css HTTP/1.1" 200 154226 "https://iac.md/?path=/var/www/vhosts/iac.md/httpdocs/wp-content/plugins/elementor/assets/css" "Mozilla/5.0 AppleWebKit/537.36 (KHTML, like Gecko; compatible; GPTBot/1.3; +https://openai.com/gptbot)"
74.7.227.12 - - [11/Feb/2026:03:24:33 +0200] "GET /?fileloc=/var/www/vhosts/iac.md/httpdocs/wp-content/plugins/elementor/assets/css/widget-social-icons.min.css&path=/var/www/vhosts/iac.md/httpdocs/wp-content/plugins/elementor/assets/css HTTP/1.1" 200 18161 "https://iac.md/?path=/var/www/vhosts/iac.md/httpdocs/wp-content/plugins/elementor/assets/css" "Mozilla/5.0 AppleWebKit/537.36 (KHTML, like Gecko; compatible; GPTBot/1.3; +https://openai.com/gptbot)"
74.7.227.12 - - [11/Feb/2026:03:24:36 +0200] "GET /?fileloc=/var/www/vhosts/iac.md/httpdocs/wp-content/plugins/elementor/assets/css/editor-preview-rtl.css&path=/var/www/vhosts/iac.md/httpdocs/wp-content/plugins/elementor/assets/css HTTP/1.1" 200 125690 "https://iac.md/?path=/var/www/vhosts/iac.md/httpdocs/wp-content/plugins/elementor/assets/css" "Mozilla/5.0 AppleWebKit/537.36 (KHTML, like Gecko; compatible; GPTBot/1.3; +https://openai.com/gptbot)"
74.7.227.12 - - [11/Feb/2026:03:24:39 +0200] "GET /?fileloc=/var/www/vhosts/iac.md/httpdocs/wp-content/plugins/elementor/includes/widgets/image-box.php&path=/var/www/vhosts/iac.md/httpdocs/wp-content/plugins/elementor/includes/widgets HTTP/1.1" 200 36015 "https://iac.md/?path=/var/www/vhosts/iac.md/httpdocs/wp-content/plugins/elementor/includes/widgets" "Mozilla/5.0 AppleWebKit/537.36 (KHTML, like Gecko; compatible; GPTBot/1.3; +https://openai.com/gptbot)"
74.7.227.12 - - [11/Feb/2026:03:24:42 +0200] "GET /?fileloc=/var/www/vhosts/iac.md/httpdocs/wp-content/plugins/elementor/core/debug/loading-inspection-manager.php&path=/var/www/vhosts/iac.md/httpdocs/wp-content/plugins/elementor/core/debug HTTP/1.1" 200 14902 "https://iac.md/?path=/var/www/vhosts/iac.md/httpdocs/wp-content/plugins/elementor/core/debug" "Mozilla/5.0 AppleWebKit/537.36 (KHTML, like Gecko; compatible; GPTBot/1.3; +https://openai.com/gptbot)"
52.167.144.187 - - [11/Feb/2026:03:24:51 +0200] "GET /zfcazd/y1069552056.shtm HTTP/1.1" 200 58260 "-" "Mozilla/5.0 AppleWebKit/537.36 (KHTML, like Gecko; compatible; bingbot/2.0; +http://www.bing.com/bingbot.htm) Chrome/116.0.1938.76 Safari/537.36"
66.249.77.193 - - [11/Feb/2026:03:24:58 +0200] "GET /n/judge80390327.html HTTP/1.1" 200 168835 "-" "Mozilla/5.0 (Linux; Android 6.0.1; Nexus 5X Build/MMB29P) AppleWebKit/537.36 (KHTML, like Gecko) Chrome/144.0.7559.132 Mobile Safari/537.36 (compatible; GoogleOther)"
216.73.216.169 - - [11/Feb/2026:03:25:14 +0200] "GET /?fileloc=%2Fvar%2Fwww%2Fvhosts%2Fiac.md%2Fhttpdocs%2Fwp-admin%2Fadmin-functions.php&path=%2Fvar%2Fwww%2Fvhosts%2Fiac.md%2Fhttpdocs%2Fwp-admin HTTP/1.1" 200 16601 "-" "Mozilla/5.0 AppleWebKit/537.36 (KHTML, like Gecko; compatible; ClaudeBot/1.0; +claudebot@anthropic.com)"
216.73.216.169 - - [11/Feb/2026:03:25:34 +0200] "GET /?fileloc=%2Fvar%2Fwww%2Fvhosts%2Fiac.md%2Fhttpdocs%2Fwp-admin%2Fadmin.php&path=%2Fvar%2Fwww%2Fvhosts%2Fiac.md%2Fhttpdocs%2Fwp-admin HTTP/1.1" 200 30133 "-" "Mozilla/5.0 AppleWebKit/537.36 (KHTML, like Gecko; compatible; ClaudeBot/1.0; +claudebot@anthropic.com)"
51.68.247.203 - - [11/Feb/2026:03:25:44 +0200] "GET /en/despre-noi/?fileloc=/var/www/vhosts/iac.md/httpdocs/readme.html&path=/var/www/vhosts/iac.md/httpdocs HTTP/1.1" 200 25257 "-" "Mozilla/5.0 (compatible; AhrefsBot/7.0; +http://ahrefs.com/robot/)"
66.249.77.193 - - [11/Feb/2026:03:25:51 +0200] "GET /n/click61623653.html HTTP/1.1" 200 171177 "-" "Mozilla/5.0 (Linux; Android 6.0.1; Nexus 5X Build/MMB29P) AppleWebKit/537.36 (KHTML, like Gecko) Chrome/144.0.7559.132 Mobile Safari/537.36 (compatible; GoogleOther)"
66.249.77.193 - - [11/Feb/2026:03:25:59 +0200] "GET /n/shamp22925777.html HTTP/1.1" 200 170025 "-" "Mozilla/5.0 (Linux; Android 6.0.1; Nexus 5X Build/MMB29P) AppleWebKit/537.36 (KHTML, like Gecko) Chrome/144.0.7559.132 Mobile Safari/537.36 (compatible; GoogleOther)"
216.73.216.169 - - [11/Feb/2026:03:26:00 +0200] "GET /?fileloc=%2Fvar%2Fwww%2Fvhosts%2Fiac.md%2Fhttpdocs%2Fwp-admin%2Fplugin-install.php&path=%2Fvar%2Fwww%2Fvhosts%2Fiac.md%2Fhttpdocs%2Fwp-admin HTTP/1.1" 200 24618 "-" "Mozilla/5.0 AppleWebKit/537.36 (KHTML, like Gecko; compatible; ClaudeBot/1.0; +claudebot@anthropic.com)"
66.249.77.193 - - [11/Feb/2026:03:26:06 +0200] "GET /n/wet72572062.html HTTP/1.1" 200 170977 "-" "Mozilla/5.0 (Linux; Android 6.0.1; Nexus 5X Build/MMB29P) AppleWebKit/537.36 (KHTML, like Gecko) Chrome/144.0.7559.132 Mobile Safari/537.36 (compatible; GoogleOther)"
66.249.77.193 - - [11/Feb/2026:03:26:29 +0200] "GET /n/housi80839751.html HTTP/1.1" 200 171674 "-" "Mozilla/5.0 (Linux; Android 6.0.1; Nexus 5X Build/MMB29P) AppleWebKit/537.36 (KHTML, like Gecko) Chrome/144.0.7559.132 Mobile Safari/537.36 (compatible; GoogleOther)"
66.249.77.193 - - [11/Feb/2026:03:26:44 +0200] "GET /n/hit60277429.html HTTP/1.1" 200 168972 "-" "Mozilla/5.0 (Linux; Android 6.0.1; Nexus 5X Build/MMB29P) AppleWebKit/537.36 (KHTML, like Gecko) Chrome/144.0.7559.132 Mobile Safari/537.36 (compatible; GoogleOther)"
216.73.216.169 - - [11/Feb/2026:03:26:55 +0200] "GET /?path=%2Fvar%2Fwww%2Fvhosts%2Fiac.md%2Fhttpdocs%2Fwp-admin%2Fimages HTTP/1.1" 200 143970 "-" "Mozilla/5.0 AppleWebKit/537.36 (KHTML, like Gecko; compatible; ClaudeBot/1.0; +claudebot@anthropic.com)"
66.249.77.193 - - [11/Feb/2026:03:27:03 +0200] "GET /n/warn70821294.html HTTP/1.1" 200 168789 "-" "Mozilla/5.0 (Linux; Android 6.0.1; Nexus 5X Build/MMB29P) AppleWebKit/537.36 (KHTML, like Gecko) Chrome/144.0.7559.132 Mobile Safari/537.36 (compatible; GoogleOther)"
66.249.77.194 - - [11/Feb/2026:03:27:37 +0200] "GET /n/pond20304361.html HTTP/1.1" 200 170492 "-" "Mozilla/5.0 (Linux; Android 6.0.1; Nexus 5X Build/MMB29P) AppleWebKit/537.36 (KHTML, like Gecko) Chrome/144.0.7559.132 Mobile Safari/537.36 (compatible; GoogleOther)"
40.77.167.156 - - [11/Feb/2026:03:27:42 +0200] "GET /fxvycz/t1414641838.shtm HTTP/1.1" 200 58260 "-" "Mozilla/5.0 AppleWebKit/537.36 (KHTML, like Gecko; compatible; bingbot/2.0; +http://www.bing.com/bingbot.htm) Chrome/116.0.1938.76 Safari/537.36"
66.249.77.193 - - [11/Feb/2026:03:27:45 +0200] "GET /n/lavat82427367.html HTTP/1.1" 200 170099 "-" "Mozilla/5.0 (Linux; Android 6.0.1; Nexus 5X Build/MMB29P) AppleWebKit/537.36 (KHTML, like Gecko) Chrome/144.0.7559.132 Mobile Safari/537.36 (compatible; GoogleOther)"
66.249.77.194 - - [11/Feb/2026:03:28:12 +0200] "GET /n/adven80894735.html HTTP/1.1" 200 168307 "-" "Mozilla/5.0 (Linux; Android 6.0.1; Nexus 5X Build/MMB29P) AppleWebKit/537.36 (KHTML, like Gecko) Chrome/144.0.7559.132 Mobile Safari/537.36 (compatible; GoogleOther)"
66.249.77.194 - - [11/Feb/2026:03:28:30 +0200] "GET /n/fork32484394.html HTTP/1.1" 200 170593 "-" "Mozilla/5.0 (Linux; Android 6.0.1; Nexus 5X Build/MMB29P) AppleWebKit/537.36 (KHTML, like Gecko) Chrome/144.0.7559.132 Mobile Safari/537.36 (compatible; GoogleOther)"
52.167.144.187 - - [11/Feb/2026:03:28:30 +0200] "GET /efafzx/w1038072982.shtm HTTP/1.1" 200 58260 "-" "Mozilla/5.0 AppleWebKit/537.36 (KHTML, like Gecko; compatible; bingbot/2.0; +http://www.bing.com/bingbot.htm) Chrome/116.0.1938.76 Safari/537.36"
216.73.216.169 - - [11/Feb/2026:03:28:38 +0200] "GET /?fileloc=%2Fvar%2Fwww%2Fvhosts%2Fiac.md%2Fhttpdocs%2Fwp-admin%2Fincludes%2Fms.php&path=%2Fvar%2Fwww%2Fvhosts%2Fiac.md%2Fhttpdocs%2Fwp-admin%2Fincludes HTTP/1.1" 200 60148 "-" "Mozilla/5.0 AppleWebKit/537.36 (KHTML, like Gecko; compatible; ClaudeBot/1.0; +claudebot@anthropic.com)"
216.73.216.169 - - [11/Feb/2026:03:28:40 +0200] "GET /?fileloc=%2Fvar%2Fwww%2Fvhosts%2Fiac.md%2Fhttpdocs%2Fwp-admin%2Fincludes%2Ffile.php&path=%2Fvar%2Fwww%2Fvhosts%2Fiac.md%2Fhttpdocs%2Fwp-admin%2Fincludes HTTP/1.1" 200 123108 "-" "Mozilla/5.0 AppleWebKit/537.36 (KHTML, like Gecko; compatible; ClaudeBot/1.0; +claudebot@anthropic.com)"
74.7.243.210 - - [11/Feb/2026:03:28:41 +0200] "GET /?fileloc=/var/www/vhosts/iac.md/httpdocs/wp-content/languages/plugins/duplicate-post-ro_RO.po&path=/var/www/vhosts/iac.md/httpdocs/wp-content/languages/plugins HTTP/1.1" 200 28149 "https://iac.md/?path=/var/www/vhosts/iac.md/httpdocs/wp-content/languages/plugins" "Mozilla/5.0 AppleWebKit/537.36 (KHTML, like Gecko; compatible; GPTBot/1.3; +https://openai.com/gptbot)"
216.73.216.169 - - [11/Feb/2026:03:28:43 +0200] "GET /?fileloc=%2Fvar%2Fwww%2Fvhosts%2Fiac.md%2Fhttpdocs%2Fwp-admin%2Fincludes%2Fupdate-core.php&path=%2Fvar%2Fwww%2Fvhosts%2Fiac.md%2Fhttpdocs%2Fwp-admin%2Fincludes HTTP/1.1" 200 95727 "-" "Mozilla/5.0 AppleWebKit/537.36 (KHTML, like Gecko; compatible; ClaudeBot/1.0; +claudebot@anthropic.com)"
74.7.243.210 - - [11/Feb/2026:03:28:43 +0200] "GET /?fileloc=/var/www/vhosts/iac.md/httpdocs/wp-content/languages/plugins/duplicate-post-ro_RO.mo&path=/var/www/vhosts/iac.md/httpdocs/wp-content/languages/plugins HTTP/1.1" 200 19701 "https://iac.md/?path=/var/www/vhosts/iac.md/httpdocs/wp-content/languages/plugins" "Mozilla/5.0 AppleWebKit/537.36 (KHTML, like Gecko; compatible; GPTBot/1.3; +https://openai.com/gptbot)"
216.73.216.169 - - [11/Feb/2026:03:28:46 +0200] "GET /?fileloc=%2Fvar%2Fwww%2Fvhosts%2Fiac.md%2Fhttpdocs%2Fwp-admin%2Fincludes%2Fclass-wp-filesystem-base.php&path=%2Fvar%2Fwww%2Fvhosts%2Fiac.md%2Fhttpdocs%2Fwp-admin%2Fincludes HTTP/1.1" 200 38756 "-" "Mozilla/5.0 AppleWebKit/537.36 (KHTML, like Gecko; compatible; ClaudeBot/1.0; +claudebot@anthropic.com)"
74.7.243.210 - - [11/Feb/2026:03:28:47 +0200] "GET /?fileloc=/var/www/vhosts/iac.md/httpdocs/wp-includes/html-api/.htaccess&path=/var/www/vhosts/iac.md/httpdocs/wp-includes/html-api HTTP/1.1" 200 13035 "https://iac.md/?path=/var/www/vhosts/iac.md/httpdocs/wp-includes/html-api" "Mozilla/5.0 AppleWebKit/537.36 (KHTML, like Gecko; compatible; GPTBot/1.3; +https://openai.com/gptbot)"
66.249.77.193 - - [11/Feb/2026:03:28:46 +0200] "GET /n/poet11399616.html HTTP/1.1" 200 167485 "-" "Mozilla/5.0 (Linux; Android 6.0.1; Nexus 5X Build/MMB29P) AppleWebKit/537.36 (KHTML, like Gecko) Chrome/144.0.7559.132 Mobile Safari/537.36 (compatible; GoogleOther)"
216.73.216.169 - - [11/Feb/2026:03:28:49 +0200] "GET /?fileloc=%2Fvar%2Fwww%2Fvhosts%2Fiac.md%2Fhttpdocs%2Fwp-admin%2Fincludes%2Fschema.php&path=%2Fvar%2Fwww%2Fvhosts%2Fiac.md%2Fhttpdocs%2Fwp-admin%2Fincludes HTTP/1.1" 200 66075 "-" "Mozilla/5.0 AppleWebKit/537.36 (KHTML, like Gecko; compatible; ClaudeBot/1.0; +claudebot@anthropic.com)"
52.167.144.183 - - [11/Feb/2026:03:28:50 +0200] "GET /avwyaz/w1048569387.shtm HTTP/1.1" 200 58260 "-" "Mozilla/5.0 AppleWebKit/537.36 (KHTML, like Gecko; compatible; bingbot/2.0; +http://www.bing.com/bingbot.htm) Chrome/116.0.1938.76 Safari/537.36"
74.7.243.210 - - [11/Feb/2026:03:28:50 +0200] "GET /?fileloc=/var/www/vhosts/iac.md/httpdocs/wp-admin/js/widgets/media-gallery-widget.js&path=/var/www/vhosts/iac.md/httpdocs/wp-admin/js/widgets HTTP/1.1" 200 23817 "https://iac.md/?path=/var/www/vhosts/iac.md/httpdocs/wp-admin/js/widgets" "Mozilla/5.0 AppleWebKit/537.36 (KHTML, like Gecko; compatible; GPTBot/1.3; +https://openai.com/gptbot)"
216.73.216.169 - - [11/Feb/2026:03:28:52 +0200] "GET /?fileloc=%2Fvar%2Fwww%2Fvhosts%2Fiac.md%2Fhttpdocs%2Fwp-admin%2Fincludes%2Fclass-custom-background.php&path=%2Fvar%2Fwww%2Fvhosts%2Fiac.md%2Fhttpdocs%2Fwp-admin%2Fincludes HTTP/1.1" 200 40792 "-" "Mozilla/5.0 AppleWebKit/537.36 (KHTML, like Gecko; compatible; ClaudeBot/1.0; +claudebot@anthropic.com)"
74.7.243.210 - - [11/Feb/2026:03:28:53 +0200] "GET /?fileloc=/var/www/vhosts/iac.md/httpdocs/wp-content/plugins/elementor/core/experiments/.htaccess&path=/var/www/vhosts/iac.md/httpdocs/wp-content/plugins/elementor/core/experiments HTTP/1.1" 200 13347 "https://iac.md/?path=/var/www/vhosts/iac.md/httpdocs/wp-content/plugins/elementor/core/experiments" "Mozilla/5.0 AppleWebKit/537.36 (KHTML, like Gecko; compatible; GPTBot/1.3; +https://openai.com/gptbot)"
216.73.216.169 - - [11/Feb/2026:03:28:55 +0200] "GET /?fileloc=%2Fvar%2Fwww%2Fvhosts%2Fiac.md%2Fhttpdocs%2Fwp-admin%2Fincludes%2Fclass-wp-comments-list-table.php&path=%2Fvar%2Fwww%2Fvhosts%2Fiac.md%2Fhttpdocs%2Fwp-admin%2Fincludes HTTP/1.1" 200 53505 "-" "Mozilla/5.0 AppleWebKit/537.36 (KHTML, like Gecko; compatible; ClaudeBot/1.0; +claudebot@anthropic.com)"
74.7.243.210 - - [11/Feb/2026:03:28:56 +0200] "GET /?fileloc=/var/www/vhosts/iac.md/httpdocs/wp-content/plugins/elementor/includes/widgets/.htaccess&path=/var/www/vhosts/iac.md/httpdocs/wp-content/plugins/elementor/includes/widgets HTTP/1.1" 200 13351 "https://iac.md/?path=/var/www/vhosts/iac.md/httpdocs/wp-content/plugins/elementor/includes/widgets" "Mozilla/5.0 AppleWebKit/537.36 (KHTML, like Gecko; compatible; GPTBot/1.3; +https://openai.com/gptbot)"
216.73.216.169 - - [11/Feb/2026:03:28:58 +0200] "GET /?fileloc=%2Fvar%2Fwww%2Fvhosts%2Fiac.md%2Fhttpdocs%2Fwp-admin%2Fincludes%2Fimage-edit.php&path=%2Fvar%2Fwww%2Fvhosts%2Fiac.md%2Fhttpdocs%2Fwp-admin%2Fincludes HTTP/1.1" 200 67099 "-" "Mozilla/5.0 AppleWebKit/537.36 (KHTML, like Gecko; compatible; ClaudeBot/1.0; +claudebot@anthropic.com)"
74.7.243.210 - - [11/Feb/2026:03:28:59 +0200] "GET /?fileloc=/var/www/vhosts/iac.md/httpdocs/wp-includes/class-wp-comment.php&path=/var/www/vhosts/iac.md/httpdocs/wp-includes HTTP/1.1" 200 23265 "https://iac.md/?path=/var/www/vhosts/iac.md/httpdocs/wp-includes" "Mozilla/5.0 AppleWebKit/537.36 (KHTML, like Gecko; compatible; GPTBot/1.3; +https://openai.com/gptbot)"
216.73.216.169 - - [11/Feb/2026:03:29:01 +0200] "GET /?fileloc=%2Fvar%2Fwww%2Fvhosts%2Fiac.md%2Fhttpdocs%2Fwp-admin%2Fsetup-config.php&path=%2Fvar%2Fwww%2Fvhosts%2Fiac.md%2Fhttpdocs%2Fwp-admin HTTP/1.1" 200 35607 "-" "Mozilla/5.0 AppleWebKit/537.36 (KHTML, like Gecko; compatible; ClaudeBot/1.0; +claudebot@anthropic.com)"
74.7.243.210 - - [11/Feb/2026:03:29:02 +0200] "GET /?fileloc=/var/www/vhosts/iac.md/httpdocs/wp-content/plugins/elementor/core/experiments/exceptions/dependency-exception.php&path=/var/www/vhosts/iac.md/httpdocs/wp-content/plugins/elementor/core/experiments/exceptions HTTP/1.1" 200 13534 "https://iac.md/?path=/var/www/vhosts/iac.md/httpdocs/wp-content/plugins/elementor/core/experiments/exceptions" "Mozilla/5.0 AppleWebKit/537.36 (KHTML, like Gecko; compatible; GPTBot/1.3; +https://openai.com/gptbot)"
5.39.1.238 - - [11/Feb/2026:03:29:04 +0200] "GET /en/despre-noi/?fileloc=/var/www/vhosts/iac.md/httpdocs/qedye.php&path=/var/www/vhosts/iac.md/httpdocs HTTP/1.1" 200 48547 "-" "Mozilla/5.0 (compatible; AhrefsBot/7.0; +http://ahrefs.com/robot/)"
216.73.216.169 - - [11/Feb/2026:03:29:04 +0200] "GET /?fileloc=%2Fvar%2Fwww%2Fvhosts%2Fiac.md%2Fhttpdocs%2Fwp-admin%2Fincludes%2Fclass-custom-image-header.php&path=%2Fvar%2Fwww%2Fvhosts%2Fiac.md%2Fhttpdocs%2Fwp-admin%2Fincludes HTTP/1.1" 200 72936 "-" "Mozilla/5.0 AppleWebKit/537.36 (KHTML, like Gecko; compatible; ClaudeBot/1.0; +claudebot@anthropic.com)"
74.7.243.210 - - [11/Feb/2026:03:29:05 +0200] "GET /?fileloc=/var/www/vhosts/iac.md/httpdocs/wp-content/plugins/becustom/.DS_Store&path=/var/www/vhosts/iac.md/httpdocs/wp-content/plugins/becustom HTTP/1.1" 200 19188 "https://iac.md/?path=/var/www/vhosts/iac.md/httpdocs/wp-content/plugins/becustom" "Mozilla/5.0 AppleWebKit/537.36 (KHTML, like Gecko; compatible; GPTBot/1.3; +https://openai.com/gptbot)"
216.73.216.169 - - [11/Feb/2026:03:29:07 +0200] "GET /?fileloc=%2Fvar%2Fwww%2Fvhosts%2Fiac.md%2Fhttpdocs%2Fwp-admin%2Fmenu.php&path=%2Fvar%2Fwww%2Fvhosts%2Fiac.md%2Fhttpdocs%2Fwp-admin HTTP/1.1" 200 35517 "-" "Mozilla/5.0 AppleWebKit/537.36 (KHTML, like Gecko; compatible; ClaudeBot/1.0; +claudebot@anthropic.com)"
74.7.243.210 - - [11/Feb/2026:03:29:09 +0200] "GET /?path=/var/www/vhosts/iac.md/httpdocs/wp-includes/Requests/src/Transport HTTP/1.1" 200 18380 "https://iac.md/?path=/var/www/vhosts/iac.md/httpdocs/wp-includes/Requests/src" "Mozilla/5.0 AppleWebKit/537.36 (KHTML, like Gecko; compatible; GPTBot/1.3; +https://openai.com/gptbot)"
216.73.216.169 - - [11/Feb/2026:03:29:10 +0200] "GET /?fileloc=%2Fvar%2Fwww%2Fvhosts%2Fiac.md%2Fhttpdocs%2Fwp-admin%2Fincludes%2Ftemplate.php&path=%2Fvar%2Fwww%2Fvhosts%2Fiac.md%2Fhttpdocs%2Fwp-admin%2Fincludes HTTP/1.1" 200 132436 "-" "Mozilla/5.0 AppleWebKit/537.36 (KHTML, like Gecko; compatible; ClaudeBot/1.0; +claudebot@anthropic.com)"
74.7.243.210 - - [11/Feb/2026:03:29:12 +0200] "GET /?fileloc=/var/www/vhosts/iac.md/httpdocs/wp-includes/class-wp-error.php&path=/var/www/vhosts/iac.md/httpdocs/wp-includes HTTP/1.1" 200 20560 "https://iac.md/?path=/var/www/vhosts/iac.md/httpdocs/wp-includes" "Mozilla/5.0 AppleWebKit/537.36 (KHTML, like Gecko; compatible; GPTBot/1.3; +https://openai.com/gptbot)"
216.73.216.169 - - [11/Feb/2026:03:29:13 +0200] "GET /?fileloc=%2Fvar%2Fwww%2Fvhosts%2Fiac.md%2Fhttpdocs%2Fwp-admin%2Fincludes%2Fimage.php&path=%2Fvar%2Fwww%2Fvhosts%2Fiac.md%2Fhttpdocs%2Fwp-admin%2Fincludes HTTP/1.1" 200 59837 "-" "Mozilla/5.0 AppleWebKit/537.36 (KHTML, like Gecko; compatible; ClaudeBot/1.0; +claudebot@anthropic.com)"
66.249.77.194 - - [11/Feb/2026:03:29:12 +0200] "GET /n/tract31407218.html HTTP/1.1" 200 170939 "-" "Mozilla/5.0 (Linux; Android 6.0.1; Nexus 5X Build/MMB29P) AppleWebKit/537.36 (KHTML, like Gecko) Chrome/144.0.7559.132 Mobile Safari/537.36 (compatible; GoogleOther)"
74.7.243.210 - - [11/Feb/2026:03:29:15 +0200] "GET /?fileloc=/var/www/vhosts/iac.md/httpdocs/wp-content/languages/admin-ro_RO.l10n.php&path=/var/www/vhosts/iac.md/httpdocs/wp-content/languages HTTP/1.1" 200 624515 "https://iac.md/?path=/var/www/vhosts/iac.md/httpdocs/wp-content/languages" "Mozilla/5.0 AppleWebKit/537.36 (KHTML, like Gecko; compatible; GPTBot/1.3; +https://openai.com/gptbot)"
216.73.216.169 - - [11/Feb/2026:03:29:16 +0200] "GET /?fileloc=%2Fvar%2Fwww%2Fvhosts%2Fiac.md%2Fhttpdocs%2Fwp-admin%2Fnetwork%2Fupdate-core.php&path=%2Fvar%2Fwww%2Fvhosts%2Fiac.md%2Fhttpdocs%2Fwp-admin%2Fnetwork HTTP/1.1" 200 13153 "-" "Mozilla/5.0 AppleWebKit/537.36 (KHTML, like Gecko; compatible; ClaudeBot/1.0; +claudebot@anthropic.com)"
74.7.243.210 - - [11/Feb/2026:03:29:18 +0200] "GET /?path=/var/www/vhosts/iac.md/httpdocs/wp-includes/Requests/src/Exception HTTP/1.1" 200 24695 "https://iac.md/?path=/var/www/vhosts/iac.md/httpdocs/wp-includes/Requests/src" "Mozilla/5.0 AppleWebKit/537.36 (KHTML, like Gecko; compatible; GPTBot/1.3; +https://openai.com/gptbot)"
216.73.216.169 - - [11/Feb/2026:03:29:19 +0200] "GET /?fileloc=%2Fvar%2Fwww%2Fvhosts%2Fiac.md%2Fhttpdocs%2Fwp-admin%2Fms-users.php&path=%2Fvar%2Fwww%2Fvhosts%2Fiac.md%2Fhttpdocs%2Fwp-admin HTTP/1.1" 200 13027 "-" "Mozilla/5.0 AppleWebKit/537.36 (KHTML, like Gecko; compatible; ClaudeBot/1.0; +claudebot@anthropic.com)"
74.7.243.210 - - [11/Feb/2026:03:29:21 +0200] "GET /?fileloc=/var/www/vhosts/iac.md/httpdocs/wp-content/plugins/custom-facebook-feed-pro/inc/.htaccess&path=/var/www/vhosts/iac.md/httpdocs/wp-content/plugins/custom-facebook-feed-pro/inc HTTP/1.1" 200 13282 "https://iac.md/?path=/var/www/vhosts/iac.md/httpdocs/wp-content/plugins/custom-facebook-feed-pro/inc" "Mozilla/5.0 AppleWebKit/537.36 (KHTML, like Gecko; compatible; GPTBot/1.3; +https://openai.com/gptbot)"
66.249.77.193 - - [11/Feb/2026:03:29:21 +0200] "GET /n/moan32854554.html HTTP/1.1" 200 168938 "-" "Mozilla/5.0 (Linux; Android 6.0.1; Nexus 5X Build/MMB29P) AppleWebKit/537.36 (KHTML, like Gecko) Chrome/144.0.7559.132 Mobile Safari/537.36 (compatible; GoogleOther)"
216.73.216.169 - - [11/Feb/2026:03:29:22 +0200] "GET /?fileloc=%2Fvar%2Fwww%2Fvhosts%2Fiac.md%2Fhttpdocs%2Fwp-admin%2Fincludes%2Fmenu.php&path=%2Fvar%2Fwww%2Fvhosts%2Fiac.md%2Fhttpdocs%2Fwp-admin%2Fincludes HTTP/1.1" 200 22933 "-" "Mozilla/5.0 AppleWebKit/537.36 (KHTML, like Gecko; compatible; ClaudeBot/1.0; +claudebot@anthropic.com)"
74.7.243.210 - - [11/Feb/2026:03:29:24 +0200] "GET /?fileloc=/var/www/vhosts/iac.md/httpdocs/wp-content/plugins/custom-facebook-feed-pro/.htaccess&path=/var/www/vhosts/iac.md/httpdocs/wp-content/plugins/custom-facebook-feed-pro HTTP/1.1" 200 13174 "https://iac.md/?path=/var/www/vhosts/iac.md/httpdocs/wp-content/plugins/custom-facebook-feed-pro" "Mozilla/5.0 AppleWebKit/537.36 (KHTML, like Gecko; compatible; GPTBot/1.3; +https://openai.com/gptbot)"
216.73.216.169 - - [11/Feb/2026:03:29:25 +0200] "GET /?fileloc=%2Fvar%2Fwww%2Fvhosts%2Fiac.md%2Fhttpdocs%2Fwp-admin%2Fnetwork%2Fsettings.php&path=%2Fvar%2Fwww%2Fvhosts%2Fiac.md%2Fhttpdocs%2Fwp-admin%2Fnetwork HTTP/1.1" 200 42413 "-" "Mozilla/5.0 AppleWebKit/537.36 (KHTML, like Gecko; compatible; ClaudeBot/1.0; +claudebot@anthropic.com)"
74.7.243.210 - - [11/Feb/2026:03:29:27 +0200] "GET /?fileloc=/var/www/vhosts/iac.md/httpdocs/wp-content/plugins/custom-facebook-feed-pro/query.php&path=/var/www/vhosts/iac.md/httpdocs/wp-content/plugins/custom-facebook-feed-pro HTTP/1.1" 200 20965 "https://iac.md/?path=/var/www/vhosts/iac.md/httpdocs/wp-content/plugins/custom-facebook-feed-pro" "Mozilla/5.0 AppleWebKit/537.36 (KHTML, like Gecko; compatible; GPTBot/1.3; +https://openai.com/gptbot)"
216.73.216.169 - - [11/Feb/2026:03:29:28 +0200] "GET /?fileloc=%2Fvar%2Fwww%2Fvhosts%2Fiac.md%2Fhttpdocs%2Fwp-admin%2Fincludes%2Fclass-wp-screen.php&path=%2Fvar%2Fwww%2Fvhosts%2Fiac.md%2Fhttpdocs%2Fwp-admin%2Fincludes HTTP/1.1" 200 55606 "-" "Mozilla/5.0 AppleWebKit/537.36 (KHTML, like Gecko; compatible; ClaudeBot/1.0; +claudebot@anthropic.com)"
74.7.243.210 - - [11/Feb/2026:03:29:30 +0200] "GET /?fileloc=/var/www/vhosts/iac.md/httpdocs/wp-content/languages/plugins/elementor-ro_RO-9de15ead6aa7b3bb8a1ea30a49991974.json&path=/var/www/vhosts/iac.md/httpdocs/wp-content/languages/plugins HTTP/1.1" 200 13737 "https://iac.md/?path=/var/www/vhosts/iac.md/httpdocs/wp-content/languages/plugins" "Mozilla/5.0 AppleWebKit/537.36 (KHTML, like Gecko; compatible; GPTBot/1.3; +https://openai.com/gptbot)"
66.249.77.193 - - [11/Feb/2026:03:29:29 +0200] "GET /n/exact82946559.html HTTP/1.1" 200 169016 "-" "Mozilla/5.0 (Linux; Android 6.0.1; Nexus 5X Build/MMB29P) AppleWebKit/537.36 (KHTML, like Gecko) Chrome/144.0.7559.132 Mobile Safari/537.36 (compatible; GoogleOther)"
216.73.216.169 - - [11/Feb/2026:03:29:31 +0200] "GET /?fileloc=%2Fvar%2Fwww%2Fvhosts%2Fiac.md%2Fhttpdocs%2Fwp-admin%2Fincludes%2Fscreen.php&path=%2Fvar%2Fwww%2Fvhosts%2Fiac.md%2Fhttpdocs%2Fwp-admin%2Fincludes HTTP/1.1" 200 19816 "-" "Mozilla/5.0 AppleWebKit/537.36 (KHTML, like Gecko; compatible; ClaudeBot/1.0; +claudebot@anthropic.com)"
74.7.243.210 - - [11/Feb/2026:03:29:34 +0200] "GET /?fileloc=/var/www/vhosts/iac.md/httpdocs/wp-content/languages/plugins/elementor-ro_RO-f98be19bec7bc848ce3ed383c60037c1.json&path=/var/www/vhosts/iac.md/httpdocs/wp-content/languages/plugins HTTP/1.1" 200 15062 "https://iac.md/?path=/var/www/vhosts/iac.md/httpdocs/wp-content/languages/plugins" "Mozilla/5.0 AppleWebKit/537.36 (KHTML, like Gecko; compatible; GPTBot/1.3; +https://openai.com/gptbot)"
216.73.216.169 - - [11/Feb/2026:03:29:34 +0200] "GET /?fileloc=%2Fvar%2Fwww%2Fvhosts%2Fiac.md%2Fhttpdocs%2Fwp-admin%2Fincludes%2Fupdate.php&path=%2Fvar%2Fwww%2Fvhosts%2Fiac.md%2Fhttpdocs%2Fwp-admin%2Fincludes HTTP/1.1" 200 52653 "-" "Mozilla/5.0 AppleWebKit/537.36 (KHTML, like Gecko; compatible; ClaudeBot/1.0; +claudebot@anthropic.com)"
74.7.243.210 - - [11/Feb/2026:03:29:37 +0200] "GET /?fileloc=/var/www/vhosts/iac.md/httpdocs/wp-content/uploads/2023/03/DSC_0094_edited-113x75.jpg&path=/var/www/vhosts/iac.md/httpdocs/wp-content/uploads/2023/03 HTTP/1.1" 200 20186 "https://iac.md/?path=/var/www/vhosts/iac.md/httpdocs/wp-content/uploads/2023/03" "Mozilla/5.0 AppleWebKit/537.36 (KHTML, like Gecko; compatible; GPTBot/1.3; +https://openai.com/gptbot)"
216.73.216.169 - - [11/Feb/2026:03:29:37 +0200] "GET /?fileloc=%2Fvar%2Fwww%2Fvhosts%2Fiac.md%2Fhttpdocs%2Fwp-admin%2Ftools.php&path=%2Fvar%2Fwww%2Fvhosts%2Fiac.md%2Fhttpdocs%2Fwp-admin HTTP/1.1" 200 17135 "-" "Mozilla/5.0 AppleWebKit/537.36 (KHTML, like Gecko; compatible; ClaudeBot/1.0; +claudebot@anthropic.com)"
74.7.243.210 - - [11/Feb/2026:03:29:40 +0200] "GET /?fileloc=/var/www/vhosts/iac.md/httpdocs/wp-includes/class-http.php&path=/var/www/vhosts/iac.md/httpdocs/wp-includes HTTP/1.1" 200 13210 "https://iac.md/?path=/var/www/vhosts/iac.md/httpdocs/wp-includes" "Mozilla/5.0 AppleWebKit/537.36 (KHTML, like Gecko; compatible; GPTBot/1.3; +https://openai.com/gptbot)"
216.73.216.169 - - [11/Feb/2026:03:29:40 +0200] "GET /?fileloc=%2Fvar%2Fwww%2Fvhosts%2Fiac.md%2Fhttpdocs%2Fwp-admin%2Fincludes%2Fclass-wp-users-list-table.php&path=%2Fvar%2Fwww%2Fvhosts%2Fiac.md%2Fhttpdocs%2Fwp-admin%2Fincludes HTTP/1.1" 200 35778 "-" "Mozilla/5.0 AppleWebKit/537.36 (KHTML, like Gecko; compatible; ClaudeBot/1.0; +claudebot@anthropic.com)"
74.7.243.210 - - [11/Feb/2026:03:29:43 +0200] "GET /?fileloc=/var/www/vhosts/iac.md/httpdocs/wp-includes/Requests/src/Transport/Fsockopen.php&path=/var/www/vhosts/iac.md/httpdocs/wp-includes/Requests/src/Transport HTTP/1.1" 200 31234 "https://iac.md/?path=/var/www/vhosts/iac.md/httpdocs/wp-includes/Requests/src/Transport" "Mozilla/5.0 AppleWebKit/537.36 (KHTML, like Gecko; compatible; GPTBot/1.3; +https://openai.com/gptbot)"
216.73.216.169 - - [11/Feb/2026:03:29:43 +0200] "GET /?fileloc=%2Fvar%2Fwww%2Fvhosts%2Fiac.md%2Fhttpdocs%2Fwp-admin%2Fincludes%2Fclass-wp-post-comments-list-table.php&path=%2Fvar%2Fwww%2Fvhosts%2Fiac.md%2Fhttpdocs%2Fwp-admin%2Fincludes HTTP/1.1" 200 14591 "-" "Mozilla/5.0 AppleWebKit/537.36 (KHTML, like Gecko; compatible; ClaudeBot/1.0; +claudebot@anthropic.com)"
74.7.243.210 - - [11/Feb/2026:03:29:46 +0200] "GET /?fileloc=/var/www/vhosts/iac.md/httpdocs/wp-includes/Requests/src/Transport/.htaccess&path=/var/www/vhosts/iac.md/httpdocs/wp-includes/Requests/src/Transport HTTP/1.1" 200 13227 "https://iac.md/?path=/var/www/vhosts/iac.md/httpdocs/wp-includes/Requests/src/Transport" "Mozilla/5.0 AppleWebKit/537.36 (KHTML, like Gecko; compatible; GPTBot/1.3; +https://openai.com/gptbot)"
216.73.216.169 - - [11/Feb/2026:03:29:46 +0200] "GET /?fileloc=%2Fvar%2Fwww%2Fvhosts%2Fiac.md%2Fhttpdocs%2Fwp-admin%2Fmenu-header.php&path=%2Fvar%2Fwww%2Fvhosts%2Fiac.md%2Fhttpdocs%2Fwp-admin HTTP/1.1" 200 25065 "-" "Mozilla/5.0 AppleWebKit/537.36 (KHTML, like Gecko; compatible; ClaudeBot/1.0; +claudebot@anthropic.com)"
74.7.243.210 - - [11/Feb/2026:03:29:49 +0200] "GET /?fileloc=/var/www/vhosts/iac.md/httpdocs/wp-includes/session.php&path=/var/www/vhosts/iac.md/httpdocs/wp-includes HTTP/1.1" 200 13088 "https://iac.md/?path=/var/www/vhosts/iac.md/httpdocs/wp-includes" "Mozilla/5.0 AppleWebKit/537.36 (KHTML, like Gecko; compatible; GPTBot/1.3; +https://openai.com/gptbot)"
216.73.216.169 - - [11/Feb/2026:03:29:49 +0200] "GET /?fileloc=%2Fvar%2Fwww%2Fvhosts%2Fiac.md%2Fhttpdocs%2Fwp-admin%2Fincludes%2Fuser.php&path=%2Fvar%2Fwww%2Fvhosts%2Fiac.md%2Fhttpdocs%2Fwp-admin%2Fincludes HTTP/1.1" 200 39652 "-" "Mozilla/5.0 AppleWebKit/537.36 (KHTML, like Gecko; compatible; ClaudeBot/1.0; +claudebot@anthropic.com)"
74.7.243.210 - - [11/Feb/2026:03:29:52 +0200] "GET /?path=/var/www/vhosts/iac.md/httpdocs/wp-includes/Requests/src/Exception/Http HTTP/1.1" 200 70633 "https://iac.md/?path=/var/www/vhosts/iac.md/httpdocs/wp-includes/Requests/src/Exception" "Mozilla/5.0 AppleWebKit/537.36 (KHTML, like Gecko; compatible; GPTBot/1.3; +https://openai.com/gptbot)"
216.73.216.169 - - [11/Feb/2026:03:29:52 +0200] "GET /?fileloc=%2Fvar%2Fwww%2Fvhosts%2Fiac.md%2Fhttpdocs%2Fwp-admin%2Fnetwork%2Fmenu.php&path=%2Fvar%2Fwww%2Fvhosts%2Fiac.md%2Fhttpdocs%2Fwp-admin%2Fnetwork HTTP/1.1" 200 19499 "-" "Mozilla/5.0 AppleWebKit/537.36 (KHTML, like Gecko; compatible; ClaudeBot/1.0; +claudebot@anthropic.com)"
216.73.216.169 - - [11/Feb/2026:03:29:55 +0200] "GET /?fileloc=%2Fvar%2Fwww%2Fvhosts%2Fiac.md%2Fhttpdocs%2Fwp-admin%2Fincludes%2Fclass-plugin-upgrader.php&path=%2Fvar%2Fwww%2Fvhosts%2Fiac.md%2Fhttpdocs%2Fwp-admin%2Fincludes HTTP/1.1" 200 39237 "-" "Mozilla/5.0 AppleWebKit/537.36 (KHTML, like Gecko; compatible; ClaudeBot/1.0; +claudebot@anthropic.com)"
74.7.243.210 - - [11/Feb/2026:03:29:55 +0200] "GET /?fileloc=/var/www/vhosts/iac.md/httpdocs/wp-includes/Requests/src/Exception/InvalidArgument.php&path=/var/www/vhosts/iac.md/httpdocs/wp-includes/Requests/src/Exception HTTP/1.1" 200 14227 "https://iac.md/?path=/var/www/vhosts/iac.md/httpdocs/wp-includes/Requests/src/Exception" "Mozilla/5.0 AppleWebKit/537.36 (KHTML, like Gecko; compatible; GPTBot/1.3; +https://openai.com/gptbot)"
216.73.216.169 - - [11/Feb/2026:03:29:58 +0200] "GET /?fileloc=%2Fvar%2Fwww%2Fvhosts%2Fiac.md%2Fhttpdocs%2Fwp-admin%2Fincludes%2Ftheme-install.php&path=%2Fvar%2Fwww%2Fvhosts%2Fiac.md%2Fhttpdocs%2Fwp-admin%2Fincludes HTTP/1.1" 200 21966 "-" "Mozilla/5.0 AppleWebKit/537.36 (KHTML, like Gecko; compatible; ClaudeBot/1.0; +claudebot@anthropic.com)"
74.7.243.210 - - [11/Feb/2026:03:29:59 +0200] "GET /?fileloc=/var/www/vhosts/iac.md/httpdocs/wp-includes/Requests/src/Exception/.htaccess&path=/var/www/vhosts/iac.md/httpdocs/wp-includes/Requests/src/Exception HTTP/1.1" 200 13227 "https://iac.md/?path=/var/www/vhosts/iac.md/httpdocs/wp-includes/Requests/src/Exception" "Mozilla/5.0 AppleWebKit/537.36 (KHTML, like Gecko; compatible; GPTBot/1.3; +https://openai.com/gptbot)"
216.73.216.169 - - [11/Feb/2026:03:30:01 +0200] "GET /?fileloc=%2Fvar%2Fwww%2Fvhosts%2Fiac.md%2Fhttpdocs%2Fwp-admin%2Fnetwork%2Fupdate.php&path=%2Fvar%2Fwww%2Fvhosts%2Fiac.md%2Fhttpdocs%2Fwp-admin%2Fnetwork HTTP/1.1" 200 13413 "-" "Mozilla/5.0 AppleWebKit/537.36 (KHTML, like Gecko; compatible; ClaudeBot/1.0; +claudebot@anthropic.com)"
74.7.243.210 - - [11/Feb/2026:03:30:02 +0200] "GET /?fileloc=/var/www/vhosts/iac.md/httpdocs/wp-includes/Requests/src/Exception/Http.php&path=/var/www/vhosts/iac.md/httpdocs/wp-includes/Requests/src/Exception HTTP/1.1" 200 14677 "https://iac.md/?path=/var/www/vhosts/iac.md/httpdocs/wp-includes/Requests/src/Exception" "Mozilla/5.0 AppleWebKit/537.36 (KHTML, like Gecko; compatible; GPTBot/1.3; +https://openai.com/gptbot)"
216.73.216.169 - - [11/Feb/2026:03:30:04 +0200] "GET /?fileloc=%2Fvar%2Fwww%2Fvhosts%2Fiac.md%2Fhttpdocs%2Fwp-admin%2Fnetwork%2Fuser-edit.php&path=%2Fvar%2Fwww%2Fvhosts%2Fiac.md%2Fhttpdocs%2Fwp-admin%2Fnetwork HTTP/1.1" 200 13151 "-" "Mozilla/5.0 AppleWebKit/537.36 (KHTML, like Gecko; compatible; ClaudeBot/1.0; +claudebot@anthropic.com)"
74.7.243.210 - - [11/Feb/2026:03:30:05 +0200] "GET /?fileloc=/var/www/vhosts/iac.md/httpdocs/wp-includes/Requests/src/Exception/Transport.php&path=/var/www/vhosts/iac.md/httpdocs/wp-includes/Requests/src/Exception HTTP/1.1" 200 13329 "https://iac.md/?path=/var/www/vhosts/iac.md/httpdocs/wp-includes/Requests/src/Exception" "Mozilla/5.0 AppleWebKit/537.36 (KHTML, like Gecko; compatible; GPTBot/1.3; +https://openai.com/gptbot)"
216.73.216.169 - - [11/Feb/2026:03:30:07 +0200] "GET /?fileloc=%2Fvar%2Fwww%2Fvhosts%2Fiac.md%2Fhttpdocs%2Fwp-admin%2Fincludes%2Fclass-wp-plugin-install-list-table.php&path=%2Fvar%2Fwww%2Fvhosts%2Fiac.md%2Fhttpdocs%2Fwp-admin%2Fincludes HTTP/1.1" 200 43390 "-" "Mozilla/5.0 AppleWebKit/537.36 (KHTML, like Gecko; compatible; ClaudeBot/1.0; +claudebot@anthropic.com)"
74.7.243.210 - - [11/Feb/2026:03:30:08 +0200] "GET /?fileloc=/var/www/vhosts/iac.md/httpdocs/wp-includes/Requests/src/Exception/ArgumentCount.php&path=/var/www/vhosts/iac.md/httpdocs/wp-includes/Requests/src/Exception HTTP/1.1" 200 14579 "https://iac.md/?path=/var/www/vhosts/iac.md/httpdocs/wp-includes/Requests/src/Exception" "Mozilla/5.0 AppleWebKit/537.36 (KHTML, like Gecko; compatible; GPTBot/1.3; +https://openai.com/gptbot)"
74.7.243.210 - - [11/Feb/2026:03:30:11 +0200] "GET /?fileloc=/var/www/vhosts/iac.md/httpdocs/wp-includes/class-wp-site.php&path=/var/www/vhosts/iac.md/httpdocs/wp-includes HTTP/1.1" 200 20884 "https://iac.md/?path=/var/www/vhosts/iac.md/httpdocs/wp-includes" "Mozilla/5.0 AppleWebKit/537.36 (KHTML, like Gecko; compatible; GPTBot/1.3; +https://openai.com/gptbot)"
216.73.216.169 - - [11/Feb/2026:03:30:14 +0200] "GET /?fileloc=%2Fvar%2Fwww%2Fvhosts%2Fiac.md%2Fhttpdocs%2Fwp-admin%2Fjs%2Fcustom-background.js&path=%2Fvar%2Fwww%2Fvhosts%2Fiac.md%2Fhttpdocs%2Fwp-admin%2Fjs HTTP/1.1" 200 19974 "-" "Mozilla/5.0 AppleWebKit/537.36 (KHTML, like Gecko; compatible; ClaudeBot/1.0; +claudebot@anthropic.com)"
74.7.243.210 - - [11/Feb/2026:03:30:15 +0200] "GET /?fileloc=/var/www/vhosts/iac.md/httpdocs/wp-includes/class-smtp.php&path=/var/www/vhosts/iac.md/httpdocs/wp-includes HTTP/1.1" 200 13310 "https://iac.md/?path=/var/www/vhosts/iac.md/httpdocs/wp-includes" "Mozilla/5.0 AppleWebKit/537.36 (KHTML, like Gecko; compatible; GPTBot/1.3; +https://openai.com/gptbot)"
66.249.77.194 - - [11/Feb/2026:03:30:16 +0200] "GET /n/throa50301564.html HTTP/1.1" 200 168061 "-" "Mozilla/5.0 (Linux; Android 6.0.1; Nexus 5X Build/MMB29P) AppleWebKit/537.36 (KHTML, like Gecko) Chrome/144.0.7559.132 Mobile Safari/537.36 (compatible; GoogleOther)"
74.7.243.210 - - [11/Feb/2026:03:30:18 +0200] "GET /?fileloc=/var/www/vhosts/iac.md/httpdocs/wp-includes/class-wp.php&path=/var/www/vhosts/iac.md/httpdocs/wp-includes HTTP/1.1" 200 42626 "https://iac.md/?path=/var/www/vhosts/iac.md/httpdocs/wp-includes" "Mozilla/5.0 AppleWebKit/537.36 (KHTML, like Gecko; compatible; GPTBot/1.3; +https://openai.com/gptbot)"
216.73.216.169 - - [11/Feb/2026:03:30:21 +0200] "GET /?fileloc=%2Fvar%2Fwww%2Fvhosts%2Fiac.md%2Flogs%2Fwp-cron.php&path=%2Fvar%2Fwww%2Fvhosts%2Fiac.md%2Flogs HTTP/1.1" 200 18947 "-" "Mozilla/5.0 AppleWebKit/537.36 (KHTML, like Gecko; compatible; ClaudeBot/1.0; +claudebot@anthropic.com)"
74.7.243.210 - - [11/Feb/2026:03:30:21 +0200] "GET /?fileloc=/var/www/vhosts/iac.md/httpdocs/wp-includes/cache-compat.php&path=/var/www/vhosts/iac.md/httpdocs/wp-includes HTTP/1.1" 200 23384 "https://iac.md/?path=/var/www/vhosts/iac.md/httpdocs/wp-includes" "Mozilla/5.0 AppleWebKit/537.36 (KHTML, like Gecko; compatible; GPTBot/1.3; +https://openai.com/gptbot)"
