89.149.88.248 - - [10/Feb/2026:11:37:10 +0200] "GET /wp-content/themes/betheme/js/plugins/visible.min.js?ver=26.6.7 HTTP/1.1" 200 971 "https://iac.md/" "Mozilla/5.0 (Windows NT 10.0; Win64; x64) AppleWebKit/537.36 (KHTML, like Gecko) Chrome/144.0.0.0 Safari/537.36"
89.149.88.248 - - [10/Feb/2026:11:37:10 +0200] "GET /wp-content/themes/betheme/assets/animations/animations.min.js?ver=26.6.7 HTTP/1.1" 200 2195 "https://iac.md/" "Mozilla/5.0 (Windows NT 10.0; Win64; x64) AppleWebKit/537.36 (KHTML, like Gecko) Chrome/144.0.0.0 Safari/537.36"
89.149.88.248 - - [10/Feb/2026:11:37:10 +0200] "GET /wp-content/themes/betheme/assets/jplayer/jplayer.min.js?ver=26.6.7 HTTP/1.1" 200 53030 "https://iac.md/" "Mozilla/5.0 (Windows NT 10.0; Win64; x64) AppleWebKit/537.36 (KHTML, like Gecko) Chrome/144.0.0.0 Safari/537.36"
89.149.88.248 - - [10/Feb/2026:11:37:11 +0200] "GET /wp-content/uploads/2023/03/slider-bg.png HTTP/1.1" 200 94484 "https://iac.md/" "Mozilla/5.0 (Windows NT 10.0; Win64; x64) AppleWebKit/537.36 (KHTML, like Gecko) Chrome/144.0.0.0 Safari/537.36"
89.149.88.248 - - [10/Feb/2026:11:37:11 +0200] "GET /wp-content/themes/betheme/js/plugins/enllax.min.js?ver=26.6.7 HTTP/1.1" 200 1904 "https://iac.md/" "Mozilla/5.0 (Windows NT 10.0; Win64; x64) AppleWebKit/537.36 (KHTML, like Gecko) Chrome/144.0.0.0 Safari/537.36"
89.149.88.248 - - [10/Feb/2026:11:37:11 +0200] "GET /wp-content/themes/betheme/js/plugins/slick.min.js?ver=26.6.7 HTTP/1.1" 200 43756 "https://iac.md/" "Mozilla/5.0 (Windows NT 10.0; Win64; x64) AppleWebKit/537.36 (KHTML, like Gecko) Chrome/144.0.0.0 Safari/537.36"
89.149.88.248 - - [10/Feb/2026:11:37:11 +0200] "GET /wp-content/themes/betheme/js/scripts.js?ver=26.6.7 HTTP/1.1" 200 117623 "https://iac.md/" "Mozilla/5.0 (Windows NT 10.0; Win64; x64) AppleWebKit/537.36 (KHTML, like Gecko) Chrome/144.0.0.0 Safari/537.36"
89.149.88.248 - - [10/Feb/2026:11:37:11 +0200] "GET /wp-content/themes/betheme/js/parallax/translate3d.js?ver=26.6.7 HTTP/1.1" 200 4327 "https://iac.md/" "Mozilla/5.0 (Windows NT 10.0; Win64; x64) AppleWebKit/537.36 (KHTML, like Gecko) Chrome/144.0.0.0 Safari/537.36"
89.149.88.248 - - [10/Feb/2026:11:37:11 +0200] "GET /wp-content/plugins/custom-facebook-feed-pro/assets/js/elementor-preview.js?ver=4.2.1 HTTP/1.1" 200 723 "https://iac.md/" "Mozilla/5.0 (Windows NT 10.0; Win64; x64) AppleWebKit/537.36 (KHTML, like Gecko) Chrome/144.0.0.0 Safari/537.36"
89.149.88.248 - - [10/Feb/2026:11:37:11 +0200] "GET /wp-content/plugins/elementor/assets/js/webpack.runtime.min.js?ver=3.10.1 HTTP/1.1" 200 5379 "https://iac.md/" "Mozilla/5.0 (Windows NT 10.0; Win64; x64) AppleWebKit/537.36 (KHTML, like Gecko) Chrome/144.0.0.0 Safari/537.36"
89.149.88.248 - - [10/Feb/2026:11:37:11 +0200] "GET /wp-content/plugins/elementor/assets/js/frontend.min.js?ver=3.10.1 HTTP/1.1" 200 41266 "https://iac.md/" "Mozilla/5.0 (Windows NT 10.0; Win64; x64) AppleWebKit/537.36 (KHTML, like Gecko) Chrome/144.0.0.0 Safari/537.36"
89.149.88.248 - - [10/Feb/2026:11:37:11 +0200] "GET /wp-content/plugins/elementor/assets/lib/waypoints/waypoints.min.js?ver=4.0.2 HTTP/1.1" 200 12564 "https://iac.md/" "Mozilla/5.0 (Windows NT 10.0; Win64; x64) AppleWebKit/537.36 (KHTML, like Gecko) Chrome/144.0.0.0 Safari/537.36"
89.149.88.248 - - [10/Feb/2026:11:37:11 +0200] "GET /wp-content/plugins/elementor/assets/js/frontend-modules.min.js?ver=3.10.1 HTTP/1.1" 200 36294 "https://iac.md/" "Mozilla/5.0 (Windows NT 10.0; Win64; x64) AppleWebKit/537.36 (KHTML, like Gecko) Chrome/144.0.0.0 Safari/537.36"
89.149.88.248 - - [10/Feb/2026:11:37:11 +0200] "GET /wp-content/plugins/translatepress-multilingual/assets/images/flags/ro_RO.png HTTP/1.1" 200 608 "https://iac.md/" "Mozilla/5.0 (Windows NT 10.0; Win64; x64) AppleWebKit/537.36 (KHTML, like Gecko) Chrome/144.0.0.0 Safari/537.36"
89.149.88.248 - - [10/Feb/2026:11:37:11 +0200] "GET /wp-content/plugins/translatepress-multilingual/assets/images/flags/en_US.png HTTP/1.1" 200 852 "https://iac.md/" "Mozilla/5.0 (Windows NT 10.0; Win64; x64) AppleWebKit/537.36 (KHTML, like Gecko) Chrome/144.0.0.0 Safari/537.36"
89.149.88.248 - - [10/Feb/2026:11:37:11 +0200] "GET /wp-content/plugins/custom-facebook-feed-pro/assets/img/placeholder.png HTTP/1.1" 200 525 "https://iac.md/" "Mozilla/5.0 (Windows NT 10.0; Win64; x64) AppleWebKit/537.36 (KHTML, like Gecko) Chrome/144.0.0.0 Safari/537.36"
89.149.88.248 - - [10/Feb/2026:11:37:11 +0200] "GET /wp-content/themes/betheme/images/cookies.png HTTP/1.1" 200 3579 "https://iac.md/" "Mozilla/5.0 (Windows NT 10.0; Win64; x64) AppleWebKit/537.36 (KHTML, like Gecko) Chrome/144.0.0.0 Safari/537.36"
89.149.88.248 - - [10/Feb/2026:11:37:11 +0200] "GET /wp-content/plugins/revslider/public/assets/js/rbtools.min.js?ver=6.6.4 HTTP/1.1" 200 165997 "https://iac.md/" "Mozilla/5.0 (Windows NT 10.0; Win64; x64) AppleWebKit/537.36 (KHTML, like Gecko) Chrome/144.0.0.0 Safari/537.36"
89.149.88.248 - - [10/Feb/2026:11:37:11 +0200] "GET /wp-includes/js/comment-reply.min.js?ver=6.9 HTTP/1.1" 200 3390 "https://iac.md/" "Mozilla/5.0 (Windows NT 10.0; Win64; x64) AppleWebKit/537.36 (KHTML, like Gecko) Chrome/144.0.0.0 Safari/537.36"
89.149.88.248 - - [10/Feb/2026:11:37:11 +0200] "GET /wp-content/uploads/2024/08/iac-rezident-hairstyle-780x860.png HTTP/1.1" 200 625724 "https://iac.md/" "Mozilla/5.0 (Windows NT 10.0; Win64; x64) AppleWebKit/537.36 (KHTML, like Gecko) Chrome/144.0.0.0 Safari/537.36"
89.149.88.248 - - [10/Feb/2026:11:37:11 +0200] "GET /wp-content/uploads/2020/03/event5-pic1-1.png HTTP/1.1" 200 2600 "https://iac.md/wp-content/uploads/elementor/css/post-51.css?ver=1768952393" "Mozilla/5.0 (Windows NT 10.0; Win64; x64) AppleWebKit/537.36 (KHTML, like Gecko) Chrome/144.0.0.0 Safari/537.36"
89.149.88.248 - - [10/Feb/2026:11:37:11 +0200] "GET /wp-content/uploads/2024/08/iac-rezident-dea-780x860.png HTTP/1.1" 200 986730 "https://iac.md/" "Mozilla/5.0 (Windows NT 10.0; Win64; x64) AppleWebKit/537.36 (KHTML, like Gecko) Chrome/144.0.0.0 Safari/537.36"
89.149.88.248 - - [10/Feb/2026:11:37:11 +0200] "GET /wp-content/themes/betheme/fonts/mfn/icons.woff?31690507 HTTP/1.1" 200 81930 "https://iac.md/wp-content/themes/betheme/css/be.css?ver=26.6.7" "Mozilla/5.0 (Windows NT 10.0; Win64; x64) AppleWebKit/537.36 (KHTML, like Gecko) Chrome/144.0.0.0 Safari/537.36"
89.149.88.248 - - [10/Feb/2026:11:37:11 +0200] "GET /wp-content/plugins/elementor/assets/lib/font-awesome/webfonts/fa-regular-400.woff2 HTTP/1.1" 200 13604 "https://iac.md/wp-content/plugins/elementor/assets/lib/font-awesome/css/all.min.css?ver=3.10.1" "Mozilla/5.0 (Windows NT 10.0; Win64; x64) AppleWebKit/537.36 (KHTML, like Gecko) Chrome/144.0.0.0 Safari/537.36"
89.149.88.248 - - [10/Feb/2026:11:37:11 +0200] "GET /wp-content/plugins/elementor/assets/lib/font-awesome/webfonts/fa-solid-900.woff2 HTTP/1.1" 200 78641 "https://iac.md/wp-content/plugins/elementor/assets/lib/font-awesome/css/all.min.css?ver=3.10.1" "Mozilla/5.0 (Windows NT 10.0; Win64; x64) AppleWebKit/537.36 (KHTML, like Gecko) Chrome/144.0.0.0 Safari/537.36"
89.149.88.248 - - [10/Feb/2026:11:37:11 +0200] "GET /wp-content/uploads/2020/03/event5-pic1.png HTTP/1.1" 200 1970 "https://iac.md/wp-content/uploads/elementor/css/post-51.css?ver=1768952393" "Mozilla/5.0 (Windows NT 10.0; Win64; x64) AppleWebKit/537.36 (KHTML, like Gecko) Chrome/144.0.0.0 Safari/537.36"
89.149.88.248 - - [10/Feb/2026:11:37:11 +0200] "GET /wp-content/uploads/2020/03/event5-sectionbg2.jpg HTTP/1.1" 200 49147 "https://iac.md/wp-content/uploads/elementor/css/post-51.css?ver=1768952393" "Mozilla/5.0 (Windows NT 10.0; Win64; x64) AppleWebKit/537.36 (KHTML, like Gecko) Chrome/144.0.0.0 Safari/537.36"
89.149.88.248 - - [10/Feb/2026:11:37:11 +0200] "GET /wp-content/plugins/custom-facebook-feed-pro/assets/img/cff-sprite.png HTTP/1.1" 200 6121 "https://iac.md/wp-content/plugins/custom-facebook-feed-pro/assets/css/cff-style.min.css?ver=4.2.1" "Mozilla/5.0 (Windows NT 10.0; Win64; x64) AppleWebKit/537.36 (KHTML, like Gecko) Chrome/144.0.0.0 Safari/537.36"
89.149.88.248 - - [10/Feb/2026:11:37:11 +0200] "GET /wp-content/plugins/revslider/public/assets/js/rs6.min.js?ver=6.6.4 HTTP/1.1" 200 407643 "https://iac.md/" "Mozilla/5.0 (Windows NT 10.0; Win64; x64) AppleWebKit/537.36 (KHTML, like Gecko) Chrome/144.0.0.0 Safari/537.36"
89.149.88.248 - - [10/Feb/2026:11:37:11 +0200] "GET /wp-content/uploads/sb-facebook-feed-images/114365978281545_829056533495885-0-400.jpg HTTP/1.1" 200 21062 "https://iac.md/" "Mozilla/5.0 (Windows NT 10.0; Win64; x64) AppleWebKit/537.36 (KHTML, like Gecko) Chrome/144.0.0.0 Safari/537.36"
89.149.88.248 - - [10/Feb/2026:11:37:11 +0200] "GET /wp-content/uploads/sb-facebook-feed-images/114365978281545_767933156274890-0-400.jpg HTTP/1.1" 200 16463 "https://iac.md/" "Mozilla/5.0 (Windows NT 10.0; Win64; x64) AppleWebKit/537.36 (KHTML, like Gecko) Chrome/144.0.0.0 Safari/537.36"
89.149.88.248 - - [10/Feb/2026:11:37:11 +0200] "GET /wp-content/plugins/elementor/assets/js/lightbox.062e482fd73fca037d19.bundle.min.js HTTP/1.1" 200 29389 "https://iac.md/" "Mozilla/5.0 (Windows NT 10.0; Win64; x64) AppleWebKit/537.36 (KHTML, like Gecko) Chrome/144.0.0.0 Safari/537.36"
89.149.88.248 - - [10/Feb/2026:11:37:11 +0200] "GET /wp-content/plugins/elementor/assets/lib/dialog/dialog.min.js?ver=4.9.0 HTTP/1.1" 200 11048 "https://iac.md/" "Mozilla/5.0 (Windows NT 10.0; Win64; x64) AppleWebKit/537.36 (KHTML, like Gecko) Chrome/144.0.0.0 Safari/537.36"
89.149.88.248 - - [10/Feb/2026:11:37:11 +0200] "GET /wp-content/plugins/elementor/assets/lib/share-link/share-link.min.js?ver=3.10.1 HTTP/1.1" 200 2984 "https://iac.md/" "Mozilla/5.0 (Windows NT 10.0; Win64; x64) AppleWebKit/537.36 (KHTML, like Gecko) Chrome/144.0.0.0 Safari/537.36"
89.149.88.248 - - [10/Feb/2026:11:37:11 +0200] "GET /wp-content/plugins/elementor/assets/js/text-editor.2c35aafbe5bf0e127950.bundle.min.js HTTP/1.1" 200 1724 "https://iac.md/" "Mozilla/5.0 (Windows NT 10.0; Win64; x64) AppleWebKit/537.36 (KHTML, like Gecko) Chrome/144.0.0.0 Safari/537.36"
89.149.88.248 - - [10/Feb/2026:11:37:11 +0200] "GET /wp-content/plugins/revslider/public/assets/assets/transparent.png HTTP/1.1" 200 471 "https://iac.md/" "Mozilla/5.0 (Windows NT 10.0; Win64; x64) AppleWebKit/537.36 (KHTML, like Gecko) Chrome/144.0.0.0 Safari/537.36"
89.149.88.248 - - [10/Feb/2026:11:37:11 +0200] "GET /wp-content/uploads/2023/02/iac-drona-45-e1675371785493.jpg HTTP/1.1" 200 563618 "https://iac.md/" "Mozilla/5.0 (Windows NT 10.0; Win64; x64) AppleWebKit/537.36 (KHTML, like Gecko) Chrome/144.0.0.0 Safari/537.36"
89.149.88.248 - - [10/Feb/2026:11:37:11 +0200] "GET /wp-content/uploads/2023/03/diana.png HTTP/1.1" 200 288338 "https://iac.md/" "Mozilla/5.0 (Windows NT 10.0; Win64; x64) AppleWebKit/537.36 (KHTML, like Gecko) Chrome/144.0.0.0 Safari/537.36"
89.149.88.248 - - [10/Feb/2026:11:37:11 +0200] "GET /wp-content/uploads/2023/02/iach-favicon-512x510-1.png HTTP/1.1" 200 2586 "https://iac.md/" "Mozilla/5.0 (Windows NT 10.0; Win64; x64) AppleWebKit/537.36 (KHTML, like Gecko) Chrome/144.0.0.0 Safari/537.36"
89.149.88.248 - - [10/Feb/2026:11:37:11 +0200] "GET /wp-content/uploads/2023/03/70.jpg HTTP/1.1" 200 547403 "https://iac.md/" "Mozilla/5.0 (Windows NT 10.0; Win64; x64) AppleWebKit/537.36 (KHTML, like Gecko) Chrome/144.0.0.0 Safari/537.36"
89.149.88.248 - - [10/Feb/2026:11:37:11 +0200] "GET /wp-content/uploads/2026/01/rezident-vera-780x860.png HTTP/1.1" 200 649983 "https://iac.md/" "Mozilla/5.0 (Windows NT 10.0; Win64; x64) AppleWebKit/537.36 (KHTML, like Gecko) Chrome/144.0.0.0 Safari/537.36"
89.149.88.248 - - [10/Feb/2026:11:37:11 +0200] "POST /wp-admin/admin-ajax.php HTTP/1.1" 200 1629 "https://iac.md/" "Mozilla/5.0 (Windows NT 10.0; Win64; x64) AppleWebKit/537.36 (KHTML, like Gecko) Chrome/144.0.0.0 Safari/537.36"
89.149.88.248 - - [10/Feb/2026:11:37:11 +0200] "POST /wp-admin/admin-ajax.php HTTP/1.1" 200 1629 "https://iac.md/" "Mozilla/5.0 (Windows NT 10.0; Win64; x64) AppleWebKit/537.36 (KHTML, like Gecko) Chrome/144.0.0.0 Safari/537.36"
89.149.88.248 - - [10/Feb/2026:11:37:15 +0200] "GET /wp-content/uploads/2023/03/iac-rezident-Grigore-780x860.png HTTP/1.1" 200 412984 "https://iac.md/" "Mozilla/5.0 (Windows NT 10.0; Win64; x64) AppleWebKit/537.36 (KHTML, like Gecko) Chrome/144.0.0.0 Safari/537.36"
89.149.88.248 - - [10/Feb/2026:11:37:15 +0200] "GET /rezidenti/ HTTP/1.1" 200 223694 "https://iac.md/" "Mozilla/5.0 (Windows NT 10.0; Win64; x64) AppleWebKit/537.36 (KHTML, like Gecko) Chrome/144.0.0.0 Safari/537.36"
89.149.88.248 - - [10/Feb/2026:11:37:16 +0200] "GET /wp-content/uploads/elementor/css/post-53.css?ver=1768952420 HTTP/1.1" 200 22379 "https://iac.md/rezidenti/" "Mozilla/5.0 (Windows NT 10.0; Win64; x64) AppleWebKit/537.36 (KHTML, like Gecko) Chrome/144.0.0.0 Safari/537.36"
89.149.88.248 - - [10/Feb/2026:11:37:16 +0200] "GET /wp-includes/js/mediaelement/wp-mediaelement.min.css?ver=6.9 HTTP/1.1" 200 4537 "https://iac.md/rezidenti/" "Mozilla/5.0 (Windows NT 10.0; Win64; x64) AppleWebKit/537.36 (KHTML, like Gecko) Chrome/144.0.0.0 Safari/537.36"
89.149.88.248 - - [10/Feb/2026:11:37:16 +0200] "GET /wp-includes/js/mediaelement/mediaelement-and-player.min.js?ver=4.2.17 HTTP/1.1" 200 158634 "https://iac.md/rezidenti/" "Mozilla/5.0 (Windows NT 10.0; Win64; x64) AppleWebKit/537.36 (KHTML, like Gecko) Chrome/144.0.0.0 Safari/537.36"
89.149.88.248 - - [10/Feb/2026:11:37:16 +0200] "GET /wp-includes/js/mediaelement/mediaelementplayer-legacy.min.css?ver=4.2.17 HTTP/1.1" 200 11608 "https://iac.md/rezidenti/" "Mozilla/5.0 (Windows NT 10.0; Win64; x64) AppleWebKit/537.36 (KHTML, like Gecko) Chrome/144.0.0.0 Safari/537.36"
89.149.88.248 - - [10/Feb/2026:11:37:16 +0200] "GET /wp-content/plugins/elementor/assets/lib/font-awesome/css/brands.min.css?ver=5.15.3 HTTP/1.1" 200 1024 "https://iac.md/rezidenti/" "Mozilla/5.0 (Windows NT 10.0; Win64; x64) AppleWebKit/537.36 (KHTML, like Gecko) Chrome/144.0.0.0 Safari/537.36"
89.149.88.248 - - [10/Feb/2026:11:37:16 +0200] "GET /wp-content/uploads/2026/01/19-e1768947234835.jpg HTTP/1.1" 200 105307 "https://iac.md/rezidenti/" "Mozilla/5.0 (Windows NT 10.0; Win64; x64) AppleWebKit/537.36 (KHTML, like Gecko) Chrome/144.0.0.0 Safari/537.36"
89.149.88.248 - - [10/Feb/2026:11:37:16 +0200] "GET /wp-includes/js/mediaelement/mediaelement-migrate.min.js?ver=6.9 HTTP/1.1" 200 1555 "https://iac.md/rezidenti/" "Mozilla/5.0 (Windows NT 10.0; Win64; x64) AppleWebKit/537.36 (KHTML, like Gecko) Chrome/144.0.0.0 Safari/537.36"
89.149.88.248 - - [10/Feb/2026:11:37:16 +0200] "GET /wp-includes/js/mediaelement/wp-mediaelement.min.js?ver=6.9 HTTP/1.1" 200 1471 "https://iac.md/rezidenti/" "Mozilla/5.0 (Windows NT 10.0; Win64; x64) AppleWebKit/537.36 (KHTML, like Gecko) Chrome/144.0.0.0 Safari/537.36"
89.149.88.248 - - [10/Feb/2026:11:37:16 +0200] "GET /wp-includes/js/mediaelement/renderers/vimeo.min.js?ver=4.2.17 HTTP/1.1" 200 6829 "https://iac.md/rezidenti/" "Mozilla/5.0 (Windows NT 10.0; Win64; x64) AppleWebKit/537.36 (KHTML, like Gecko) Chrome/144.0.0.0 Safari/537.36"
89.149.88.248 - - [10/Feb/2026:11:37:16 +0200] "GET /wp-content/uploads/2020/03/event5-sectionbg3.jpg HTTP/1.1" 200 29937 "https://iac.md/wp-content/uploads/elementor/css/post-53.css?ver=1768952420" "Mozilla/5.0 (Windows NT 10.0; Win64; x64) AppleWebKit/537.36 (KHTML, like Gecko) Chrome/144.0.0.0 Safari/537.36"
89.149.88.248 - - [10/Feb/2026:11:37:16 +0200] "GET /wp-content/plugins/elementor/assets/lib/font-awesome/webfonts/fa-brands-400.woff2 HTTP/1.1" 200 77209 "https://iac.md/wp-content/plugins/elementor/assets/lib/font-awesome/css/brands.min.css?ver=5.15.3" "Mozilla/5.0 (Windows NT 10.0; Win64; x64) AppleWebKit/537.36 (KHTML, like Gecko) Chrome/144.0.0.0 Safari/537.36"
89.149.88.248 - - [10/Feb/2026:11:37:16 +0200] "GET /wp-content/uploads/2026/01/rezident-vera.png HTTP/1.1" 200 660681 "https://iac.md/rezidenti/" "Mozilla/5.0 (Windows NT 10.0; Win64; x64) AppleWebKit/537.36 (KHTML, like Gecko) Chrome/144.0.0.0 Safari/537.36"
89.149.88.248 - - [10/Feb/2026:11:37:16 +0200] "GET /wp-content/uploads/2023/02/iac-rezident-andrei.png HTTP/1.1" 200 527745 "https://iac.md/rezidenti/" "Mozilla/5.0 (Windows NT 10.0; Win64; x64) AppleWebKit/537.36 (KHTML, like Gecko) Chrome/144.0.0.0 Safari/537.36"
89.149.88.248 - - [10/Feb/2026:11:37:16 +0200] "GET /wp-content/plugins/elementor/assets/js/video.d86bfd0676264945e968.bundle.min.js HTTP/1.1" 200 3863 "https://iac.md/rezidenti/" "Mozilla/5.0 (Windows NT 10.0; Win64; x64) AppleWebKit/537.36 (KHTML, like Gecko) Chrome/144.0.0.0 Safari/537.36"
89.149.88.248 - - [10/Feb/2026:11:37:16 +0200] "GET /wp-content/uploads/2024/02/2.3-Video.mp4 HTTP/1.1" 206 9252768 "https://iac.md/rezidenti/" "Mozilla/5.0 (Windows NT 10.0; Win64; x64) AppleWebKit/537.36 (KHTML, like Gecko) Chrome/144.0.0.0 Safari/537.36"
89.149.88.248 - - [10/Feb/2026:11:37:40 +0200] "GET /wp-content/uploads/elementor/thumbs/TMD-World-Vision-q29eic1cg8kbapuplt65ji12cnzwwi9vepw3brhntc.png HTTP/1.1" 200 4016 "https://iac.md/rezidenti/" "Mozilla/5.0 (Windows NT 10.0; Win64; x64) AppleWebKit/537.36 (KHTML, like Gecko) Chrome/144.0.0.0 Safari/537.36"
89.149.88.248 - - [10/Feb/2026:11:37:43 +0200] "GET /wp-content/uploads/2026/01/boni-rezident.png HTTP/1.1" 200 365741 "https://iac.md/rezidenti/" "Mozilla/5.0 (Windows NT 10.0; Win64; x64) AppleWebKit/537.36 (KHTML, like Gecko) Chrome/144.0.0.0 Safari/537.36"
89.149.88.248 - - [10/Feb/2026:11:38:05 +0200] "GET /wp-content/uploads/2023/03/ilinca_style.png HTTP/1.1" 200 300589 "https://iac.md/rezidenti/" "Mozilla/5.0 (Windows NT 10.0; Win64; x64) AppleWebKit/537.36 (KHTML, like Gecko) Chrome/144.0.0.0 Safari/537.36"
89.149.88.248 - - [10/Feb/2026:11:38:16 +0200] "GET /wp-content/uploads/2023/03/proGeneva.png HTTP/1.1" 200 499607 "https://iac.md/rezidenti/" "Mozilla/5.0 (Windows NT 10.0; Win64; x64) AppleWebKit/537.36 (KHTML, like Gecko) Chrome/144.0.0.0 Safari/537.36"
89.149.88.248 - - [10/Feb/2026:11:38:27 +0200] "GET /wp-content/uploads/2026/01/veroica-rezident.png HTTP/1.1" 200 523146 "https://iac.md/rezidenti/" "Mozilla/5.0 (Windows NT 10.0; Win64; x64) AppleWebKit/537.36 (KHTML, like Gecko) Chrome/144.0.0.0 Safari/537.36"
89.149.88.248 - - [10/Feb/2026:11:38:29 +0200] "GET /wp-content/uploads/2023/03/contabil.png HTTP/1.1" 200 771096 "https://iac.md/rezidenti/" "Mozilla/5.0 (Windows NT 10.0; Win64; x64) AppleWebKit/537.36 (KHTML, like Gecko) Chrome/144.0.0.0 Safari/537.36"
89.149.88.248 - - [10/Feb/2026:11:38:41 +0200] "GET /wp-content/uploads/2024/08/iac-rezident-hairstyle.png HTTP/1.1" 200 642211 "https://iac.md/rezidenti/" "Mozilla/5.0 (Windows NT 10.0; Win64; x64) AppleWebKit/537.36 (KHTML, like Gecko) Chrome/144.0.0.0 Safari/537.36"
40.77.167.230 - - [10/Feb/2026:11:39:03 +0200] "GET /xwftxf/d15011053997.shtm HTTP/1.1" 301 3662 "-" "Mozilla/5.0 AppleWebKit/537.36 (KHTML, like Gecko; compatible; bingbot/2.0; +http://www.bing.com/bingbot.htm) Chrome/116.0.1938.76 Safari/537.36"
89.149.88.248 - - [10/Feb/2026:11:39:18 +0200] "GET /wp-content/uploads/2024/08/iac-rezident-croitorie.png HTTP/1.1" 200 741788 "https://iac.md/rezidenti/" "Mozilla/5.0 (Windows NT 10.0; Win64; x64) AppleWebKit/537.36 (KHTML, like Gecko) Chrome/144.0.0.0 Safari/537.36"
89.149.88.248 - - [10/Feb/2026:11:39:24 +0200] "GET /wp-content/uploads/2023/03/salina.png HTTP/1.1" 200 531433 "https://iac.md/rezidenti/" "Mozilla/5.0 (Windows NT 10.0; Win64; x64) AppleWebKit/537.36 (KHTML, like Gecko) Chrome/144.0.0.0 Safari/537.36"
89.149.88.248 - - [10/Feb/2026:11:39:30 +0200] "GET /wp-content/uploads/2023/03/iac-rezident-Grigore.png HTTP/1.1" 200 429428 "https://iac.md/rezidenti/" "Mozilla/5.0 (Windows NT 10.0; Win64; x64) AppleWebKit/537.36 (KHTML, like Gecko) Chrome/144.0.0.0 Safari/537.36"
89.149.88.248 - - [10/Feb/2026:11:39:34 +0200] "GET /wp-content/uploads/elementor/thumbs/Black-logo-q3wjdpoeku3gtuvnglq3utjdma9579anofbmjdipcg.jpg HTTP/1.1" 200 3617 "https://iac.md/rezidenti/" "Mozilla/5.0 (Windows NT 10.0; Win64; x64) AppleWebKit/537.36 (KHTML, like Gecko) Chrome/144.0.0.0 Safari/537.36"
89.149.88.248 - - [10/Feb/2026:11:39:34 +0200] "GET /wp-content/uploads/2024/08/iac-rezident-mass-terra.png HTTP/1.1" 200 266344 "https://iac.md/rezidenti/" "Mozilla/5.0 (Windows NT 10.0; Win64; x64) AppleWebKit/537.36 (KHTML, like Gecko) Chrome/144.0.0.0 Safari/537.36"
89.149.88.248 - - [10/Feb/2026:11:39:43 +0200] "GET /wp-content/uploads/2024/08/iac-rezident-studio.png HTTP/1.1" 200 280201 "https://iac.md/rezidenti/" "Mozilla/5.0 (Windows NT 10.0; Win64; x64) AppleWebKit/537.36 (KHTML, like Gecko) Chrome/144.0.0.0 Safari/537.36"
89.149.88.248 - - [10/Feb/2026:11:40:03 +0200] "GET /wp-content/uploads/2023/03/iac-rezident-english.png HTTP/1.1" 200 287403 "https://iac.md/rezidenti/" "Mozilla/5.0 (Windows NT 10.0; Win64; x64) AppleWebKit/537.36 (KHTML, like Gecko) Chrome/144.0.0.0 Safari/537.36"
89.149.88.248 - - [10/Feb/2026:11:40:04 +0200] "GET /wp-content/uploads/2023/03/iac-rezident-Codrii.png HTTP/1.1" 200 176485 "https://iac.md/rezidenti/" "Mozilla/5.0 (Windows NT 10.0; Win64; x64) AppleWebKit/537.36 (KHTML, like Gecko) Chrome/144.0.0.0 Safari/537.36"
89.149.88.248 - - [10/Feb/2026:11:40:06 +0200] "GET /wp-content/uploads/2024/08/iac-rezident-flacara.png HTTP/1.1" 200 263183 "https://iac.md/rezidenti/" "Mozilla/5.0 (Windows NT 10.0; Win64; x64) AppleWebKit/537.36 (KHTML, like Gecko) Chrome/144.0.0.0 Safari/537.36"
89.149.88.248 - - [10/Feb/2026:11:40:08 +0200] "GET /wp-content/uploads/2024/08/iac-rezident-dea.png HTTP/1.1" 200 1002357 "https://iac.md/rezidenti/" "Mozilla/5.0 (Windows NT 10.0; Win64; x64) AppleWebKit/537.36 (KHTML, like Gecko) Chrome/144.0.0.0 Safari/537.36"
89.149.88.248 - - [10/Feb/2026:11:40:11 +0200] "GET /wp-content/uploads/2026/01/shah-rezident.png HTTP/1.1" 200 486274 "https://iac.md/rezidenti/" "Mozilla/5.0 (Windows NT 10.0; Win64; x64) AppleWebKit/537.36 (KHTML, like Gecko) Chrome/144.0.0.0 Safari/537.36"
89.149.88.248 - - [10/Feb/2026:11:40:27 +0200] "GET /wp-content/uploads/2023/02/iac-logo-768x261.jpg HTTP/1.1" 200 29033 "https://iac.md/rezidenti/" "Mozilla/5.0 (Windows NT 10.0; Win64; x64) AppleWebKit/537.36 (KHTML, like Gecko) Chrome/144.0.0.0 Safari/537.36"
18.97.9.171 - - [10/Feb/2026:11:40:52 +0200] "GET /en/ HTTP/1.1" 200 232034 "-" "CCBot/2.0 (https://commoncrawl.org/faq/)"
40.77.167.42 - - [10/Feb/2026:11:42:12 +0200] "GET /ewyazv/t1414902481.html HTTP/1.1" 404 105912 "-" "Mozilla/5.0 AppleWebKit/537.36 (KHTML, like Gecko; compatible; bingbot/2.0; +http://www.bing.com/bingbot.htm) Chrome/116.0.1938.76 Safari/537.36"
40.77.167.151 - - [10/Feb/2026:11:43:37 +0200] "GET /xxydat/a15413055701.html HTTP/1.1" 404 105887 "-" "Mozilla/5.0 AppleWebKit/537.36 (KHTML, like Gecko; compatible; bingbot/2.0; +http://www.bing.com/bingbot.htm) Chrome/116.0.1938.76 Safari/537.36"
89.149.88.248 - - [10/Feb/2026:11:45:17 +0200] "GET /evenimente/ HTTP/1.1" 200 335557 "https://iac.md/rezidenti/" "Mozilla/5.0 (Windows NT 10.0; Win64; x64) AppleWebKit/537.36 (KHTML, like Gecko) Chrome/144.0.0.0 Safari/537.36"
89.149.88.248 - - [10/Feb/2026:11:45:19 +0200] "GET /wp-content/uploads/elementor/css/post-1156.css?ver=1768952428 HTTP/1.1" 200 3823 "https://iac.md/evenimente/" "Mozilla/5.0 (Windows NT 10.0; Win64; x64) AppleWebKit/537.36 (KHTML, like Gecko) Chrome/144.0.0.0 Safari/537.36"
89.149.88.248 - - [10/Feb/2026:11:45:19 +0200] "GET /wp-content/uploads/sb-facebook-feed-images/114365978281545_555203794214495-0-400.jpg HTTP/1.1" 200 39585 "https://iac.md/evenimente/" "Mozilla/5.0 (Windows NT 10.0; Win64; x64) AppleWebKit/537.36 (KHTML, like Gecko) Chrome/144.0.0.0 Safari/537.36"
89.149.88.248 - - [10/Feb/2026:11:45:19 +0200] "GET /wp-content/uploads/sb-facebook-feed-images/114365978281545_634734202928120-0-400.jpg HTTP/1.1" 200 21600 "https://iac.md/evenimente/" "Mozilla/5.0 (Windows NT 10.0; Win64; x64) AppleWebKit/537.36 (KHTML, like Gecko) Chrome/144.0.0.0 Safari/537.36"
89.149.88.248 - - [10/Feb/2026:11:45:19 +0200] "GET /wp-content/uploads/sb-facebook-feed-images/114365978281545_653070067761200-0-400.jpg HTTP/1.1" 200 13269 "https://iac.md/evenimente/" "Mozilla/5.0 (Windows NT 10.0; Win64; x64) AppleWebKit/537.36 (KHTML, like Gecko) Chrome/144.0.0.0 Safari/537.36"
89.149.88.248 - - [10/Feb/2026:11:45:19 +0200] "GET /wp-content/uploads/sb-facebook-feed-images/114365978281545_734599162941623-0-400.jpg HTTP/1.1" 200 24085 "https://iac.md/evenimente/" "Mozilla/5.0 (Windows NT 10.0; Win64; x64) AppleWebKit/537.36 (KHTML, like Gecko) Chrome/144.0.0.0 Safari/537.36"
89.149.88.248 - - [10/Feb/2026:11:45:19 +0200] "GET /wp-content/uploads/sb-facebook-feed-images/114365978281545_529125003489041-0-400.jpg HTTP/1.1" 200 33167 "https://iac.md/evenimente/" "Mozilla/5.0 (Windows NT 10.0; Win64; x64) AppleWebKit/537.36 (KHTML, like Gecko) Chrome/144.0.0.0 Safari/537.36"
89.149.88.248 - - [10/Feb/2026:11:45:19 +0200] "GET /wp-content/uploads/sb-facebook-feed-images/114365978281545_555203794214495-1-400.jpg HTTP/1.1" 200 19080 "https://iac.md/evenimente/" "Mozilla/5.0 (Windows NT 10.0; Win64; x64) AppleWebKit/537.36 (KHTML, like Gecko) Chrome/144.0.0.0 Safari/537.36"
89.149.88.248 - - [10/Feb/2026:11:45:19 +0200] "POST /wp-admin/admin-ajax.php HTTP/1.1" 200 3999 "https://iac.md/evenimente/" "Mozilla/5.0 (Windows NT 10.0; Win64; x64) AppleWebKit/537.36 (KHTML, like Gecko) Chrome/144.0.0.0 Safari/537.36"
89.149.88.248 - - [10/Feb/2026:11:45:19 +0200] "POST /wp-admin/admin-ajax.php HTTP/1.1" 200 3999 "https://iac.md/evenimente/" "Mozilla/5.0 (Windows NT 10.0; Win64; x64) AppleWebKit/537.36 (KHTML, like Gecko) Chrome/144.0.0.0 Safari/537.36"
20.151.2.11 - - [10/Feb/2026:11:46:14 +0200] "GET /wp-content/plugins/hellopress/wp_filemanager.php HTTP/1.1" 404 105983 "-" "-"
20.151.2.11 - - [10/Feb/2026:11:46:16 +0200] "GET /166.php HTTP/1.1" 403 1097 "-" "-"
20.151.2.11 - - [10/Feb/2026:11:46:16 +0200] "GET /reze.php HTTP/1.1" 403 1097 "-" "-"
89.149.88.248 - - [10/Feb/2026:11:46:14 +0200] "POST /wp-admin/admin-ajax.php HTTP/1.1" 200 855 "https://iac.md/evenimente/" "Mozilla/5.0 (Windows NT 10.0; Win64; x64) AppleWebKit/537.36 (KHTML, like Gecko) Chrome/144.0.0.0 Safari/537.36"
20.151.2.11 - - [10/Feb/2026:11:46:16 +0200] "GET /lib.php HTTP/1.1" 403 1097 "-" "-"
20.151.2.11 - - [10/Feb/2026:11:46:16 +0200] "GET /x.php HTTP/1.1" 403 1097 "-" "-"
20.151.2.11 - - [10/Feb/2026:11:46:17 +0200] "GET /k.php HTTP/1.1" 403 1097 "-" "-"
20.151.2.11 - - [10/Feb/2026:11:46:17 +0200] "GET /jga.php HTTP/1.1" 403 1097 "-" "-"
89.149.88.248 - - [10/Feb/2026:11:46:17 +0200] "GET /evenimente/ HTTP/1.1" 200 332298 "https://iac.md/evenimente/" "Mozilla/5.0 (Windows NT 10.0; Win64; x64) AppleWebKit/537.36 (KHTML, like Gecko) Chrome/144.0.0.0 Safari/537.36"
20.151.2.11 - - [10/Feb/2026:11:46:18 +0200] "GET /past1.php HTTP/1.1" 403 1097 "-" "-"
89.149.88.248 - - [10/Feb/2026:11:46:18 +0200] "POST /wp-admin/admin-ajax.php HTTP/1.1" 200 717 "https://iac.md/evenimente/" "Mozilla/5.0 (Windows NT 10.0; Win64; x64) AppleWebKit/537.36 (KHTML, like Gecko) Chrome/144.0.0.0 Safari/537.36"
40.77.167.151 - - [10/Feb/2026:11:46:58 +0200] "GET /uywwad/c15011023743.html HTTP/1.1" 404 105887 "-" "Mozilla/5.0 AppleWebKit/537.36 (KHTML, like Gecko; compatible; bingbot/2.0; +http://www.bing.com/bingbot.htm) Chrome/116.0.1938.76 Safari/537.36"
40.77.167.17 - - [10/Feb/2026:11:48:01 +0200] "GET /wuzyyx/y1393550028.html HTTP/1.1" 404 105912 "-" "Mozilla/5.0 AppleWebKit/537.36 (KHTML, like Gecko; compatible; bingbot/2.0; +http://www.bing.com/bingbot.htm) Chrome/116.0.1938.76 Safari/537.36"
40.77.167.17 - - [10/Feb/2026:11:50:22 +0200] "GET /yxubec/v1414534398.html HTTP/1.1" 404 105912 "-" "Mozilla/5.0 AppleWebKit/537.36 (KHTML, like Gecko; compatible; bingbot/2.0; +http://www.bing.com/bingbot.htm) Chrome/116.0.1938.76 Safari/537.36"
40.77.167.17 - - [10/Feb/2026:11:50:24 +0200] "GET /cxywca/a1221311995.html HTTP/1.1" 404 102654 "-" "Mozilla/5.0 AppleWebKit/537.36 (KHTML, like Gecko; compatible; bingbot/2.0; +http://www.bing.com/bingbot.htm) Chrome/116.0.1938.76 Safari/537.36"
66.249.77.195 - - [10/Feb/2026:11:50:33 +0200] "GET /?information/privacy_policy.html HTTP/1.1" 200 168878 "-" "Mozilla/5.0 (Linux; Android 6.0.1; Nexus 5X Build/MMB29P) AppleWebKit/537.36 (KHTML, like Gecko) Chrome/144.0.7559.132 Mobile Safari/537.36 (compatible; GoogleOther)"
52.167.144.187 - - [10/Feb/2026:11:50:54 +0200] "GET /ezuwvv/c1425447261.shtm HTTP/1.1" 301 3661 "-" "Mozilla/5.0 AppleWebKit/537.36 (KHTML, like Gecko; compatible; bingbot/2.0; +http://www.bing.com/bingbot.htm) Chrome/116.0.1938.76 Safari/537.36"
52.167.144.16 - - [10/Feb/2026:11:52:13 +0200] "GET /xeecva/w10810727695.shtm HTTP/1.1" 301 3662 "-" "Mozilla/5.0 AppleWebKit/537.36 (KHTML, like Gecko; compatible; bingbot/2.0; +http://www.bing.com/bingbot.htm) Chrome/116.0.1938.76 Safari/537.36"
66.249.77.193 - - [10/Feb/2026:11:54:08 +0200] "GET /n/fop32927954.html HTTP/1.1" 200 170331 "-" "Mozilla/5.0 (Linux; Android 6.0.1; Nexus 5X Build/MMB29P) AppleWebKit/537.36 (KHTML, like Gecko) Chrome/144.0.7559.132 Mobile Safari/537.36 (compatible; GoogleOther)"
66.249.77.194 - - [10/Feb/2026:11:54:13 +0200] "GET /?contents/reform HTTP/1.1" 200 168873 "-" "Mozilla/5.0 (Linux; Android 6.0.1; Nexus 5X Build/MMB29P) AppleWebKit/537.36 (KHTML, like Gecko) Chrome/144.0.7559.132 Mobile Safari/537.36 (compatible; GoogleOther)"
66.249.77.195 - - [10/Feb/2026:11:55:47 +0200] "GET /?shop/pg/1recruit HTTP/1.1" 200 168579 "-" "Mozilla/5.0 (Linux; Android 6.0.1; Nexus 5X Build/MMB29P) AppleWebKit/537.36 (KHTML, like Gecko) Chrome/144.0.7559.132 Mobile Safari/537.36 (compatible; Googlebot/2.1; +http://www.google.com/bot.html)"
40.77.167.152 - - [10/Feb/2026:11:59:46 +0200] "GET /dytdxy/y1252902335.html HTTP/1.1" 404 105912 "-" "Mozilla/5.0 AppleWebKit/537.36 (KHTML, like Gecko; compatible; bingbot/2.0; +http://www.bing.com/bingbot.htm) Chrome/116.0.1938.76 Safari/537.36"
205.210.31.40 - - [10/Feb/2026:12:03:36 +0200] "GET / HTTP/1.1" 200 230095 "-" "Hello from Palo Alto Networks, find out more about our scans in https://docs-cortex.paloaltonetworks.com/r/1/Cortex-Xpanse/Scanning-activity"
52.167.144.220 - - [10/Feb/2026:12:04:26 +0200] "GET /xxcbdu/t121705443.shtm HTTP/1.1" 404 105879 "-" "Mozilla/5.0 AppleWebKit/537.36 (KHTML, like Gecko; compatible; bingbot/2.0; +http://www.bing.com/bingbot.htm) Chrome/116.0.1938.76 Safari/537.36"
52.167.144.220 - - [10/Feb/2026:12:05:59 +0200] "GET /tyedxc/t1435893720.html HTTP/1.1" 404 105912 "-" "Mozilla/5.0 AppleWebKit/537.36 (KHTML, like Gecko; compatible; bingbot/2.0; +http://www.bing.com/bingbot.htm) Chrome/116.0.1938.76 Safari/537.36"
52.167.144.220 - - [10/Feb/2026:12:06:45 +0200] "GET /yywyea/d15513824590.html HTTP/1.1" 404 105887 "-" "Mozilla/5.0 AppleWebKit/537.36 (KHTML, like Gecko; compatible; bingbot/2.0; +http://www.bing.com/bingbot.htm) Chrome/116.0.1938.76 Safari/537.36"
52.167.144.220 - - [10/Feb/2026:12:06:48 +0200] "GET /dvyxxz/e1242180933.html HTTP/1.1" 404 102654 "-" "Mozilla/5.0 AppleWebKit/537.36 (KHTML, like Gecko; compatible; bingbot/2.0; +http://www.bing.com/bingbot.htm) Chrome/116.0.1938.76 Safari/537.36"
40.77.167.76 - - [10/Feb/2026:12:07:43 +0200] "GET /xdxddb/t121595624.html HTTP/1.1" 404 105879 "-" "Mozilla/5.0 AppleWebKit/537.36 (KHTML, like Gecko; compatible; bingbot/2.0; +http://www.bing.com/bingbot.htm) Chrome/116.0.1938.76 Safari/537.36"
66.249.77.195 - - [10/Feb/2026:12:10:28 +0200] "GET /n/quiz40711675.html HTTP/1.1" 200 169006 "-" "Mozilla/5.0 (Linux; Android 6.0.1; Nexus 5X Build/MMB29P) AppleWebKit/537.36 (KHTML, like Gecko) Chrome/144.0.7559.132 Mobile Safari/537.36 (compatible; GoogleOther)"
66.249.77.194 - - [10/Feb/2026:12:14:13 +0200] "GET /n/liber60929893.html HTTP/1.1" 200 168873 "-" "Mozilla/5.0 (Linux; Android 6.0.1; Nexus 5X Build/MMB29P) AppleWebKit/537.36 (KHTML, like Gecko) Chrome/144.0.7559.132 Mobile Safari/537.36 (compatible; GoogleOther)"
52.167.144.147 - - [10/Feb/2026:12:23:44 +0200] "GET /eevbvw/e15614271920.shtm HTTP/1.1" 301 3662 "-" "Mozilla/5.0 AppleWebKit/537.36 (KHTML, like Gecko; compatible; bingbot/2.0; +http://www.bing.com/bingbot.htm) Chrome/116.0.1938.76 Safari/537.36"
66.249.77.194 - - [10/Feb/2026:12:25:30 +0200] "GET /n/softw70823806.html HTTP/1.1" 200 167628 "-" "Mozilla/5.0 (Linux; Android 6.0.1; Nexus 5X Build/MMB29P) AppleWebKit/537.36 (KHTML, like Gecko) Chrome/144.0.7559.132 Mobile Safari/537.36 (compatible; GoogleOther)"
66.249.77.195 - - [10/Feb/2026:12:27:08 +0200] "GET /n/kilog82878527.html HTTP/1.1" 200 168369 "-" "Mozilla/5.0 (Linux; Android 6.0.1; Nexus 5X Build/MMB29P) AppleWebKit/537.36 (KHTML, like Gecko) Chrome/144.0.7559.132 Mobile Safari/537.36 (compatible; GoogleOther)"
52.167.144.218 - - [10/Feb/2026:12:27:12 +0200] "GET /zxyewf/u1435921317.html HTTP/1.1" 404 105912 "-" "Mozilla/5.0 AppleWebKit/537.36 (KHTML, like Gecko; compatible; bingbot/2.0; +http://www.bing.com/bingbot.htm) Chrome/116.0.1938.76 Safari/537.36"
52.167.144.218 - - [10/Feb/2026:12:27:58 +0200] "GET /cfuzex/b1058920190.html HTTP/1.1" 404 105912 "-" "Mozilla/5.0 AppleWebKit/537.36 (KHTML, like Gecko; compatible; bingbot/2.0; +http://www.bing.com/bingbot.htm) Chrome/116.0.1938.76 Safari/537.36"
40.77.167.132 - - [10/Feb/2026:12:37:30 +0200] "GET /vtcfuu/w15011026595.html HTTP/1.1" 404 105887 "-" "Mozilla/5.0 AppleWebKit/537.36 (KHTML, like Gecko; compatible; bingbot/2.0; +http://www.bing.com/bingbot.htm) Chrome/116.0.1938.76 Safari/537.36"
94.158.246.181 - - [10/Feb/2026:12:37:31 +0200] "POST /wp-cron.php?doing_wp_cron=1770719851.4545619487762451171875 HTTP/1.1" 200 3401 "-" "WordPress/6.9; https://iac.md"
66.249.77.194 - - [10/Feb/2026:12:37:54 +0200] "GET /n/boat10944000.html HTTP/1.1" 200 170570 "-" "Mozilla/5.0 (Linux; Android 6.0.1; Nexus 5X Build/MMB29P) AppleWebKit/537.36 (KHTML, like Gecko) Chrome/144.0.7559.132 Mobile Safari/537.36 (compatible; GoogleOther)"
66.249.77.194 - - [10/Feb/2026:12:43:48 +0200] "GET /n/black41772067.html HTTP/1.1" 200 168380 "-" "Mozilla/5.0 (Linux; Android 6.0.1; Nexus 5X Build/MMB29P) AppleWebKit/537.36 (KHTML, like Gecko) Chrome/144.0.7559.132 Mobile Safari/537.36 (compatible; GoogleOther)"
40.77.167.2 - - [10/Feb/2026:12:55:37 +0200] "GET /czyazc/x15513614015.html HTTP/1.1" 404 105887 "-" "Mozilla/5.0 AppleWebKit/537.36 (KHTML, like Gecko; compatible; bingbot/2.0; +http://www.bing.com/bingbot.htm) Chrome/116.0.1938.76 Safari/537.36"
40.77.167.143 - - [10/Feb/2026:12:59:52 +0200] "GET /xtybue/c1414746401.shtm HTTP/1.1" 301 3661 "-" "Mozilla/5.0 AppleWebKit/537.36 (KHTML, like Gecko; compatible; bingbot/2.0; +http://www.bing.com/bingbot.htm) Chrome/116.0.1938.76 Safari/537.36"
52.167.144.159 - - [10/Feb/2026:12:59:59 +0200] "GET /yfxexe/t120392023.html HTTP/1.1" 403 4355 "-" "Mozilla/5.0 AppleWebKit/537.36 (KHTML, like Gecko; compatible; bingbot/2.0; +http://www.bing.com/bingbot.htm) Chrome/116.0.1938.76 Safari/537.36"
66.249.77.193 - - [10/Feb/2026:13:00:28 +0200] "GET /n/desce50514636.html HTTP/1.1" 200 168037 "-" "Mozilla/5.0 (Linux; Android 6.0.1; Nexus 5X Build/MMB29P) AppleWebKit/537.36 (KHTML, like Gecko) Chrome/144.0.7559.132 Mobile Safari/537.36 (compatible; GoogleOther)"
66.249.77.195 - - [10/Feb/2026:13:01:34 +0200] "GET /?shop/pg/1005024164 HTTP/1.1" 200 168858 "-" "Mozilla/5.0 (Linux; Android 6.0.1; Nexus 5X Build/MMB29P) AppleWebKit/537.36 (KHTML, like Gecko) Chrome/144.0.7559.132 Mobile Safari/537.36 (compatible; GoogleOther)"
66.249.77.194 - - [10/Feb/2026:13:01:49 +0200] "GET /n/inch82548431.html HTTP/1.1" 200 171236 "-" "Mozilla/5.0 (Linux; Android 6.0.1; Nexus 5X Build/MMB29P) AppleWebKit/537.36 (KHTML, like Gecko) Chrome/144.0.7559.132 Mobile Safari/537.36 (compatible; GoogleOther)"
40.77.167.30 - - [10/Feb/2026:13:04:07 +0200] "GET /zxwbye/a15412920739.html HTTP/1.1" 404 105887 "-" "Mozilla/5.0 AppleWebKit/537.36 (KHTML, like Gecko; compatible; bingbot/2.0; +http://www.bing.com/bingbot.htm) Chrome/116.0.1938.76 Safari/537.36"
52.167.144.195 - - [10/Feb/2026:13:04:40 +0200] "GET /cadtec/x1207743.shtm HTTP/1.1" 404 105871 "-" "Mozilla/5.0 AppleWebKit/537.36 (KHTML, like Gecko; compatible; bingbot/2.0; +http://www.bing.com/bingbot.htm) Chrome/116.0.1938.76 Safari/537.36"
52.167.144.195 - - [10/Feb/2026:13:05:49 +0200] "GET /wp-content/uploads/2023/02/iac-drona.jpg HTTP/1.1" 200 547457 "-" "Mozilla/5.0 AppleWebKit/537.36 (KHTML, like Gecko; compatible; bingbot/2.0; +http://www.bing.com/bingbot.htm) Chrome/116.0.1938.76 Safari/537.36"
40.77.167.57 - - [10/Feb/2026:13:07:44 +0200] "GET /etaxaw/y1059348219.shtm HTTP/1.1" 301 3661 "-" "Mozilla/5.0 AppleWebKit/537.36 (KHTML, like Gecko; compatible; bingbot/2.0; +http://www.bing.com/bingbot.htm) Chrome/116.0.1938.76 Safari/537.36"
94.158.246.181 - - [10/Feb/2026:13:07:47 +0200] "POST /wp-cron.php?doing_wp_cron=1770721667.2886590957641601562500 HTTP/1.1" 200 3401 "-" "WordPress/6.9; https://iac.md"
40.77.167.30 - - [10/Feb/2026:13:08:01 +0200] "GET /zvzxtx/b1231904787.html HTTP/1.1" 404 105912 "-" "Mozilla/5.0 AppleWebKit/537.36 (KHTML, like Gecko; compatible; bingbot/2.0; +http://www.bing.com/bingbot.htm) Chrome/116.0.1938.76 Safari/537.36"
66.249.77.194 - - [10/Feb/2026:13:08:17 +0200] "GET /n/maid51015308.html HTTP/1.1" 200 171811 "-" "Mozilla/5.0 (Linux; Android 6.0.1; Nexus 5X Build/MMB29P) AppleWebKit/537.36 (KHTML, like Gecko) Chrome/144.0.7559.132 Mobile Safari/537.36 (compatible; GoogleOther)"
98.89.254.180 - - [10/Feb/2026:13:09:49 +0200] "GET /robots.txt HTTP/1.1" 200 3648 "-" "Mozilla/5.0 (Macintosh; Intel Mac OS X 10_10_1) AppleWebKit/600.2.5 (KHTML, like Gecko) Version/8.0.2 Safari/600.2.5 (TestUserAgent)"
40.77.167.38 - - [10/Feb/2026:13:12:56 +0200] "GET /dyfzta/x1446142004.html HTTP/1.1" 404 105912 "-" "Mozilla/5.0 AppleWebKit/537.36 (KHTML, like Gecko; compatible; bingbot/2.0; +http://www.bing.com/bingbot.htm) Chrome/116.0.1938.76 Safari/537.36"
52.167.144.195 - - [10/Feb/2026:13:13:09 +0200] "GET /awwxtb/f1425314443.html HTTP/1.1" 404 105912 "-" "Mozilla/5.0 AppleWebKit/537.36 (KHTML, like Gecko; compatible; bingbot/2.0; +http://www.bing.com/bingbot.htm) Chrome/116.0.1938.76 Safari/537.36"
66.249.77.193 - - [10/Feb/2026:13:13:29 +0200] "GET /n/into50653164.html HTTP/1.1" 200 168619 "-" "Mozilla/5.0 (Linux; Android 6.0.1; Nexus 5X Build/MMB29P) AppleWebKit/537.36 (KHTML, like Gecko) Chrome/144.0.7559.132 Mobile Safari/537.36 (compatible; Googlebot/2.1; +http://www.google.com/bot.html)"
66.249.77.194 - - [10/Feb/2026:13:15:28 +0200] "GET /n/branc80955103.html HTTP/1.1" 200 169708 "-" "Mozilla/5.0 (Linux; Android 6.0.1; Nexus 5X Build/MMB29P) AppleWebKit/537.36 (KHTML, like Gecko) Chrome/144.0.7559.132 Mobile Safari/537.36 (compatible; GoogleOther)"
40.77.167.159 - - [10/Feb/2026:13:16:48 +0200] "GET /awatuf/w1435621391.html HTTP/1.1" 404 105912 "-" "Mozilla/5.0 AppleWebKit/537.36 (KHTML, like Gecko; compatible; bingbot/2.0; +http://www.bing.com/bingbot.htm) Chrome/116.0.1938.76 Safari/537.36"
40.77.167.71 - - [10/Feb/2026:13:19:36 +0200] "GET /wp-content/uploads/2023/02/iac-logo-300x102.jpg HTTP/1.1" 200 12705 "-" "Mozilla/5.0 AppleWebKit/537.36 (KHTML, like Gecko; compatible; bingbot/2.0; +http://www.bing.com/bingbot.htm) Chrome/116.0.1938.76 Safari/537.36"
66.249.77.193 - - [10/Feb/2026:13:22:58 +0200] "GET /n/raid61235773.html HTTP/1.1" 200 170288 "-" "Mozilla/5.0 (Linux; Android 6.0.1; Nexus 5X Build/MMB29P) AppleWebKit/537.36 (KHTML, like Gecko) Chrome/144.0.7559.132 Mobile Safari/537.36 (compatible; GoogleOther)"
52.167.144.206 - - [10/Feb/2026:13:28:54 +0200] "GET /dzcxae/d121797048.html HTTP/1.1" 404 105879 "-" "Mozilla/5.0 AppleWebKit/537.36 (KHTML, like Gecko; compatible; bingbot/2.0; +http://www.bing.com/bingbot.htm) Chrome/116.0.1938.76 Safari/537.36"
52.167.144.159 - - [10/Feb/2026:13:30:54 +0200] "GET /fvxfet/w10810511777.html HTTP/1.1" 404 105887 "-" "Mozilla/5.0 AppleWebKit/537.36 (KHTML, like Gecko; compatible; bingbot/2.0; +http://www.bing.com/bingbot.htm) Chrome/116.0.1938.76 Safari/537.36"
94.158.246.181 - - [10/Feb/2026:13:30:56 +0200] "POST /wp-cron.php?doing_wp_cron=1770723056.0439848899841308593750 HTTP/1.1" 200 3401 "-" "WordPress/6.9; https://iac.md"
66.249.77.193 - - [10/Feb/2026:13:31:37 +0200] "GET /n/would32376858.html HTTP/1.1" 200 168942 "-" "Mozilla/5.0 (Linux; Android 6.0.1; Nexus 5X Build/MMB29P) AppleWebKit/537.36 (KHTML, like Gecko) Chrome/144.0.7559.132 Mobile Safari/537.36 (compatible; GoogleOther)"
52.167.144.159 - - [10/Feb/2026:13:34:40 +0200] "GET /wazftv/b1252871438.html HTTP/1.1" 404 105912 "-" "Mozilla/5.0 AppleWebKit/537.36 (KHTML, like Gecko; compatible; bingbot/2.0; +http://www.bing.com/bingbot.htm) Chrome/116.0.1938.76 Safari/537.36"
66.249.77.194 - - [10/Feb/2026:13:37:58 +0200] "GET /n/facto31084834.html HTTP/1.1" 200 168707 "-" "Mozilla/5.0 (Linux; Android 6.0.1; Nexus 5X Build/MMB29P) AppleWebKit/537.36 (KHTML, like Gecko) Chrome/144.0.7559.132 Mobile Safari/537.36 (compatible; GoogleOther)"
40.77.167.72 - - [10/Feb/2026:13:41:34 +0200] "GET /twxvtc/c1027873133.shtm HTTP/1.1" 301 3661 "-" "Mozilla/5.0 AppleWebKit/537.36 (KHTML, like Gecko; compatible; bingbot/2.0; +http://www.bing.com/bingbot.htm) Chrome/116.0.1938.76 Safari/537.36"
40.77.167.7 - - [10/Feb/2026:13:41:44 +0200] "GET /vefxed/c1048691644.shtm HTTP/1.1" 301 3661 "-" "Mozilla/5.0 AppleWebKit/537.36 (KHTML, like Gecko; compatible; bingbot/2.0; +http://www.bing.com/bingbot.htm) Chrome/116.0.1938.76 Safari/537.36"
66.249.77.195 - - [10/Feb/2026:13:45:02 +0200] "GET /n/durin80653127.html HTTP/1.1" 200 169077 "-" "Mozilla/5.0 (Linux; Android 6.0.1; Nexus 5X Build/MMB29P) AppleWebKit/537.36 (KHTML, like Gecko) Chrome/144.0.7559.132 Mobile Safari/537.36 (compatible; GoogleOther)"
66.249.77.193 - - [10/Feb/2026:13:45:28 +0200] "GET /?jukyuban HTTP/1.1" 200 168898 "-" "Mozilla/5.0 (Linux; Android 6.0.1; Nexus 5X Build/MMB29P) AppleWebKit/537.36 (KHTML, like Gecko) Chrome/144.0.7559.132 Mobile Safari/537.36 (compatible; GoogleOther)"
40.77.167.42 - - [10/Feb/2026:13:46:24 +0200] "GET /yexxyx/b1027897057.shtm HTTP/1.1" 404 105912 "-" "Mozilla/5.0 AppleWebKit/537.36 (KHTML, like Gecko; compatible; bingbot/2.0; +http://www.bing.com/bingbot.htm) Chrome/116.0.1938.76 Safari/537.36"
52.167.144.162 - - [10/Feb/2026:13:48:45 +0200] "GET /ywdzxx/z1221407571.shtm HTTP/1.1" 301 3661 "-" "Mozilla/5.0 AppleWebKit/537.36 (KHTML, like Gecko; compatible; bingbot/2.0; +http://www.bing.com/bingbot.htm) Chrome/116.0.1938.76 Safari/537.36"
40.77.167.13 - - [10/Feb/2026:13:55:36 +0200] "GET /vfcexz/w1252814064.html HTTP/1.1" 404 105912 "-" "Mozilla/5.0 AppleWebKit/537.36 (KHTML, like Gecko; compatible; bingbot/2.0; +http://www.bing.com/bingbot.htm) Chrome/116.0.1938.76 Safari/537.36"
86.106.212.58 - - [10/Feb/2026:13:55:40 +0200] "GET /wp-content/uploads/2023/03/salina-780x860.png HTTP/1.1" 200 507100 "https://iac.md/" "Mozilla/5.0 (Windows NT 10.0; Win64; x64; rv:147.0) Gecko/20100101 Firefox/147.0"
86.106.212.58 - - [10/Feb/2026:13:55:40 +0200] "GET /wp-content/uploads/2023/03/contabil-780x860.png HTTP/1.1" 200 750638 "https://iac.md/" "Mozilla/5.0 (Windows NT 10.0; Win64; x64; rv:147.0) Gecko/20100101 Firefox/147.0"
86.106.212.58 - - [10/Feb/2026:13:56:19 +0200] "GET /rezidenti/ HTTP/1.1" 200 223832 "https://iac.md/" "Mozilla/5.0 (Windows NT 10.0; Win64; x64; rv:147.0) Gecko/20100101 Firefox/147.0"
86.106.212.58 - - [10/Feb/2026:13:56:21 +0200] "GET /wp-content/uploads/elementor/css/post-53.css?ver=1768952420 HTTP/1.1" 200 22517 "https://iac.md/rezidenti/" "Mozilla/5.0 (Windows NT 10.0; Win64; x64; rv:147.0) Gecko/20100101 Firefox/147.0"
86.106.212.58 - - [10/Feb/2026:13:56:21 +0200] "GET /wp-includes/js/mediaelement/wp-mediaelement.min.css?ver=6.9 HTTP/1.1" 200 7796 "https://iac.md/rezidenti/" "Mozilla/5.0 (Windows NT 10.0; Win64; x64; rv:147.0) Gecko/20100101 Firefox/147.0"
86.106.212.58 - - [10/Feb/2026:13:56:21 +0200] "GET /wp-includes/js/mediaelement/mediaelementplayer-legacy.min.css?ver=4.2.17 HTTP/1.1" 200 14867 "https://iac.md/rezidenti/" "Mozilla/5.0 (Windows NT 10.0; Win64; x64; rv:147.0) Gecko/20100101 Firefox/147.0"
86.106.212.58 - - [10/Feb/2026:13:56:21 +0200] "GET /wp-content/plugins/elementor/assets/lib/font-awesome/css/brands.min.css?ver=5.15.3 HTTP/1.1" 200 4283 "https://iac.md/rezidenti/" "Mozilla/5.0 (Windows NT 10.0; Win64; x64; rv:147.0) Gecko/20100101 Firefox/147.0"
86.106.212.58 - - [10/Feb/2026:13:56:21 +0200] "GET /wp-includes/js/mediaelement/mediaelement-migrate.min.js?ver=6.9 HTTP/1.1" 200 1555 "https://iac.md/rezidenti/" "Mozilla/5.0 (Windows NT 10.0; Win64; x64; rv:147.0) Gecko/20100101 Firefox/147.0"
86.106.212.58 - - [10/Feb/2026:13:56:21 +0200] "GET /wp-includes/js/mediaelement/wp-mediaelement.min.js?ver=6.9 HTTP/1.1" 200 4730 "https://iac.md/rezidenti/" "Mozilla/5.0 (Windows NT 10.0; Win64; x64; rv:147.0) Gecko/20100101 Firefox/147.0"
86.106.212.58 - - [10/Feb/2026:13:56:21 +0200] "GET /wp-includes/js/mediaelement/renderers/vimeo.min.js?ver=4.2.17 HTTP/1.1" 200 6829 "https://iac.md/rezidenti/" "Mozilla/5.0 (Windows NT 10.0; Win64; x64; rv:147.0) Gecko/20100101 Firefox/147.0"
86.106.212.58 - - [10/Feb/2026:13:56:21 +0200] "GET /wp-includes/js/mediaelement/mediaelement-and-player.min.js?ver=4.2.17 HTTP/1.1" 200 158634 "https://iac.md/rezidenti/" "Mozilla/5.0 (Windows NT 10.0; Win64; x64; rv:147.0) Gecko/20100101 Firefox/147.0"
86.106.212.58 - - [10/Feb/2026:13:56:21 +0200] "GET /wp-content/uploads/2026/01/19-e1768947234835-1024x816.jpg HTTP/1.1" 200 93770 "https://iac.md/rezidenti/" "Mozilla/5.0 (Windows NT 10.0; Win64; x64; rv:147.0) Gecko/20100101 Firefox/147.0"
86.106.212.58 - - [10/Feb/2026:13:56:21 +0200] "GET /wp-content/uploads/2023/02/iac-rezident-andrei.png HTTP/1.1" 200 367920 "https://iac.md/rezidenti/" "Mozilla/5.0 (Windows NT 10.0; Win64; x64; rv:147.0) Gecko/20100101 Firefox/147.0"
86.106.212.58 - - [10/Feb/2026:13:56:21 +0200] "GET /wp-content/uploads/2026/01/rezident-vera.png HTTP/1.1" 200 207320 "https://iac.md/rezidenti/" "Mozilla/5.0 (Windows NT 10.0; Win64; x64; rv:147.0) Gecko/20100101 Firefox/147.0"
86.106.212.58 - - [10/Feb/2026:13:56:21 +0200] "GET /wp-content/uploads/2020/03/event5-sectionbg3.jpg HTTP/1.1" 200 29937 "https://iac.md/wp-content/uploads/elementor/css/post-53.css?ver=1768952420" "Mozilla/5.0 (Windows NT 10.0; Win64; x64; rv:147.0) Gecko/20100101 Firefox/147.0"
86.106.212.58 - - [10/Feb/2026:13:56:21 +0200] "GET /wp-content/plugins/elementor/assets/lib/font-awesome/webfonts/fa-brands-400.woff2 HTTP/1.1" 200 77347 "https://iac.md/wp-content/plugins/elementor/assets/lib/font-awesome/css/brands.min.css?ver=5.15.3" "Mozilla/5.0 (Windows NT 10.0; Win64; x64; rv:147.0) Gecko/20100101 Firefox/147.0"
86.106.212.58 - - [10/Feb/2026:13:56:21 +0200] "GET /wp-content/uploads/2023/02/iac-rezident-andrei.png HTTP/1.1" 200 527745 "https://iac.md/rezidenti/" "Mozilla/5.0 (Windows NT 10.0; Win64; x64; rv:147.0) Gecko/20100101 Firefox/147.0"
86.106.212.58 - - [10/Feb/2026:13:56:21 +0200] "GET /wp-content/uploads/2026/01/rezident-vera.png HTTP/1.1" 200 660819 "https://iac.md/rezidenti/" "Mozilla/5.0 (Windows NT 10.0; Win64; x64; rv:147.0) Gecko/20100101 Firefox/147.0"
86.106.212.58 - - [10/Feb/2026:13:56:21 +0200] "GET /wp-content/themes/betheme/fonts/fontawesome/fa-brands-400.woff2 HTTP/1.1" 200 78905 "https://iac.md/wp-content/themes/betheme/fonts/fontawesome/fontawesome.css?ver=26.6.7" "Mozilla/5.0 (Windows NT 10.0; Win64; x64; rv:147.0) Gecko/20100101 Firefox/147.0"
86.106.212.58 - - [10/Feb/2026:13:56:21 +0200] "GET /wp-content/plugins/elementor/assets/js/video.d86bfd0676264945e968.bundle.min.js HTTP/1.1" 200 3863 "https://iac.md/rezidenti/" "Mozilla/5.0 (Windows NT 10.0; Win64; x64; rv:147.0) Gecko/20100101 Firefox/147.0"
86.106.212.58 - - [10/Feb/2026:13:56:28 +0200] "GET /wp-content/uploads/elementor/thumbs/TMD-World-Vision-q29eic1cg8kbapuplt65ji12cnzwwi9vepw3brhntc.png HTTP/1.1" 200 7137 "https://iac.md/rezidenti/" "Mozilla/5.0 (Windows NT 10.0; Win64; x64; rv:147.0) Gecko/20100101 Firefox/147.0"
52.167.144.18 - - [10/Feb/2026:13:56:33 +0200] "GET /cxeabx/a1027581182.html HTTP/1.1" 404 105912 "-" "Mozilla/5.0 AppleWebKit/537.36 (KHTML, like Gecko; compatible; bingbot/2.0; +http://www.bing.com/bingbot.htm) Chrome/116.0.1938.76 Safari/537.36"
86.106.212.58 - - [10/Feb/2026:13:56:34 +0200] "GET /wp-content/uploads/2026/01/boni-rezident.png HTTP/1.1" 200 365879 "https://iac.md/rezidenti/" "Mozilla/5.0 (Windows NT 10.0; Win64; x64; rv:147.0) Gecko/20100101 Firefox/147.0"
66.249.77.193 - - [10/Feb/2026:13:57:13 +0200] "GET /n/clock22116273.html HTTP/1.1" 200 171307 "-" "Mozilla/5.0 (Linux; Android 6.0.1; Nexus 5X Build/MMB29P) AppleWebKit/537.36 (KHTML, like Gecko) Chrome/144.0.7559.132 Mobile Safari/537.36 (compatible; GoogleOther)"
40.77.167.13 - - [10/Feb/2026:13:57:16 +0200] "GET /azuuuu/y1006736074.html HTTP/1.1" 404 105912 "-" "Mozilla/5.0 AppleWebKit/537.36 (KHTML, like Gecko; compatible; bingbot/2.0; +http://www.bing.com/bingbot.htm) Chrome/116.0.1938.76 Safari/537.36"
86.106.212.58 - - [10/Feb/2026:13:57:18 +0200] "GET /wp-content/uploads/2023/03/ilinca_style.png HTTP/1.1" 200 300589 "https://iac.md/rezidenti/" "Mozilla/5.0 (Windows NT 10.0; Win64; x64; rv:147.0) Gecko/20100101 Firefox/147.0"
66.249.77.193 - - [10/Feb/2026:13:57:17 +0200] "GET /n/foul50551972.html HTTP/1.1" 200 166000 "-" "Mozilla/5.0 (Linux; Android 6.0.1; Nexus 5X Build/MMB29P) AppleWebKit/537.36 (KHTML, like Gecko) Chrome/144.0.7559.132 Mobile Safari/537.36 (compatible; GoogleOther)"
66.249.77.193 - - [10/Feb/2026:13:57:22 +0200] "GET /?shop/pg/1recruit HTTP/1.1" 200 165465 "-" "Mozilla/5.0 (Linux; Android 6.0.1; Nexus 5X Build/MMB29P) AppleWebKit/537.36 (KHTML, like Gecko) Chrome/144.0.7559.132 Mobile Safari/537.36 (compatible; GoogleOther)"
52.167.144.172 - - [10/Feb/2026:13:57:35 +0200] "GET /xtwzyz/a1242462886.shtm HTTP/1.1" 301 3661 "-" "Mozilla/5.0 AppleWebKit/537.36 (KHTML, like Gecko; compatible; bingbot/2.0; +http://www.bing.com/bingbot.htm) Chrome/116.0.1938.76 Safari/537.36"
