74.7.241.17 - - [11/Feb/2026:01:56:11 +0200] "GET /?fileloc=/var/www/vhosts/iac.md/httpdocs/wp-includes/sodium_compat/lib/stream-xchacha20.php&path=/var/www/vhosts/iac.md/httpdocs/wp-includes/sodium_compat/lib HTTP/1.1" 200 15120 "https://iac.md/?path=/var/www/vhosts/iac.md/httpdocs/wp-includes/sodium_compat/lib" "Mozilla/5.0 AppleWebKit/537.36 (KHTML, like Gecko; compatible; GPTBot/1.3; +https://openai.com/gptbot)"
74.7.241.17 - - [11/Feb/2026:01:56:14 +0200] "GET /?path=/var/www/vhosts/iac.md/httpdocs/wp-content/uploads/2023/04 HTTP/1.1" 200 79766 "https://iac.md/?path=/var/www/vhosts/iac.md/httpdocs/wp-content/uploads/2023" "Mozilla/5.0 AppleWebKit/537.36 (KHTML, like Gecko; compatible; GPTBot/1.3; +https://openai.com/gptbot)"
66.249.77.193 - - [11/Feb/2026:01:56:14 +0200] "GET /n/affai32267250.html HTTP/1.1" 200 168803 "-" "Mozilla/5.0 (Linux; Android 6.0.1; Nexus 5X Build/MMB29P) AppleWebKit/537.36 (KHTML, like Gecko) Chrome/144.0.7559.132 Mobile Safari/537.36 (compatible; GoogleOther)"
74.7.241.17 - - [11/Feb/2026:01:56:17 +0200] "GET /?path=/var/www/vhosts/iac.md/httpdocs/wp-content/uploads/2024/11 HTTP/1.1" 200 15009 "https://iac.md/?path=/var/www/vhosts/iac.md/httpdocs/wp-content/uploads/2024" "Mozilla/5.0 AppleWebKit/537.36 (KHTML, like Gecko; compatible; GPTBot/1.3; +https://openai.com/gptbot)"
74.7.241.17 - - [11/Feb/2026:01:56:20 +0200] "GET /?fileloc=/var/www/vhosts/iac.md/httpdocs/wp-content/uploads/elementor/css/post-15.css&path=/var/www/vhosts/iac.md/httpdocs/wp-content/uploads/elementor/css HTTP/1.1" 200 16462 "https://iac.md/?path=/var/www/vhosts/iac.md/httpdocs/wp-content/uploads/elementor/css" "Mozilla/5.0 AppleWebKit/537.36 (KHTML, like Gecko; compatible; GPTBot/1.3; +https://openai.com/gptbot)"
74.7.241.17 - - [11/Feb/2026:01:56:23 +0200] "GET /?fileloc=/var/www/vhosts/iac.md/httpdocs/wp-content/uploads/elementor/css/post-51.css&path=/var/www/vhosts/iac.md/httpdocs/wp-content/uploads/elementor/css HTTP/1.1" 200 18735 "https://iac.md/?path=/var/www/vhosts/iac.md/httpdocs/wp-content/uploads/elementor/css" "Mozilla/5.0 AppleWebKit/537.36 (KHTML, like Gecko; compatible; GPTBot/1.3; +https://openai.com/gptbot)"
74.7.241.17 - - [11/Feb/2026:01:56:26 +0200] "GET /?fileloc=/var/www/vhosts/iac.md/httpdocs/wp-content/uploads/elementor/css/post-53.css&path=/var/www/vhosts/iac.md/httpdocs/wp-content/uploads/elementor/css HTTP/1.1" 200 35502 "https://iac.md/?path=/var/www/vhosts/iac.md/httpdocs/wp-content/uploads/elementor/css" "Mozilla/5.0 AppleWebKit/537.36 (KHTML, like Gecko; compatible; GPTBot/1.3; +https://openai.com/gptbot)"
74.7.241.17 - - [11/Feb/2026:01:56:29 +0200] "GET /?fileloc=/var/www/vhosts/iac.md/httpdocs/wp-content/uploads/elementor/css/post-2.css&path=/var/www/vhosts/iac.md/httpdocs/wp-content/uploads/elementor/css HTTP/1.1" 200 14222 "https://iac.md/?path=/var/www/vhosts/iac.md/httpdocs/wp-content/uploads/elementor/css" "Mozilla/5.0 AppleWebKit/537.36 (KHTML, like Gecko; compatible; GPTBot/1.3; +https://openai.com/gptbot)"
74.7.241.17 - - [11/Feb/2026:01:56:32 +0200] "GET /?path=/var/www/vhosts/iac.md/httpdocs/wp-content/uploads/2025/10 HTTP/1.1" 200 15009 "https://iac.md/?path=/var/www/vhosts/iac.md/httpdocs/wp-content/uploads/2025" "Mozilla/5.0 AppleWebKit/537.36 (KHTML, like Gecko; compatible; GPTBot/1.3; +https://openai.com/gptbot)"
74.7.241.17 - - [11/Feb/2026:01:56:35 +0200] "GET /?fileloc=/var/www/vhosts/iac.md/httpdocs/wp-content/uploads/2023/03/70.jpg&path=/var/www/vhosts/iac.md/httpdocs/wp-content/uploads/2023/03 HTTP/1.1" 200 1044159 "https://iac.md/?path=/var/www/vhosts/iac.md/httpdocs/wp-content/uploads/2023/03" "Mozilla/5.0 AppleWebKit/537.36 (KHTML, like Gecko; compatible; GPTBot/1.3; +https://openai.com/gptbot)"
74.7.241.17 - - [11/Feb/2026:01:56:38 +0200] "GET /?fileloc=/var/www/vhosts/iac.md/httpdocs/wp-content/uploads/2023/02/65.jpg&path=/var/www/vhosts/iac.md/httpdocs/wp-content/uploads/2023/02 HTTP/1.1" 200 620184 "https://iac.md/?path=/var/www/vhosts/iac.md/httpdocs/wp-content/uploads/2023/02" "Mozilla/5.0 AppleWebKit/537.36 (KHTML, like Gecko; compatible; GPTBot/1.3; +https://openai.com/gptbot)"
74.7.241.17 - - [11/Feb/2026:01:56:42 +0200] "GET /?fileloc=/var/www/vhosts/iac.md/httpdocs/wp-content/uploads/2023/02/61.jpg&path=/var/www/vhosts/iac.md/httpdocs/wp-content/uploads/2023/02 HTTP/1.1" 200 753819 "https://iac.md/?path=/var/www/vhosts/iac.md/httpdocs/wp-content/uploads/2023/02" "Mozilla/5.0 AppleWebKit/537.36 (KHTML, like Gecko; compatible; GPTBot/1.3; +https://openai.com/gptbot)"
74.7.241.17 - - [11/Feb/2026:01:56:45 +0200] "GET /?fileloc=/var/www/vhosts/iac.md/httpdocs/wp-content/uploads/2023/03/cosmetologie-256x300.png&path=/var/www/vhosts/iac.md/httpdocs/wp-content/uploads/2023/03 HTTP/1.1" 200 164094 "https://iac.md/?path=/var/www/vhosts/iac.md/httpdocs/wp-content/uploads/2023/03" "Mozilla/5.0 AppleWebKit/537.36 (KHTML, like Gecko; compatible; GPTBot/1.3; +https://openai.com/gptbot)"
74.7.241.17 - - [11/Feb/2026:01:56:48 +0200] "GET /?fileloc=/var/www/vhosts/iac.md/httpdocs/wp-content/uploads/2023/03/cosmetologie-780x720.png&path=/var/www/vhosts/iac.md/httpdocs/wp-content/uploads/2023/03 HTTP/1.1" 200 1015263 "https://iac.md/?path=/var/www/vhosts/iac.md/httpdocs/wp-content/uploads/2023/03" "Mozilla/5.0 AppleWebKit/537.36 (KHTML, like Gecko; compatible; GPTBot/1.3; +https://openai.com/gptbot)"
74.7.241.17 - - [11/Feb/2026:01:56:51 +0200] "GET /?fileloc=/var/www/vhosts/iac.md/httpdocs/wp-content/uploads/2023/03/70-1492x860.jpg&path=/var/www/vhosts/iac.md/httpdocs/wp-content/uploads/2023/03 HTTP/1.1" 200 549944 "https://iac.md/?path=/var/www/vhosts/iac.md/httpdocs/wp-content/uploads/2023/03" "Mozilla/5.0 AppleWebKit/537.36 (KHTML, like Gecko; compatible; GPTBot/1.3; +https://openai.com/gptbot)"
66.249.77.193 - - [11/Feb/2026:01:56:50 +0200] "GET /n/outli40214227.html HTTP/1.1" 200 169683 "-" "Mozilla/5.0 (Linux; Android 6.0.1; Nexus 5X Build/MMB29P) AppleWebKit/537.36 (KHTML, like Gecko) Chrome/144.0.7559.132 Mobile Safari/537.36 (compatible; GoogleOther)"
74.7.241.17 - - [11/Feb/2026:01:56:54 +0200] "GET /?fileloc=/var/www/vhosts/iac.md/httpdocs/wp-content/uploads/2023/02/65-1024x768.jpg&path=/var/www/vhosts/iac.md/httpdocs/wp-content/uploads/2023/02 HTTP/1.1" 200 232060 "https://iac.md/?path=/var/www/vhosts/iac.md/httpdocs/wp-content/uploads/2023/02" "Mozilla/5.0 AppleWebKit/537.36 (KHTML, like Gecko; compatible; GPTBot/1.3; +https://openai.com/gptbot)"
74.7.241.17 - - [11/Feb/2026:01:56:57 +0200] "GET /?fileloc=/var/www/vhosts/iac.md/httpdocs/wp-content/uploads/2023/03/nataliaGavrilita-300x200.jpg&path=/var/www/vhosts/iac.md/httpdocs/wp-content/uploads/2023/03 HTTP/1.1" 200 37738 "https://iac.md/?path=/var/www/vhosts/iac.md/httpdocs/wp-content/uploads/2023/03" "Mozilla/5.0 AppleWebKit/537.36 (KHTML, like Gecko; compatible; GPTBot/1.3; +https://openai.com/gptbot)"
74.7.241.17 - - [11/Feb/2026:01:57:00 +0200] "GET /?fileloc=/var/www/vhosts/iac.md/httpdocs/wp-content/uploads/2023/03/nataliaGavrilita-219x146.jpg&path=/var/www/vhosts/iac.md/httpdocs/wp-content/uploads/2023/03 HTTP/1.1" 200 29222 "https://iac.md/?path=/var/www/vhosts/iac.md/httpdocs/wp-content/uploads/2023/03" "Mozilla/5.0 AppleWebKit/537.36 (KHTML, like Gecko; compatible; GPTBot/1.3; +https://openai.com/gptbot)"
74.7.241.17 - - [11/Feb/2026:01:57:03 +0200] "GET /?fileloc=/var/www/vhosts/iac.md/httpdocs/wp-content/uploads/2023/03/nataliaGavrilita-150x150.jpg&path=/var/www/vhosts/iac.md/httpdocs/wp-content/uploads/2023/03 HTTP/1.1" 200 25784 "https://iac.md/?path=/var/www/vhosts/iac.md/httpdocs/wp-content/uploads/2023/03" "Mozilla/5.0 AppleWebKit/537.36 (KHTML, like Gecko; compatible; GPTBot/1.3; +https://openai.com/gptbot)"
74.7.241.17 - - [11/Feb/2026:01:57:06 +0200] "GET /?fileloc=/var/www/vhosts/iac.md/httpdocs/wp-content/uploads/2023/03/cosmetologie.png&path=/var/www/vhosts/iac.md/httpdocs/wp-content/uploads/2023/03 HTTP/1.1" 200 1175042 "https://iac.md/?path=/var/www/vhosts/iac.md/httpdocs/wp-content/uploads/2023/03" "Mozilla/5.0 AppleWebKit/537.36 (KHTML, like Gecko; compatible; GPTBot/1.3; +https://openai.com/gptbot)"
74.7.241.17 - - [11/Feb/2026:01:57:10 +0200] "GET /?fileloc=/var/www/vhosts/iac.md/httpdocs/wp-content/uploads/2023/03/imobiliare.png&path=/var/www/vhosts/iac.md/httpdocs/wp-content/uploads/2023/03 HTTP/1.1" 200 1662616 "https://iac.md/?path=/var/www/vhosts/iac.md/httpdocs/wp-content/uploads/2023/03" "Mozilla/5.0 AppleWebKit/537.36 (KHTML, like Gecko; compatible; GPTBot/1.3; +https://openai.com/gptbot)"
74.7.241.17 - - [11/Feb/2026:01:57:13 +0200] "GET /?fileloc=/var/www/vhosts/iac.md/httpdocs/wp-content/uploads/2023/03/sweet-house.png&path=/var/www/vhosts/iac.md/httpdocs/wp-content/uploads/2023/03 HTTP/1.1" 200 1164014 "https://iac.md/?path=/var/www/vhosts/iac.md/httpdocs/wp-content/uploads/2023/03" "Mozilla/5.0 AppleWebKit/537.36 (KHTML, like Gecko; compatible; GPTBot/1.3; +https://openai.com/gptbot)"
66.249.77.193 - - [11/Feb/2026:01:57:15 +0200] "GET /n/laser42443387.html HTTP/1.1" 200 168866 "-" "Mozilla/5.0 (Linux; Android 6.0.1; Nexus 5X Build/MMB29P) AppleWebKit/537.36 (KHTML, like Gecko) Chrome/144.0.7559.132 Mobile Safari/537.36 (compatible; GoogleOther)"
74.7.241.17 - - [11/Feb/2026:01:57:16 +0200] "GET /?fileloc=/var/www/vhosts/iac.md/httpdocs/wp-content/uploads/2023/02/iac-rezident.png&path=/var/www/vhosts/iac.md/httpdocs/wp-content/uploads/2023/02 HTTP/1.1" 200 1292014 "https://iac.md/?path=/var/www/vhosts/iac.md/httpdocs/wp-content/uploads/2023/02" "Mozilla/5.0 AppleWebKit/537.36 (KHTML, like Gecko; compatible; GPTBot/1.3; +https://openai.com/gptbot)"
74.7.241.17 - - [11/Feb/2026:01:57:19 +0200] "GET /?fileloc=/var/www/vhosts/iac.md/httpdocs/wp-content/uploads/2023/02/iac-rezident-petru.png&path=/var/www/vhosts/iac.md/httpdocs/wp-content/uploads/2023/02 HTTP/1.1" 200 1265456 "https://iac.md/?path=/var/www/vhosts/iac.md/httpdocs/wp-content/uploads/2023/02" "Mozilla/5.0 AppleWebKit/537.36 (KHTML, like Gecko; compatible; GPTBot/1.3; +https://openai.com/gptbot)"
74.7.241.17 - - [11/Feb/2026:01:57:22 +0200] "GET /?fileloc=/var/www/vhosts/iac.md/httpdocs/wp-content/uploads/2023/03/electric.webp&path=/var/www/vhosts/iac.md/httpdocs/wp-content/uploads/2023/03 HTTP/1.1" 200 517719 "https://iac.md/?path=/var/www/vhosts/iac.md/httpdocs/wp-content/uploads/2023/03" "Mozilla/5.0 AppleWebKit/537.36 (KHTML, like Gecko; compatible; GPTBot/1.3; +https://openai.com/gptbot)"
74.7.241.17 - - [11/Feb/2026:01:57:25 +0200] "GET /?fileloc=/var/www/vhosts/iac.md/httpdocs/wp-content/uploads/2023/03/ilinca_style.png&path=/var/www/vhosts/iac.md/httpdocs/wp-content/uploads/2023/03 HTTP/1.1" 200 568860 "https://iac.md/?path=/var/www/vhosts/iac.md/httpdocs/wp-content/uploads/2023/03" "Mozilla/5.0 AppleWebKit/537.36 (KHTML, like Gecko; compatible; GPTBot/1.3; +https://openai.com/gptbot)"
74.7.241.17 - - [11/Feb/2026:01:57:29 +0200] "GET /?fileloc=/var/www/vhosts/iac.md/httpdocs/wp-content/uploads/2023/02/iac-rezident-andrei.png&path=/var/www/vhosts/iac.md/httpdocs/wp-content/uploads/2023/02 HTTP/1.1" 200 987347 "https://iac.md/?path=/var/www/vhosts/iac.md/httpdocs/wp-content/uploads/2023/02" "Mozilla/5.0 AppleWebKit/537.36 (KHTML, like Gecko; compatible; GPTBot/1.3; +https://openai.com/gptbot)"
74.7.241.17 - - [11/Feb/2026:01:57:32 +0200] "GET /?fileloc=/var/www/vhosts/iac.md/httpdocs/wp-content/uploads/2023/03/Black-logo-960x720.jpg&path=/var/www/vhosts/iac.md/httpdocs/wp-content/uploads/2023/03 HTTP/1.1" 200 54110 "https://iac.md/?path=/var/www/vhosts/iac.md/httpdocs/wp-content/uploads/2023/03" "Mozilla/5.0 AppleWebKit/537.36 (KHTML, like Gecko; compatible; GPTBot/1.3; +https://openai.com/gptbot)"
74.7.241.17 - - [11/Feb/2026:01:57:35 +0200] "GET /?fileloc=/var/www/vhosts/iac.md/httpdocs/wp-content/uploads/2023/03/Black-logo-85x85.jpg&path=/var/www/vhosts/iac.md/httpdocs/wp-content/uploads/2023/03 HTTP/1.1" 200 15425 "https://iac.md/?path=/var/www/vhosts/iac.md/httpdocs/wp-content/uploads/2023/03" "Mozilla/5.0 AppleWebKit/537.36 (KHTML, like Gecko; compatible; GPTBot/1.3; +https://openai.com/gptbot)"
66.249.77.193 - - [11/Feb/2026:01:57:36 +0200] "GET /n/expec52973212.html HTTP/1.1" 200 168507 "-" "Mozilla/5.0 (Linux; Android 6.0.1; Nexus 5X Build/MMB29P) AppleWebKit/537.36 (KHTML, like Gecko) Chrome/144.0.7559.132 Mobile Safari/537.36 (compatible; GoogleOther)"
74.7.241.17 - - [11/Feb/2026:01:57:38 +0200] "GET /?fileloc=/var/www/vhosts/iac.md/httpdocs/wp-content/uploads/2023/03/Black-logo-50x50.jpg&path=/var/www/vhosts/iac.md/httpdocs/wp-content/uploads/2023/03 HTTP/1.1" 200 14855 "https://iac.md/?path=/var/www/vhosts/iac.md/httpdocs/wp-content/uploads/2023/03" "Mozilla/5.0 AppleWebKit/537.36 (KHTML, like Gecko; compatible; GPTBot/1.3; +https://openai.com/gptbot)"
74.7.241.17 - - [11/Feb/2026:01:57:41 +0200] "GET /?fileloc=/var/www/vhosts/iac.md/httpdocs/wp-content/uploads/2023/03/DSC_0094_edited.jpg&path=/var/www/vhosts/iac.md/httpdocs/wp-content/uploads/2023/03 HTTP/1.1" 200 175595 "https://iac.md/?path=/var/www/vhosts/iac.md/httpdocs/wp-content/uploads/2023/03" "Mozilla/5.0 AppleWebKit/537.36 (KHTML, like Gecko; compatible; GPTBot/1.3; +https://openai.com/gptbot)"
74.7.241.17 - - [11/Feb/2026:01:57:44 +0200] "GET /?fileloc=/var/www/vhosts/iac.md/httpdocs/wp-content/uploads/2023/03/Black-logo-75x75.jpg&path=/var/www/vhosts/iac.md/httpdocs/wp-content/uploads/2023/03 HTTP/1.1" 200 15255 "https://iac.md/?path=/var/www/vhosts/iac.md/httpdocs/wp-content/uploads/2023/03" "Mozilla/5.0 AppleWebKit/537.36 (KHTML, like Gecko; compatible; GPTBot/1.3; +https://openai.com/gptbot)"
74.7.241.17 - - [11/Feb/2026:01:57:48 +0200] "GET /?fileloc=/var/www/vhosts/iac.md/httpdocs/wp-content/uploads/2023/03/Black-logo-150x150.jpg&path=/var/www/vhosts/iac.md/httpdocs/wp-content/uploads/2023/03 HTTP/1.1" 200 17124 "https://iac.md/?path=/var/www/vhosts/iac.md/httpdocs/wp-content/uploads/2023/03" "Mozilla/5.0 AppleWebKit/537.36 (KHTML, like Gecko; compatible; GPTBot/1.3; +https://openai.com/gptbot)"
74.7.241.17 - - [11/Feb/2026:01:57:51 +0200] "GET /?fileloc=/var/www/vhosts/iac.md/httpdocs/wp-content/uploads/2023/03/Black-logo-80x80.jpg&path=/var/www/vhosts/iac.md/httpdocs/wp-content/uploads/2023/03 HTTP/1.1" 200 15378 "https://iac.md/?path=/var/www/vhosts/iac.md/httpdocs/wp-content/uploads/2023/03" "Mozilla/5.0 AppleWebKit/537.36 (KHTML, like Gecko; compatible; GPTBot/1.3; +https://openai.com/gptbot)"
74.7.241.17 - - [11/Feb/2026:01:57:54 +0200] "GET /?fileloc=/var/www/vhosts/iac.md/httpdocs/wp-content/uploads/2023/03/Black-logo-300x300.jpg&path=/var/www/vhosts/iac.md/httpdocs/wp-content/uploads/2023/03 HTTP/1.1" 200 22496 "https://iac.md/?path=/var/www/vhosts/iac.md/httpdocs/wp-content/uploads/2023/03" "Mozilla/5.0 AppleWebKit/537.36 (KHTML, like Gecko; compatible; GPTBot/1.3; +https://openai.com/gptbot)"
74.7.241.17 - - [11/Feb/2026:01:57:57 +0200] "GET /?fileloc=/var/www/vhosts/iac.md/httpdocs/wp-content/uploads/2023/03/eu4business-1536x1178.jpg&path=/var/www/vhosts/iac.md/httpdocs/wp-content/uploads/2023/03 HTTP/1.1" 200 438604 "https://iac.md/?path=/var/www/vhosts/iac.md/httpdocs/wp-content/uploads/2023/03" "Mozilla/5.0 AppleWebKit/537.36 (KHTML, like Gecko; compatible; GPTBot/1.3; +https://openai.com/gptbot)"
74.7.241.17 - - [11/Feb/2026:01:58:00 +0200] "GET /?fileloc=/var/www/vhosts/iac.md/httpdocs/wp-content/uploads/2023/03/eu4business-2048x1570.jpg&path=/var/www/vhosts/iac.md/httpdocs/wp-content/uploads/2023/03 HTTP/1.1" 200 684480 "https://iac.md/?path=/var/www/vhosts/iac.md/httpdocs/wp-content/uploads/2023/03" "Mozilla/5.0 AppleWebKit/537.36 (KHTML, like Gecko; compatible; GPTBot/1.3; +https://openai.com/gptbot)"
74.7.241.17 - - [11/Feb/2026:01:58:03 +0200] "GET /?fileloc=/var/www/vhosts/iac.md/httpdocs/wp-content/uploads/2023/03/aim.webp&path=/var/www/vhosts/iac.md/httpdocs/wp-content/uploads/2023/03 HTTP/1.1" 200 354786 "https://iac.md/?path=/var/www/vhosts/iac.md/httpdocs/wp-content/uploads/2023/03" "Mozilla/5.0 AppleWebKit/537.36 (KHTML, like Gecko; compatible; GPTBot/1.3; +https://openai.com/gptbot)"
74.7.241.17 - - [11/Feb/2026:01:58:06 +0200] "GET /?fileloc=/var/www/vhosts/iac.md/httpdocs/wp-content/uploads/2023/02/iac-drona-45-1-1280x1000.jpg&path=/var/www/vhosts/iac.md/httpdocs/wp-content/uploads/2023/02 HTTP/1.1" 200 820935 "https://iac.md/?path=/var/www/vhosts/iac.md/httpdocs/wp-content/uploads/2023/02" "Mozilla/5.0 AppleWebKit/537.36 (KHTML, like Gecko; compatible; GPTBot/1.3; +https://openai.com/gptbot)"
74.7.241.17 - - [11/Feb/2026:01:58:09 +0200] "GET /?fileloc=/var/www/vhosts/iac.md/httpdocs/wp-content/uploads/2023/02/iac-drona-45-1280x1000.jpg&path=/var/www/vhosts/iac.md/httpdocs/wp-content/uploads/2023/02 HTTP/1.1" 200 821281 "https://iac.md/?path=/var/www/vhosts/iac.md/httpdocs/wp-content/uploads/2023/02" "Mozilla/5.0 AppleWebKit/537.36 (KHTML, like Gecko; compatible; GPTBot/1.3; +https://openai.com/gptbot)"
74.7.241.17 - - [11/Feb/2026:01:58:12 +0200] "GET /?fileloc=/var/www/vhosts/iac.md/httpdocs/wp-content/uploads/2023/02/iac-drona-45-1-1280x500.jpg&path=/var/www/vhosts/iac.md/httpdocs/wp-content/uploads/2023/02 HTTP/1.1" 200 457782 "https://iac.md/?path=/var/www/vhosts/iac.md/httpdocs/wp-content/uploads/2023/02" "Mozilla/5.0 AppleWebKit/537.36 (KHTML, like Gecko; compatible; GPTBot/1.3; +https://openai.com/gptbot)"
74.7.241.17 - - [11/Feb/2026:01:58:15 +0200] "GET /?fileloc=/var/www/vhosts/iac.md/httpdocs/wp-content/uploads/2023/02/dcs_5561-scaled-1-150x150.jpg&path=/var/www/vhosts/iac.md/httpdocs/wp-content/uploads/2023/02 HTTP/1.1" 200 21956 "https://iac.md/?path=/var/www/vhosts/iac.md/httpdocs/wp-content/uploads/2023/02" "Mozilla/5.0 AppleWebKit/537.36 (KHTML, like Gecko; compatible; GPTBot/1.3; +https://openai.com/gptbot)"
66.249.77.193 - - [11/Feb/2026:01:58:16 +0200] "GET /n/presc60482125.html HTTP/1.1" 200 169034 "-" "Mozilla/5.0 (Linux; Android 6.0.1; Nexus 5X Build/MMB29P) AppleWebKit/537.36 (KHTML, like Gecko) Chrome/144.0.7559.132 Mobile Safari/537.36 (compatible; GoogleOther)"
74.7.241.17 - - [11/Feb/2026:01:58:18 +0200] "GET /?fileloc=/var/www/vhosts/iac.md/httpdocs/wp-content/uploads/2023/02/dcs_5561-scaled-2-300x200.jpg&path=/var/www/vhosts/iac.md/httpdocs/wp-content/uploads/2023/02 HTTP/1.1" 200 31169 "https://iac.md/?path=/var/www/vhosts/iac.md/httpdocs/wp-content/uploads/2023/02" "Mozilla/5.0 AppleWebKit/537.36 (KHTML, like Gecko; compatible; GPTBot/1.3; +https://openai.com/gptbot)"
74.7.241.17 - - [11/Feb/2026:01:58:22 +0200] "GET /?fileloc=/var/www/vhosts/iac.md/httpdocs/wp-content/uploads/2023/02/dcs_5561-scaled-2-150x150.jpg&path=/var/www/vhosts/iac.md/httpdocs/wp-content/uploads/2023/02 HTTP/1.1" 200 21956 "https://iac.md/?path=/var/www/vhosts/iac.md/httpdocs/wp-content/uploads/2023/02" "Mozilla/5.0 AppleWebKit/537.36 (KHTML, like Gecko; compatible; GPTBot/1.3; +https://openai.com/gptbot)"
74.7.241.17 - - [11/Feb/2026:01:58:25 +0200] "GET /?fileloc=/var/www/vhosts/iac.md/httpdocs/wp-content/uploads/2023/02/dcs_5561-scaled-1-300x200.jpg&path=/var/www/vhosts/iac.md/httpdocs/wp-content/uploads/2023/02 HTTP/1.1" 200 31169 "https://iac.md/?path=/var/www/vhosts/iac.md/httpdocs/wp-content/uploads/2023/02" "Mozilla/5.0 AppleWebKit/537.36 (KHTML, like Gecko; compatible; GPTBot/1.3; +https://openai.com/gptbot)"
66.249.77.193 - - [11/Feb/2026:01:58:25 +0200] "GET /n/ditch20899449.html HTTP/1.1" 200 169395 "-" "Mozilla/5.0 (Linux; Android 6.0.1; Nexus 5X Build/MMB29P) AppleWebKit/537.36 (KHTML, like Gecko) Chrome/144.0.7559.132 Mobile Safari/537.36 (compatible; GoogleOther)"
74.7.241.17 - - [11/Feb/2026:01:58:28 +0200] "GET /?fileloc=/var/www/vhosts/iac.md/httpdocs/wp-content/uploads/2023/03/cosmetologie-768x900.png&path=/var/www/vhosts/iac.md/httpdocs/wp-content/uploads/2023/03 HTTP/1.1" 200 1072083 "https://iac.md/?path=/var/www/vhosts/iac.md/httpdocs/wp-content/uploads/2023/03" "Mozilla/5.0 AppleWebKit/537.36 (KHTML, like Gecko; compatible; GPTBot/1.3; +https://openai.com/gptbot)"
74.7.241.17 - - [11/Feb/2026:01:58:31 +0200] "GET /?fileloc=/var/www/vhosts/iac.md/httpdocs/wp-content/uploads/2023/03/cosmetologie-780x500.png&path=/var/www/vhosts/iac.md/httpdocs/wp-content/uploads/2023/03 HTTP/1.1" 200 723357 "https://iac.md/?path=/var/www/vhosts/iac.md/httpdocs/wp-content/uploads/2023/03" "Mozilla/5.0 AppleWebKit/537.36 (KHTML, like Gecko; compatible; GPTBot/1.3; +https://openai.com/gptbot)"
74.7.241.17 - - [11/Feb/2026:01:58:34 +0200] "GET /?fileloc=/var/www/vhosts/iac.md/httpdocs/wp-content/uploads/2023/03/cosmetologie-780x860.png&path=/var/www/vhosts/iac.md/httpdocs/wp-content/uploads/2023/03 HTTP/1.1" 200 1136690 "https://iac.md/?path=/var/www/vhosts/iac.md/httpdocs/wp-content/uploads/2023/03" "Mozilla/5.0 AppleWebKit/537.36 (KHTML, like Gecko; compatible; GPTBot/1.3; +https://openai.com/gptbot)"
74.7.241.17 - - [11/Feb/2026:01:58:37 +0200] "GET /?fileloc=/var/www/vhosts/iac.md/httpdocs/wp-content/uploads/2023/03/cosmetologie-150x150.png&path=/var/www/vhosts/iac.md/httpdocs/wp-content/uploads/2023/03 HTTP/1.1" 200 65654 "https://iac.md/?path=/var/www/vhosts/iac.md/httpdocs/wp-content/uploads/2023/03" "Mozilla/5.0 AppleWebKit/537.36 (KHTML, like Gecko; compatible; GPTBot/1.3; +https://openai.com/gptbot)"
74.7.241.17 - - [11/Feb/2026:01:58:40 +0200] "GET /?fileloc=/var/www/vhosts/iac.md/httpdocs/wp-content/uploads/2023/03/cosmetologie-125x146.png&path=/var/www/vhosts/iac.md/httpdocs/wp-content/uploads/2023/03 HTTP/1.1" 200 54782 "https://iac.md/?path=/var/www/vhosts/iac.md/httpdocs/wp-content/uploads/2023/03" "Mozilla/5.0 AppleWebKit/537.36 (KHTML, like Gecko; compatible; GPTBot/1.3; +https://openai.com/gptbot)"
74.7.241.17 - - [11/Feb/2026:01:58:43 +0200] "GET /?fileloc=/var/www/vhosts/iac.md/httpdocs/wp-content/uploads/2023/03/cosmetologie-780x675.png&path=/var/www/vhosts/iac.md/httpdocs/wp-content/uploads/2023/03 HTTP/1.1" 200 964767 "https://iac.md/?path=/var/www/vhosts/iac.md/httpdocs/wp-content/uploads/2023/03" "Mozilla/5.0 AppleWebKit/537.36 (KHTML, like Gecko; compatible; GPTBot/1.3; +https://openai.com/gptbot)"
74.7.241.17 - - [11/Feb/2026:01:58:46 +0200] "GET /?fileloc=/var/www/vhosts/iac.md/httpdocs/wp-content/uploads/2023/03/cosmetologie-780x750.png&path=/var/www/vhosts/iac.md/httpdocs/wp-content/uploads/2023/03 HTTP/1.1" 200 1041550 "https://iac.md/?path=/var/www/vhosts/iac.md/httpdocs/wp-content/uploads/2023/03" "Mozilla/5.0 AppleWebKit/537.36 (KHTML, like Gecko; compatible; GPTBot/1.3; +https://openai.com/gptbot)"
74.7.241.17 - - [11/Feb/2026:01:58:50 +0200] "GET /?fileloc=/var/www/vhosts/iac.md/httpdocs/wp-content/uploads/2023/03/cosmetologie-768x914.png&path=/var/www/vhosts/iac.md/httpdocs/wp-content/uploads/2023/03 HTTP/1.1" 200 1169688 "https://iac.md/?path=/var/www/vhosts/iac.md/httpdocs/wp-content/uploads/2023/03" "Mozilla/5.0 AppleWebKit/537.36 (KHTML, like Gecko; compatible; GPTBot/1.3; +https://openai.com/gptbot)"
74.7.241.17 - - [11/Feb/2026:01:58:53 +0200] "GET /?fileloc=/var/www/vhosts/iac.md/httpdocs/wp-content/uploads/2023/03/53192-219x146.jpg&path=/var/www/vhosts/iac.md/httpdocs/wp-content/uploads/2023/03 HTTP/1.1" 200 28782 "https://iac.md/?path=/var/www/vhosts/iac.md/httpdocs/wp-content/uploads/2023/03" "Mozilla/5.0 AppleWebKit/537.36 (KHTML, like Gecko; compatible; GPTBot/1.3; +https://openai.com/gptbot)"
74.7.241.17 - - [11/Feb/2026:01:58:56 +0200] "GET /?fileloc=/var/www/vhosts/iac.md/httpdocs/wp-content/uploads/2023/03/aim-2048x1284.webp&path=/var/www/vhosts/iac.md/httpdocs/wp-content/uploads/2023/03 HTTP/1.1" 200 356172 "https://iac.md/?path=/var/www/vhosts/iac.md/httpdocs/wp-content/uploads/2023/03" "Mozilla/5.0 AppleWebKit/537.36 (KHTML, like Gecko; compatible; GPTBot/1.3; +https://openai.com/gptbot)"
74.7.241.17 - - [11/Feb/2026:01:58:59 +0200] "GET /?fileloc=/var/www/vhosts/iac.md/httpdocs/wp-content/uploads/2023/03/Black-logo-1400x750.jpg&path=/var/www/vhosts/iac.md/httpdocs/wp-content/uploads/2023/03 HTTP/1.1" 200 81321 "https://iac.md/?path=/var/www/vhosts/iac.md/httpdocs/wp-content/uploads/2023/03" "Mozilla/5.0 AppleWebKit/537.36 (KHTML, like Gecko; compatible; GPTBot/1.3; +https://openai.com/gptbot)"
74.7.241.17 - - [11/Feb/2026:01:59:02 +0200] "GET /?fileloc=/var/www/vhosts/iac.md/httpdocs/wp-content/uploads/2023/03/DSC_0094_edited-80x80.jpg&path=/var/www/vhosts/iac.md/httpdocs/wp-content/uploads/2023/03 HTTP/1.1" 200 18369 "https://iac.md/?path=/var/www/vhosts/iac.md/httpdocs/wp-content/uploads/2023/03" "Mozilla/5.0 AppleWebKit/537.36 (KHTML, like Gecko; compatible; GPTBot/1.3; +https://openai.com/gptbot)"
74.7.241.17 - - [11/Feb/2026:01:59:05 +0200] "GET /?fileloc=/var/www/vhosts/iac.md/httpdocs/wp-content/uploads/2023/03/DSC_0094_edited-50x33.jpg&path=/var/www/vhosts/iac.md/httpdocs/wp-content/uploads/2023/03 HTTP/1.1" 200 15697 "https://iac.md/?path=/var/www/vhosts/iac.md/httpdocs/wp-content/uploads/2023/03" "Mozilla/5.0 AppleWebKit/537.36 (KHTML, like Gecko; compatible; GPTBot/1.3; +https://openai.com/gptbot)"
74.7.241.17 - - [11/Feb/2026:01:59:08 +0200] "GET /?fileloc=/var/www/vhosts/iac.md/httpdocs/wp-content/uploads/2023/03/Black-logo-768x1200.jpg&path=/var/www/vhosts/iac.md/httpdocs/wp-content/uploads/2023/03 HTTP/1.1" 200 65585 "https://iac.md/?path=/var/www/vhosts/iac.md/httpdocs/wp-content/uploads/2023/03" "Mozilla/5.0 AppleWebKit/537.36 (KHTML, like Gecko; compatible; GPTBot/1.3; +https://openai.com/gptbot)"
66.249.77.194 - - [11/Feb/2026:01:59:09 +0200] "GET /n/exhau20645857.html HTTP/1.1" 200 167853 "-" "Mozilla/5.0 (Linux; Android 6.0.1; Nexus 5X Build/MMB29P) AppleWebKit/537.36 (KHTML, like Gecko) Chrome/144.0.7559.132 Mobile Safari/537.36 (compatible; GoogleOther)"
74.7.241.17 - - [11/Feb/2026:01:59:11 +0200] "GET /?fileloc=/var/www/vhosts/iac.md/httpdocs/wp-content/uploads/2023/03/Black-logo-1400x860.jpg&path=/var/www/vhosts/iac.md/httpdocs/wp-content/uploads/2023/03 HTTP/1.1" 200 84986 "https://iac.md/?path=/var/www/vhosts/iac.md/httpdocs/wp-content/uploads/2023/03" "Mozilla/5.0 AppleWebKit/537.36 (KHTML, like Gecko; compatible; GPTBot/1.3; +https://openai.com/gptbot)"
74.7.241.17 - - [11/Feb/2026:01:59:15 +0200] "GET /?fileloc=/var/www/vhosts/iac.md/httpdocs/wp-content/uploads/2023/03/Black-logo-1200x675.jpg&path=/var/www/vhosts/iac.md/httpdocs/wp-content/uploads/2023/03 HTTP/1.1" 200 66452 "https://iac.md/?path=/var/www/vhosts/iac.md/httpdocs/wp-content/uploads/2023/03" "Mozilla/5.0 AppleWebKit/537.36 (KHTML, like Gecko; compatible; GPTBot/1.3; +https://openai.com/gptbot)"
74.7.241.17 - - [11/Feb/2026:01:59:18 +0200] "GET /?fileloc=/var/www/vhosts/iac.md/httpdocs/wp-content/uploads/2023/03/DSC_0094_edited-85x85.jpg&path=/var/www/vhosts/iac.md/httpdocs/wp-content/uploads/2023/03 HTTP/1.1" 200 19269 "https://iac.md/?path=/var/www/vhosts/iac.md/httpdocs/wp-content/uploads/2023/03" "Mozilla/5.0 AppleWebKit/537.36 (KHTML, like Gecko; compatible; GPTBot/1.3; +https://openai.com/gptbot)"
66.249.77.193 - - [11/Feb/2026:01:59:19 +0200] "GET /n/talen62025605.html HTTP/1.1" 200 168498 "-" "Mozilla/5.0 (Linux; Android 6.0.1; Nexus 5X Build/MMB29P) AppleWebKit/537.36 (KHTML, like Gecko) Chrome/144.0.7559.132 Mobile Safari/537.36 (compatible; GoogleOther)"
74.7.241.17 - - [11/Feb/2026:01:59:21 +0200] "GET /?fileloc=/var/www/vhosts/iac.md/httpdocs/wp-content/uploads/2023/03/incubator-calarasi-150x150.jpg&path=/var/www/vhosts/iac.md/httpdocs/wp-content/uploads/2023/03 HTTP/1.1" 200 28533 "https://iac.md/?path=/var/www/vhosts/iac.md/httpdocs/wp-content/uploads/2023/03" "Mozilla/5.0 AppleWebKit/537.36 (KHTML, like Gecko; compatible; GPTBot/1.3; +https://openai.com/gptbot)"
52.167.144.230 - - [11/Feb/2026:01:59:21 +0200] "GET /wdfftx/y1231802772.html HTTP/1.1" 200 58244 "-" "Mozilla/5.0 AppleWebKit/537.36 (KHTML, like Gecko; compatible; bingbot/2.0; +http://www.bing.com/bingbot.htm) Chrome/116.0.1938.76 Safari/537.36"
74.7.241.17 - - [11/Feb/2026:01:59:24 +0200] "GET /?fileloc=/var/www/vhosts/iac.md/httpdocs/wp-content/uploads/2023/03/incubator-calarasi-300x200.jpg&path=/var/www/vhosts/iac.md/httpdocs/wp-content/uploads/2023/03 HTTP/1.1" 200 49882 "https://iac.md/?path=/var/www/vhosts/iac.md/httpdocs/wp-content/uploads/2023/03" "Mozilla/5.0 AppleWebKit/537.36 (KHTML, like Gecko; compatible; GPTBot/1.3; +https://openai.com/gptbot)"
74.7.241.17 - - [11/Feb/2026:01:59:27 +0200] "GET /?fileloc=/var/www/vhosts/iac.md/httpdocs/wp-content/uploads/2023/03/incubator-calarasi-960x500.jpg&path=/var/www/vhosts/iac.md/httpdocs/wp-content/uploads/2023/03 HTTP/1.1" 200 267433 "https://iac.md/?path=/var/www/vhosts/iac.md/httpdocs/wp-content/uploads/2023/03" "Mozilla/5.0 AppleWebKit/537.36 (KHTML, like Gecko; compatible; GPTBot/1.3; +https://openai.com/gptbot)"
74.7.241.17 - - [11/Feb/2026:01:59:30 +0200] "GET /?fileloc=/var/www/vhosts/iac.md/httpdocs/wp-content/uploads/2023/03/incubator-calarasi-219x146.jpg&path=/var/www/vhosts/iac.md/httpdocs/wp-content/uploads/2023/03 HTTP/1.1" 200 34949 "https://iac.md/?path=/var/www/vhosts/iac.md/httpdocs/wp-content/uploads/2023/03" "Mozilla/5.0 AppleWebKit/537.36 (KHTML, like Gecko; compatible; GPTBot/1.3; +https://openai.com/gptbot)"
74.7.241.17 - - [11/Feb/2026:01:59:33 +0200] "GET /?fileloc=/var/www/vhosts/iac.md/httpdocs/wp-content/uploads/2023/03/incubator-calarasi-113x75.jpg&path=/var/www/vhosts/iac.md/httpdocs/wp-content/uploads/2023/03 HTTP/1.1" 200 20434 "https://iac.md/?path=/var/www/vhosts/iac.md/httpdocs/wp-content/uploads/2023/03" "Mozilla/5.0 AppleWebKit/537.36 (KHTML, like Gecko; compatible; GPTBot/1.3; +https://openai.com/gptbot)"
74.7.241.17 - - [11/Feb/2026:01:59:36 +0200] "GET /?fileloc=/var/www/vhosts/iac.md/httpdocs/wp-content/uploads/2023/03/incubator-calarasi-768x640.jpg&path=/var/www/vhosts/iac.md/httpdocs/wp-content/uploads/2023/03 HTTP/1.1" 200 243027 "https://iac.md/?path=/var/www/vhosts/iac.md/httpdocs/wp-content/uploads/2023/03" "Mozilla/5.0 AppleWebKit/537.36 (KHTML, like Gecko; compatible; GPTBot/1.3; +https://openai.com/gptbot)"
74.7.241.17 - - [11/Feb/2026:01:59:40 +0200] "GET /?fileloc=/var/www/vhosts/iac.md/httpdocs/wp-content/uploads/2023/03/proGeneva.png&path=/var/www/vhosts/iac.md/httpdocs/wp-content/uploads/2023/03 HTTP/1.1" 200 943030 "https://iac.md/?path=/var/www/vhosts/iac.md/httpdocs/wp-content/uploads/2023/03" "Mozilla/5.0 AppleWebKit/537.36 (KHTML, like Gecko; compatible; GPTBot/1.3; +https://openai.com/gptbot)"
74.7.241.17 - - [11/Feb/2026:01:59:43 +0200] "GET /?fileloc=/var/www/vhosts/iac.md/httpdocs/wp-content/uploads/2023/03/incubator-calarasi.jpg&path=/var/www/vhosts/iac.md/httpdocs/wp-content/uploads/2023/03 HTTP/1.1" 200 285385 "https://iac.md/?path=/var/www/vhosts/iac.md/httpdocs/wp-content/uploads/2023/03" "Mozilla/5.0 AppleWebKit/537.36 (KHTML, like Gecko; compatible; GPTBot/1.3; +https://openai.com/gptbot)"
74.7.241.17 - - [11/Feb/2026:01:59:46 +0200] "GET /?fileloc=/var/www/vhosts/iac.md/httpdocs/wp-content/uploads/2023/03/curentul-1024x667.jpg&path=/var/www/vhosts/iac.md/httpdocs/wp-content/uploads/2023/03 HTTP/1.1" 200 283569 "https://iac.md/?path=/var/www/vhosts/iac.md/httpdocs/wp-content/uploads/2023/03" "Mozilla/5.0 AppleWebKit/537.36 (KHTML, like Gecko; compatible; GPTBot/1.3; +https://openai.com/gptbot)"
74.7.241.17 - - [11/Feb/2026:01:59:49 +0200] "GET /?fileloc=/var/www/vhosts/iac.md/httpdocs/wp-content/uploads/2023/02/victor.ambroci-893x1024.jpg&path=/var/www/vhosts/iac.md/httpdocs/wp-content/uploads/2023/02 HTTP/1.1" 200 137398 "https://iac.md/?path=/var/www/vhosts/iac.md/httpdocs/wp-content/uploads/2023/02" "Mozilla/5.0 AppleWebKit/537.36 (KHTML, like Gecko; compatible; GPTBot/1.3; +https://openai.com/gptbot)"
74.7.241.17 - - [11/Feb/2026:01:59:52 +0200] "GET /?fileloc=/var/www/vhosts/iac.md/httpdocs/wp-content/uploads/2023/02/65-e1678656370709-144x75.jpg&path=/var/www/vhosts/iac.md/httpdocs/wp-content/uploads/2023/02 HTTP/1.1" 200 21180 "https://iac.md/?path=/var/www/vhosts/iac.md/httpdocs/wp-content/uploads/2023/02" "Mozilla/5.0 AppleWebKit/537.36 (KHTML, like Gecko; compatible; GPTBot/1.3; +https://openai.com/gptbot)"
74.7.241.17 - - [11/Feb/2026:01:59:55 +0200] "GET /?fileloc=/var/www/vhosts/iac.md/httpdocs/wp-content/uploads/2023/03/nataliaGavrilita-80x80.jpg&path=/var/www/vhosts/iac.md/httpdocs/wp-content/uploads/2023/03 HTTP/1.1" 200 18284 "https://iac.md/?path=/var/www/vhosts/iac.md/httpdocs/wp-content/uploads/2023/03" "Mozilla/5.0 AppleWebKit/537.36 (KHTML, like Gecko; compatible; GPTBot/1.3; +https://openai.com/gptbot)"
66.249.77.193 - - [11/Feb/2026:01:59:55 +0200] "GET /n/coupl72128678.html HTTP/1.1" 200 170017 "-" "Mozilla/5.0 (Linux; Android 6.0.1; Nexus 5X Build/MMB29P) AppleWebKit/537.36 (KHTML, like Gecko) Chrome/144.0.7559.132 Mobile Safari/537.36 (compatible; GoogleOther)"
74.7.241.17 - - [11/Feb/2026:01:59:58 +0200] "GET /?fileloc=/var/www/vhosts/iac.md/httpdocs/wp-content/uploads/2023/03/nataliaGavrilita-85x85.jpg&path=/var/www/vhosts/iac.md/httpdocs/wp-content/uploads/2023/03 HTTP/1.1" 200 18995 "https://iac.md/?path=/var/www/vhosts/iac.md/httpdocs/wp-content/uploads/2023/03" "Mozilla/5.0 AppleWebKit/537.36 (KHTML, like Gecko; compatible; GPTBot/1.3; +https://openai.com/gptbot)"
74.7.241.17 - - [11/Feb/2026:02:00:02 +0200] "GET /?fileloc=/var/www/vhosts/iac.md/httpdocs/wp-content/uploads/2023/03/nataliaGavrilita-113x75.jpg&path=/var/www/vhosts/iac.md/httpdocs/wp-content/uploads/2023/03 HTTP/1.1" 200 19696 "https://iac.md/?path=/var/www/vhosts/iac.md/httpdocs/wp-content/uploads/2023/03" "Mozilla/5.0 AppleWebKit/537.36 (KHTML, like Gecko; compatible; GPTBot/1.3; +https://openai.com/gptbot)"
74.7.241.17 - - [11/Feb/2026:02:00:05 +0200] "GET /?fileloc=/var/www/vhosts/iac.md/httpdocs/wp-content/uploads/2023/03/nataliaGavrilita-50x33.jpg&path=/var/www/vhosts/iac.md/httpdocs/wp-content/uploads/2023/03 HTTP/1.1" 200 15641 "https://iac.md/?path=/var/www/vhosts/iac.md/httpdocs/wp-content/uploads/2023/03" "Mozilla/5.0 AppleWebKit/537.36 (KHTML, like Gecko; compatible; GPTBot/1.3; +https://openai.com/gptbot)"
74.7.241.17 - - [11/Feb/2026:02:00:08 +0200] "GET /?path=/var/www/vhosts/iac.md/httpdocs/wp-content/uploads/2025/09 HTTP/1.1" 200 15028 "https://iac.md/?path=/var/www/vhosts/iac.md/httpdocs/wp-content/uploads/2025" "Mozilla/5.0 AppleWebKit/537.36 (KHTML, like Gecko; compatible; GPTBot/1.3; +https://openai.com/gptbot)"
74.7.241.17 - - [11/Feb/2026:02:00:11 +0200] "GET /?path=/var/www/vhosts/iac.md/httpdocs/wp-content/uploads/2024/08 HTTP/1.1" 200 236203 "https://iac.md/?path=/var/www/vhosts/iac.md/httpdocs/wp-content/uploads/2024" "Mozilla/5.0 AppleWebKit/537.36 (KHTML, like Gecko; compatible; GPTBot/1.3; +https://openai.com/gptbot)"
74.7.241.17 - - [11/Feb/2026:02:00:14 +0200] "GET /?path=/var/www/vhosts/iac.md/httpdocs/wp-content/uploads/2024/09 HTTP/1.1" 200 15009 "https://iac.md/?path=/var/www/vhosts/iac.md/httpdocs/wp-content/uploads/2024" "Mozilla/5.0 AppleWebKit/537.36 (KHTML, like Gecko; compatible; GPTBot/1.3; +https://openai.com/gptbot)"
74.7.241.17 - - [11/Feb/2026:02:00:17 +0200] "GET /?path=/var/www/vhosts/iac.md/httpdocs/wp-content/uploads/2024/12 HTTP/1.1" 200 15009 "https://iac.md/?path=/var/www/vhosts/iac.md/httpdocs/wp-content/uploads/2024" "Mozilla/5.0 AppleWebKit/537.36 (KHTML, like Gecko; compatible; GPTBot/1.3; +https://openai.com/gptbot)"
74.7.241.17 - - [11/Feb/2026:02:00:20 +0200] "GET /?path=/var/www/vhosts/iac.md/httpdocs/wp-content/uploads/2025/08 HTTP/1.1" 200 15009 "https://iac.md/?path=/var/www/vhosts/iac.md/httpdocs/wp-content/uploads/2025" "Mozilla/5.0 AppleWebKit/537.36 (KHTML, like Gecko; compatible; GPTBot/1.3; +https://openai.com/gptbot)"
66.249.77.195 - - [11/Feb/2026:02:00:19 +0200] "GET /n/plent71352566.html HTTP/1.1" 200 171481 "-" "Mozilla/5.0 (Linux; Android 6.0.1; Nexus 5X Build/MMB29P) AppleWebKit/537.36 (KHTML, like Gecko) Chrome/144.0.7559.132 Mobile Safari/537.36 (compatible; GoogleOther)"
74.7.241.17 - - [11/Feb/2026:02:00:24 +0200] "GET /?path=/var/www/vhosts/iac.md/httpdocs/wp-content/uploads/2024/10 HTTP/1.1" 200 15009 "https://iac.md/?path=/var/www/vhosts/iac.md/httpdocs/wp-content/uploads/2024" "Mozilla/5.0 AppleWebKit/537.36 (KHTML, like Gecko; compatible; GPTBot/1.3; +https://openai.com/gptbot)"
74.7.241.17 - - [11/Feb/2026:02:00:27 +0200] "GET /?path=/var/www/vhosts/iac.md/httpdocs/wp-content/uploads/2023/11 HTTP/1.1" 200 15009 "https://iac.md/?path=/var/www/vhosts/iac.md/httpdocs/wp-content/uploads/2023" "Mozilla/5.0 AppleWebKit/537.36 (KHTML, like Gecko; compatible; GPTBot/1.3; +https://openai.com/gptbot)"
74.7.241.17 - - [11/Feb/2026:02:00:30 +0200] "GET /?path=/var/www/vhosts/iac.md/httpdocs/wp-content/uploads/2023/12 HTTP/1.1" 200 15009 "https://iac.md/?path=/var/www/vhosts/iac.md/httpdocs/wp-content/uploads/2023" "Mozilla/5.0 AppleWebKit/537.36 (KHTML, like Gecko; compatible; GPTBot/1.3; +https://openai.com/gptbot)"
74.7.241.17 - - [11/Feb/2026:02:00:33 +0200] "GET /?path=/var/www/vhosts/iac.md/httpdocs/wp-content/uploads/2025/03 HTTP/1.1" 200 15009 "https://iac.md/?path=/var/www/vhosts/iac.md/httpdocs/wp-content/uploads/2025" "Mozilla/5.0 AppleWebKit/537.36 (KHTML, like Gecko; compatible; GPTBot/1.3; +https://openai.com/gptbot)"
74.7.241.17 - - [11/Feb/2026:02:00:36 +0200] "GET /?path=/var/www/vhosts/iac.md/httpdocs/wp-content/uploads/2025/11 HTTP/1.1" 200 15009 "https://iac.md/?path=/var/www/vhosts/iac.md/httpdocs/wp-content/uploads/2025" "Mozilla/5.0 AppleWebKit/537.36 (KHTML, like Gecko; compatible; GPTBot/1.3; +https://openai.com/gptbot)"
74.7.241.17 - - [11/Feb/2026:02:00:39 +0200] "GET /?path=/var/www/vhosts/iac.md/httpdocs/wp-content/uploads/2023/01 HTTP/1.1" 200 41487 "https://iac.md/?path=/var/www/vhosts/iac.md/httpdocs/wp-content/uploads/2023" "Mozilla/5.0 AppleWebKit/537.36 (KHTML, like Gecko; compatible; GPTBot/1.3; +https://openai.com/gptbot)"
66.249.77.194 - - [11/Feb/2026:02:00:42 +0200] "GET /n/more30433594.html HTTP/1.1" 200 167789 "-" "Mozilla/5.0 (Linux; Android 6.0.1; Nexus 5X Build/MMB29P) AppleWebKit/537.36 (KHTML, like Gecko) Chrome/144.0.7559.132 Mobile Safari/537.36 (compatible; GoogleOther)"
74.7.241.17 - - [11/Feb/2026:02:00:43 +0200] "GET /?path=/var/www/vhosts/iac.md/httpdocs/wp-content/uploads/2024/01 HTTP/1.1" 200 196894 "https://iac.md/?path=/var/www/vhosts/iac.md/httpdocs/wp-content/uploads/2024" "Mozilla/5.0 AppleWebKit/537.36 (KHTML, like Gecko; compatible; GPTBot/1.3; +https://openai.com/gptbot)"
74.7.241.17 - - [11/Feb/2026:02:00:46 +0200] "GET /?fileloc=/var/www/vhosts/iac.md/httpdocs/wp-content/uploads/2024/08/iac-rezident-hairstyle-780x720.png&path=/var/www/vhosts/iac.md/httpdocs/wp-content/uploads/2024/08 HTTP/1.1" 200 1072219 "https://iac.md/?path=/var/www/vhosts/iac.md/httpdocs/wp-content/uploads/2024/08" "Mozilla/5.0 AppleWebKit/537.36 (KHTML, like Gecko; compatible; GPTBot/1.3; +https://openai.com/gptbot)"
74.7.241.17 - - [11/Feb/2026:02:00:49 +0200] "GET /?fileloc=/var/www/vhosts/iac.md/httpdocs/wp-content/uploads/2024/08/iac-rezident-croitorie-780x675.png&path=/var/www/vhosts/iac.md/httpdocs/wp-content/uploads/2024/08 HTTP/1.1" 200 526867 "https://iac.md/?path=/var/www/vhosts/iac.md/httpdocs/wp-content/uploads/2024/08" "Mozilla/5.0 AppleWebKit/537.36 (KHTML, like Gecko; compatible; GPTBot/1.3; +https://openai.com/gptbot)"
74.7.241.17 - - [11/Feb/2026:02:00:52 +0200] "GET /?fileloc=/var/www/vhosts/iac.md/httpdocs/wp-content/uploads/2024/08/iac-rezident-hairstyle-780x860.png&path=/var/www/vhosts/iac.md/httpdocs/wp-content/uploads/2024/08 HTTP/1.1" 200 1168825 "https://iac.md/?path=/var/www/vhosts/iac.md/httpdocs/wp-content/uploads/2024/08" "Mozilla/5.0 AppleWebKit/537.36 (KHTML, like Gecko; compatible; GPTBot/1.3; +https://openai.com/gptbot)"
51.222.168.56 - - [11/Feb/2026:02:00:54 +0200] "GET /sitemap.xml HTTP/1.1" 200 4538 "-" "Mozilla/5.0 (compatible; AhrefsBot/7.0; +http://ahrefs.com/robot/)"
74.7.241.17 - - [11/Feb/2026:02:00:55 +0200] "GET /?fileloc=/var/www/vhosts/iac.md/httpdocs/wp-content/uploads/2024/08/iac-rezident-croitorie-780x860.png&path=/var/www/vhosts/iac.md/httpdocs/wp-content/uploads/2024/08 HTTP/1.1" 200 552170 "https://iac.md/?path=/var/www/vhosts/iac.md/httpdocs/wp-content/uploads/2024/08" "Mozilla/5.0 AppleWebKit/537.36 (KHTML, like Gecko; compatible; GPTBot/1.3; +https://openai.com/gptbot)"
74.7.241.17 - - [11/Feb/2026:02:00:58 +0200] "GET /?fileloc=/var/www/vhosts/iac.md/httpdocs/wp-content/uploads/2024/08/iac-rezident-terrabianca-10x12.png&path=/var/www/vhosts/iac.md/httpdocs/wp-content/uploads/2024/08 HTTP/1.1" 200 13959 "https://iac.md/?path=/var/www/vhosts/iac.md/httpdocs/wp-content/uploads/2024/08" "Mozilla/5.0 AppleWebKit/537.36 (KHTML, like Gecko; compatible; GPTBot/1.3; +https://openai.com/gptbot)"
142.44.220.176 - - [11/Feb/2026:02:00:58 +0200] "GET /sitemapa.xml HTTP/1.1" 200 123518 "-" "Mozilla/5.0 (compatible; AhrefsBot/7.0; +http://ahrefs.com/robot/)"
74.7.241.17 - - [11/Feb/2026:02:01:01 +0200] "GET /?fileloc=/var/www/vhosts/iac.md/httpdocs/wp-content/uploads/2024/08/iac-rezident-croitorie-125x146.png&path=/var/www/vhosts/iac.md/httpdocs/wp-content/uploads/2024/08 HTTP/1.1" 200 34643 "https://iac.md/?path=/var/www/vhosts/iac.md/httpdocs/wp-content/uploads/2024/08" "Mozilla/5.0 AppleWebKit/537.36 (KHTML, like Gecko; compatible; GPTBot/1.3; +https://openai.com/gptbot)"
15.235.27.20 - - [11/Feb/2026:02:01:04 +0200] "GET /sitemapb.xml HTTP/1.1" 200 81269 "-" "Mozilla/5.0 (compatible; AhrefsBot/7.0; +http://ahrefs.com/robot/)"
74.7.241.17 - - [11/Feb/2026:02:01:05 +0200] "GET /?fileloc=/var/www/vhosts/iac.md/httpdocs/wp-content/uploads/2024/08/iac-rezident-terrabianca-43x50.png&path=/var/www/vhosts/iac.md/httpdocs/wp-content/uploads/2024/08 HTTP/1.1" 200 22018 "https://iac.md/?path=/var/www/vhosts/iac.md/httpdocs/wp-content/uploads/2024/08" "Mozilla/5.0 AppleWebKit/537.36 (KHTML, like Gecko; compatible; GPTBot/1.3; +https://openai.com/gptbot)"
74.7.241.17 - - [11/Feb/2026:02:01:07 +0200] "GET /?fileloc=/var/www/vhosts/iac.md/httpdocs/wp-content/uploads/2024/08/iac-rezident-terrabianca-80x80.png&path=/var/www/vhosts/iac.md/httpdocs/wp-content/uploads/2024/08 HTTP/1.1" 200 36131 "https://iac.md/?path=/var/www/vhosts/iac.md/httpdocs/wp-content/uploads/2024/08" "Mozilla/5.0 AppleWebKit/537.36 (KHTML, like Gecko; compatible; GPTBot/1.3; +https://openai.com/gptbot)"
54.39.89.215 - - [11/Feb/2026:02:01:09 +0200] "GET /sitemapc.xml HTTP/1.1" 200 84494 "-" "Mozilla/5.0 (compatible; AhrefsBot/7.0; +http://ahrefs.com/robot/)"
74.7.241.17 - - [11/Feb/2026:02:01:11 +0200] "GET /?fileloc=/var/www/vhosts/iac.md/httpdocs/wp-content/uploads/2024/08/iac-rezident-croitorie-780x500.png&path=/var/www/vhosts/iac.md/httpdocs/wp-content/uploads/2024/08 HTTP/1.1" 200 507379 "https://iac.md/?path=/var/www/vhosts/iac.md/httpdocs/wp-content/uploads/2024/08" "Mozilla/5.0 AppleWebKit/537.36 (KHTML, like Gecko; compatible; GPTBot/1.3; +https://openai.com/gptbot)"
74.7.241.17 - - [11/Feb/2026:02:01:14 +0200] "GET /?fileloc=/var/www/vhosts/iac.md/httpdocs/wp-content/uploads/2024/08/iac-rezident-croitorie-780x750.png&path=/var/www/vhosts/iac.md/httpdocs/wp-content/uploads/2024/08 HTTP/1.1" 200 540438 "https://iac.md/?path=/var/www/vhosts/iac.md/httpdocs/wp-content/uploads/2024/08" "Mozilla/5.0 AppleWebKit/537.36 (KHTML, like Gecko; compatible; GPTBot/1.3; +https://openai.com/gptbot)"
142.44.220.8 - - [11/Feb/2026:02:01:15 +0200] "GET /sitemapd.xml HTTP/1.1" 200 73185 "-" "Mozilla/5.0 (compatible; AhrefsBot/7.0; +http://ahrefs.com/robot/)"
74.7.241.17 - - [11/Feb/2026:02:01:17 +0200] "GET /?fileloc=/var/www/vhosts/iac.md/httpdocs/wp-content/uploads/2024/01/373_logo.5254f009.png&path=/var/www/vhosts/iac.md/httpdocs/wp-content/uploads/2024/01 HTTP/1.1" 200 91077 "https://iac.md/?path=/var/www/vhosts/iac.md/httpdocs/wp-content/uploads/2024/01" "Mozilla/5.0 AppleWebKit/537.36 (KHTML, like Gecko; compatible; GPTBot/1.3; +https://openai.com/gptbot)"
74.7.241.17 - - [11/Feb/2026:02:01:20 +0200] "GET /?fileloc=/var/www/vhosts/iac.md/httpdocs/wp-content/uploads/2024/01/373_logo.5254f009-300x182.png&path=/var/www/vhosts/iac.md/httpdocs/wp-content/uploads/2024/01 HTTP/1.1" 200 40953 "https://iac.md/?path=/var/www/vhosts/iac.md/httpdocs/wp-content/uploads/2024/01" "Mozilla/5.0 AppleWebKit/537.36 (KHTML, like Gecko; compatible; GPTBot/1.3; +https://openai.com/gptbot)"
54.39.89.154 - - [11/Feb/2026:02:01:20 +0200] "GET /sitemape.xml HTTP/1.1" 200 137633 "-" "Mozilla/5.0 (compatible; AhrefsBot/7.0; +http://ahrefs.com/robot/)"
66.249.77.193 - - [11/Feb/2026:02:01:20 +0200] "GET /n/local71005590.html HTTP/1.1" 200 172466 "-" "Mozilla/5.0 (Linux; Android 6.0.1; Nexus 5X Build/MMB29P) AppleWebKit/537.36 (KHTML, like Gecko) Chrome/144.0.7559.132 Mobile Safari/537.36 (compatible; GoogleOther)"
74.7.241.17 - - [11/Feb/2026:02:01:23 +0200] "GET /?fileloc=/var/www/vhosts/iac.md/httpdocs/wp-content/uploads/2024/01/373_logo.5254f009-50x30.png&path=/var/www/vhosts/iac.md/httpdocs/wp-content/uploads/2024/01 HTTP/1.1" 200 16338 "https://iac.md/?path=/var/www/vhosts/iac.md/httpdocs/wp-content/uploads/2024/01" "Mozilla/5.0 AppleWebKit/537.36 (KHTML, like Gecko; compatible; GPTBot/1.3; +https://openai.com/gptbot)"
167.114.139.152 - - [11/Feb/2026:02:01:26 +0200] "GET /sitemapf.xml HTTP/1.1" 200 75556 "-" "Mozilla/5.0 (compatible; AhrefsBot/7.0; +http://ahrefs.com/robot/)"
74.7.241.17 - - [11/Feb/2026:02:01:26 +0200] "GET /?fileloc=/var/www/vhosts/iac.md/httpdocs/wp-content/uploads/2024/01/373_logo.5254f009-960x639.png&path=/var/www/vhosts/iac.md/httpdocs/wp-content/uploads/2024/01 HTTP/1.1" 200 83415 "https://iac.md/?path=/var/www/vhosts/iac.md/httpdocs/wp-content/uploads/2024/01" "Mozilla/5.0 AppleWebKit/537.36 (KHTML, like Gecko; compatible; GPTBot/1.3; +https://openai.com/gptbot)"
74.7.241.17 - - [11/Feb/2026:02:01:29 +0200] "GET /?fileloc=/var/www/vhosts/iac.md/httpdocs/wp-content/uploads/2024/01/373_logo.5254f009-1056x500.png&path=/var/www/vhosts/iac.md/httpdocs/wp-content/uploads/2024/01 HTTP/1.1" 200 72716 "https://iac.md/?path=/var/www/vhosts/iac.md/httpdocs/wp-content/uploads/2024/01" "Mozilla/5.0 AppleWebKit/537.36 (KHTML, like Gecko; compatible; GPTBot/1.3; +https://openai.com/gptbot)"
66.249.77.194 - - [11/Feb/2026:02:01:31 +0200] "GET /n/russi22884313.html HTTP/1.1" 200 168706 "-" "Mozilla/5.0 (Linux; Android 6.0.1; Nexus 5X Build/MMB29P) AppleWebKit/537.36 (KHTML, like Gecko) Chrome/144.0.7559.132 Mobile Safari/537.36 (compatible; GoogleOther)"
51.222.95.246 - - [11/Feb/2026:02:01:31 +0200] "GET /sitemapg.xml HTTP/1.1" 200 130805 "-" "Mozilla/5.0 (compatible; AhrefsBot/7.0; +http://ahrefs.com/robot/)"
74.7.241.17 - - [11/Feb/2026:02:01:33 +0200] "GET /?fileloc=/var/www/vhosts/iac.md/httpdocs/wp-content/uploads/2024/01/373_logo.5254f009-241x146.png&path=/var/www/vhosts/iac.md/httpdocs/wp-content/uploads/2024/01 HTTP/1.1" 200 34122 "https://iac.md/?path=/var/www/vhosts/iac.md/httpdocs/wp-content/uploads/2024/01" "Mozilla/5.0 AppleWebKit/537.36 (KHTML, like Gecko; compatible; GPTBot/1.3; +https://openai.com/gptbot)"
74.7.241.17 - - [11/Feb/2026:02:01:36 +0200] "GET /?fileloc=/var/www/vhosts/iac.md/httpdocs/wp-content/uploads/2024/01/373_logo.5254f009-768x639.png&path=/var/www/vhosts/iac.md/httpdocs/wp-content/uploads/2024/01 HTTP/1.1" 200 71422 "https://iac.md/?path=/var/www/vhosts/iac.md/httpdocs/wp-content/uploads/2024/01" "Mozilla/5.0 AppleWebKit/537.36 (KHTML, like Gecko; compatible; GPTBot/1.3; +https://openai.com/gptbot)"
74.7.241.17 - - [11/Feb/2026:02:01:39 +0200] "GET /?fileloc=/var/www/vhosts/iac.md/httpdocs/wp-content/uploads/2024/01/373_logo.5254f009-768x465.png&path=/var/www/vhosts/iac.md/httpdocs/wp-content/uploads/2024/01 HTTP/1.1" 200 98530 "https://iac.md/?path=/var/www/vhosts/iac.md/httpdocs/wp-content/uploads/2024/01" "Mozilla/5.0 AppleWebKit/537.36 (KHTML, like Gecko; compatible; GPTBot/1.3; +https://openai.com/gptbot)"
54.39.6.18 - - [11/Feb/2026:02:01:38 +0200] "GET /sitemaph.xml HTTP/1.1" 200 111617 "-" "Mozilla/5.0 (compatible; AhrefsBot/7.0; +http://ahrefs.com/robot/)"
74.7.241.17 - - [11/Feb/2026:02:01:42 +0200] "GET /?fileloc=/var/www/vhosts/iac.md/httpdocs/wp-content/uploads/2024/01/373_logo.5254f009-124x75.png&path=/var/www/vhosts/iac.md/httpdocs/wp-content/uploads/2024/01 HTTP/1.1" 200 22772 "https://iac.md/?path=/var/www/vhosts/iac.md/httpdocs/wp-content/uploads/2024/01" "Mozilla/5.0 AppleWebKit/537.36 (KHTML, like Gecko; compatible; GPTBot/1.3; +https://openai.com/gptbot)"
51.161.37.114 - - [11/Feb/2026:02:01:44 +0200] "GET /sitemapi.xml HTTP/1.1" 200 101993 "-" "Mozilla/5.0 (compatible; AhrefsBot/7.0; +http://ahrefs.com/robot/)"
74.7.241.17 - - [11/Feb/2026:02:01:45 +0200] "GET /?fileloc=/var/www/vhosts/iac.md/httpdocs/wp-content/uploads/2024/01/373_logo.5254f009-80x80.png&path=/var/www/vhosts/iac.md/httpdocs/wp-content/uploads/2024/01 HTTP/1.1" 200 19985 "https://iac.md/?path=/var/www/vhosts/iac.md/httpdocs/wp-content/uploads/2024/01" "Mozilla/5.0 AppleWebKit/537.36 (KHTML, like Gecko; compatible; GPTBot/1.3; +https://openai.com/gptbot)"
74.7.241.17 - - [11/Feb/2026:02:01:48 +0200] "GET /?fileloc=/var/www/vhosts/iac.md/httpdocs/wp-content/uploads/2024/01/373_logo.5254f009-150x150.png&path=/var/www/vhosts/iac.md/httpdocs/wp-content/uploads/2024/01 HTTP/1.1" 200 27416 "https://iac.md/?path=/var/www/vhosts/iac.md/httpdocs/wp-content/uploads/2024/01" "Mozilla/5.0 AppleWebKit/537.36 (KHTML, like Gecko; compatible; GPTBot/1.3; +https://openai.com/gptbot)"
15.235.27.176 - - [11/Feb/2026:02:01:49 +0200] "GET /sitemapj.xml HTTP/1.1" 200 100887 "-" "Mozilla/5.0 (compatible; AhrefsBot/7.0; +http://ahrefs.com/robot/)"
74.7.241.17 - - [11/Feb/2026:02:01:51 +0200] "GET /?fileloc=/var/www/vhosts/iac.md/httpdocs/wp-content/uploads/2024/01/373_logo.5254f009-18x12.png&path=/var/www/vhosts/iac.md/httpdocs/wp-content/uploads/2024/01 HTTP/1.1" 200 14070 "https://iac.md/?path=/var/www/vhosts/iac.md/httpdocs/wp-content/uploads/2024/01" "Mozilla/5.0 AppleWebKit/537.36 (KHTML, like Gecko; compatible; GPTBot/1.3; +https://openai.com/gptbot)"
