86.106.212.58 - - [10/Feb/2026:13:58:27 +0200] "GET /wp-content/uploads/2023/03/proGeneva.png HTTP/1.1" 200 502728 "https://iac.md/rezidenti/" "Mozilla/5.0 (Windows NT 10.0; Win64; x64; rv:147.0) Gecko/20100101 Firefox/147.0"
66.249.77.194 - - [10/Feb/2026:13:58:28 +0200] "GET /n/mire60519861.html HTTP/1.1" 200 168914 "-" "Mozilla/5.0 (Linux; Android 6.0.1; Nexus 5X Build/MMB29P) AppleWebKit/537.36 (KHTML, like Gecko) Chrome/144.0.7559.132 Mobile Safari/537.36 (compatible; GoogleOther)"
86.106.212.58 - - [10/Feb/2026:13:58:35 +0200] "GET /wp-content/uploads/2026/01/veroica-rezident.png HTTP/1.1" 200 523146 "https://iac.md/rezidenti/" "Mozilla/5.0 (Windows NT 10.0; Win64; x64; rv:147.0) Gecko/20100101 Firefox/147.0"
86.106.212.58 - - [10/Feb/2026:13:58:42 +0200] "GET /wp-content/uploads/2023/03/contabil.png HTTP/1.1" 200 774355 "https://iac.md/rezidenti/" "Mozilla/5.0 (Windows NT 10.0; Win64; x64; rv:147.0) Gecko/20100101 Firefox/147.0"
86.106.212.58 - - [10/Feb/2026:13:58:49 +0200] "GET /wp-content/uploads/2024/08/iac-rezident-hairstyle.png HTTP/1.1" 200 642211 "https://iac.md/rezidenti/" "Mozilla/5.0 (Windows NT 10.0; Win64; x64; rv:147.0) Gecko/20100101 Firefox/147.0"
86.106.212.58 - - [10/Feb/2026:13:58:54 +0200] "GET /wp-content/uploads/2024/08/iac-rezident-croitorie.png HTTP/1.1" 200 741788 "https://iac.md/rezidenti/" "Mozilla/5.0 (Windows NT 10.0; Win64; x64; rv:147.0) Gecko/20100101 Firefox/147.0"
86.106.212.58 - - [10/Feb/2026:13:59:08 +0200] "GET /wp-content/uploads/2023/03/salina.png HTTP/1.1" 200 534554 "https://iac.md/rezidenti/" "Mozilla/5.0 (Windows NT 10.0; Win64; x64; rv:147.0) Gecko/20100101 Firefox/147.0"
86.106.212.58 - - [10/Feb/2026:13:59:11 +0200] "GET /wp-content/uploads/2023/03/iac-rezident-Grigore.png HTTP/1.1" 200 429290 "https://iac.md/rezidenti/" "Mozilla/5.0 (Windows NT 10.0; Win64; x64; rv:147.0) Gecko/20100101 Firefox/147.0"
86.106.212.58 - - [10/Feb/2026:13:59:16 +0200] "GET /wp-content/uploads/elementor/thumbs/Black-logo-q3wjdpoeku3gtuvnglq3utjdma9579anofbmjdipcg.jpg HTTP/1.1" 200 3617 "https://iac.md/rezidenti/" "Mozilla/5.0 (Windows NT 10.0; Win64; x64; rv:147.0) Gecko/20100101 Firefox/147.0"
86.106.212.58 - - [10/Feb/2026:13:59:16 +0200] "GET /wp-content/uploads/2024/08/iac-rezident-mass-terra.png HTTP/1.1" 200 266344 "https://iac.md/rezidenti/" "Mozilla/5.0 (Windows NT 10.0; Win64; x64; rv:147.0) Gecko/20100101 Firefox/147.0"
86.106.212.58 - - [10/Feb/2026:13:56:21 +0200] "GET /wp-content/uploads/2024/02/2.3-Video.mp4 HTTP/1.1" 206 23782640 "https://iac.md/rezidenti/" "Mozilla/5.0 (Windows NT 10.0; Win64; x64; rv:147.0) Gecko/20100101 Firefox/147.0"
86.106.212.58 - - [10/Feb/2026:13:59:35 +0200] "GET /wp-content/uploads/2024/08/iac-rezident-studio.png HTTP/1.1" 200 280201 "https://iac.md/rezidenti/" "Mozilla/5.0 (Windows NT 10.0; Win64; x64; rv:147.0) Gecko/20100101 Firefox/147.0"
86.106.212.58 - - [10/Feb/2026:13:59:38 +0200] "GET /wp-content/uploads/2023/03/iac-rezident-english.png HTTP/1.1" 200 287265 "https://iac.md/rezidenti/" "Mozilla/5.0 (Windows NT 10.0; Win64; x64; rv:147.0) Gecko/20100101 Firefox/147.0"
86.106.212.58 - - [10/Feb/2026:13:59:40 +0200] "GET /wp-content/uploads/2023/03/iac-rezident-Codrii.png HTTP/1.1" 200 176485 "https://iac.md/rezidenti/" "Mozilla/5.0 (Windows NT 10.0; Win64; x64; rv:147.0) Gecko/20100101 Firefox/147.0"
86.106.212.58 - - [10/Feb/2026:13:59:43 +0200] "GET /wp-content/uploads/2024/08/iac-rezident-flacara.png HTTP/1.1" 200 263183 "https://iac.md/rezidenti/" "Mozilla/5.0 (Windows NT 10.0; Win64; x64; rv:147.0) Gecko/20100101 Firefox/147.0"
86.106.212.58 - - [10/Feb/2026:13:59:51 +0200] "GET /wp-content/uploads/2024/08/iac-rezident-dea.png HTTP/1.1" 200 1002495 "https://iac.md/rezidenti/" "Mozilla/5.0 (Windows NT 10.0; Win64; x64; rv:147.0) Gecko/20100101 Firefox/147.0"
86.106.212.58 - - [10/Feb/2026:13:59:58 +0200] "GET /wp-content/uploads/2026/01/shah-rezident.png HTTP/1.1" 200 489533 "https://iac.md/rezidenti/" "Mozilla/5.0 (Windows NT 10.0; Win64; x64; rv:147.0) Gecko/20100101 Firefox/147.0"
86.106.212.58 - - [10/Feb/2026:14:00:27 +0200] "GET /wp-content/uploads/2023/02/iac-logo-300x102.jpg HTTP/1.1" 200 9640 "https://iac.md/rezidenti/" "Mozilla/5.0 (Windows NT 10.0; Win64; x64; rv:147.0) Gecko/20100101 Firefox/147.0"
66.249.77.193 - - [10/Feb/2026:14:00:28 +0200] "GET /n/chill42351251.html HTTP/1.1" 200 168902 "-" "Mozilla/5.0 (Linux; Android 6.0.1; Nexus 5X Build/MMB29P) AppleWebKit/537.36 (KHTML, like Gecko) Chrome/144.0.7559.132 Mobile Safari/537.36 (compatible; GoogleOther)"
86.106.212.58 - - [10/Feb/2026:14:00:33 +0200] "GET /evenimente/ HTTP/1.1" 200 335559 "https://iac.md/rezidenti/" "Mozilla/5.0 (Windows NT 10.0; Win64; x64; rv:147.0) Gecko/20100101 Firefox/147.0"
86.106.212.58 - - [10/Feb/2026:14:00:36 +0200] "GET /wp-content/uploads/elementor/css/post-1156.css?ver=1768952428 HTTP/1.1" 200 3823 "https://iac.md/evenimente/" "Mozilla/5.0 (Windows NT 10.0; Win64; x64; rv:147.0) Gecko/20100101 Firefox/147.0"
86.106.212.58 - - [10/Feb/2026:14:00:36 +0200] "GET /wp-content/plugins/custom-facebook-feed-pro/assets/img/placeholder.png HTTP/1.1" 200 3784 "https://iac.md/evenimente/" "Mozilla/5.0 (Windows NT 10.0; Win64; x64; rv:147.0) Gecko/20100101 Firefox/147.0"
86.106.212.58 - - [10/Feb/2026:14:00:36 +0200] "GET /wp-content/uploads/sb-facebook-feed-images/114365978281545_734599162941623-0-400.jpg HTTP/1.1" 200 24085 "https://iac.md/evenimente/" "Mozilla/5.0 (Windows NT 10.0; Win64; x64; rv:147.0) Gecko/20100101 Firefox/147.0"
86.106.212.58 - - [10/Feb/2026:14:00:36 +0200] "GET /wp-content/uploads/sb-facebook-feed-images/114365978281545_653070067761200-0-400.jpg HTTP/1.1" 200 16390 "https://iac.md/evenimente/" "Mozilla/5.0 (Windows NT 10.0; Win64; x64; rv:147.0) Gecko/20100101 Firefox/147.0"
86.106.212.58 - - [10/Feb/2026:14:00:36 +0200] "GET /wp-content/uploads/sb-facebook-feed-images/114365978281545_634734202928120-0-400.jpg HTTP/1.1" 200 24721 "https://iac.md/evenimente/" "Mozilla/5.0 (Windows NT 10.0; Win64; x64; rv:147.0) Gecko/20100101 Firefox/147.0"
86.106.212.58 - - [10/Feb/2026:14:00:36 +0200] "GET /wp-content/uploads/sb-facebook-feed-images/114365978281545_555203794214495-0-400.jpg HTTP/1.1" 200 42844 "https://iac.md/evenimente/" "Mozilla/5.0 (Windows NT 10.0; Win64; x64; rv:147.0) Gecko/20100101 Firefox/147.0"
86.106.212.58 - - [10/Feb/2026:14:00:36 +0200] "GET /wp-content/uploads/sb-facebook-feed-images/114365978281545_555203794214495-1-400.jpg HTTP/1.1" 200 18942 "https://iac.md/evenimente/" "Mozilla/5.0 (Windows NT 10.0; Win64; x64; rv:147.0) Gecko/20100101 Firefox/147.0"
86.106.212.58 - - [10/Feb/2026:14:00:36 +0200] "GET /wp-content/uploads/sb-facebook-feed-images/114365978281545_529125003489041-0-400.jpg HTTP/1.1" 200 33029 "https://iac.md/evenimente/" "Mozilla/5.0 (Windows NT 10.0; Win64; x64; rv:147.0) Gecko/20100101 Firefox/147.0"
86.106.212.58 - - [10/Feb/2026:14:00:36 +0200] "POST /wp-admin/admin-ajax.php HTTP/1.1" 200 3999 "https://iac.md/evenimente/" "Mozilla/5.0 (Windows NT 10.0; Win64; x64; rv:147.0) Gecko/20100101 Firefox/147.0"
86.106.212.58 - - [10/Feb/2026:14:00:36 +0200] "POST /wp-admin/admin-ajax.php HTTP/1.1" 200 3999 "https://iac.md/evenimente/" "Mozilla/5.0 (Windows NT 10.0; Win64; x64; rv:147.0) Gecko/20100101 Firefox/147.0"
86.106.212.58 - - [10/Feb/2026:14:02:07 +0200] "GET /rezidenti/ HTTP/1.1" 200 223832 "https://iac.md/evenimente/" "Mozilla/5.0 (Windows NT 10.0; Win64; x64; rv:147.0) Gecko/20100101 Firefox/147.0"
86.106.212.58 - - [10/Feb/2026:14:02:09 +0200] "GET /wp-content/uploads/2024/02/2.3-Video.mp4 HTTP/1.1" 206 39031387 "https://iac.md/rezidenti/" "Mozilla/5.0 (Windows NT 10.0; Win64; x64; rv:147.0) Gecko/20100101 Firefox/147.0"
66.249.77.195 - - [10/Feb/2026:14:07:58 +0200] "GET /n/lend11937336.html HTTP/1.1" 200 170081 "-" "Mozilla/5.0 (Linux; Android 6.0.1; Nexus 5X Build/MMB29P) AppleWebKit/537.36 (KHTML, like Gecko) Chrome/144.0.7559.132 Mobile Safari/537.36 (compatible; GoogleOther)"
66.249.77.194 - - [10/Feb/2026:14:11:54 +0200] "GET /n/prohi31534178.html HTTP/1.1" 200 168857 "-" "Mozilla/5.0 (Linux; Android 6.0.1; Nexus 5X Build/MMB29P) AppleWebKit/537.36 (KHTML, like Gecko) Chrome/144.0.7559.132 Mobile Safari/537.36 (compatible; GoogleOther)"
52.167.144.25 - - [10/Feb/2026:14:12:13 +0200] "GET /excbva/f1383033096.html HTTP/1.1" 404 105912 "-" "Mozilla/5.0 AppleWebKit/537.36 (KHTML, like Gecko; compatible; bingbot/2.0; +http://www.bing.com/bingbot.htm) Chrome/116.0.1938.76 Safari/537.36"
66.249.77.193 - - [10/Feb/2026:14:15:28 +0200] "GET /n/backs11222272.html HTTP/1.1" 200 170788 "-" "Mozilla/5.0 (Linux; Android 6.0.1; Nexus 5X Build/MMB29P) AppleWebKit/537.36 (KHTML, like Gecko) Chrome/144.0.7559.132 Mobile Safari/537.36 (compatible; GoogleOther)"
52.167.144.213 - - [10/Feb/2026:14:19:12 +0200] "GET /cwazbx/w121797400.shtm HTTP/1.1" 301 3660 "-" "Mozilla/5.0 AppleWebKit/537.36 (KHTML, like Gecko; compatible; bingbot/2.0; +http://www.bing.com/bingbot.htm) Chrome/116.0.1938.76 Safari/537.36"
52.167.144.197 - - [10/Feb/2026:14:22:18 +0200] "GET /wishlist-view/ HTTP/1.1" 301 3652 "-" "Mozilla/5.0 AppleWebKit/537.36 (KHTML, like Gecko; compatible; bingbot/2.0; +http://www.bing.com/bingbot.htm) Chrome/116.0.1938.76 Safari/537.36"
66.249.77.193 - - [10/Feb/2026:14:22:58 +0200] "GET /n/synth80346071.html HTTP/1.1" 200 167568 "-" "Mozilla/5.0 (Linux; Android 6.0.1; Nexus 5X Build/MMB29P) AppleWebKit/537.36 (KHTML, like Gecko) Chrome/144.0.7559.132 Mobile Safari/537.36 (compatible; GoogleOther)"
66.249.77.194 - - [10/Feb/2026:14:24:08 +0200] "GET /n/aim51081588.html HTTP/1.1" 200 168477 "-" "Mozilla/5.0 (Linux; Android 6.0.1; Nexus 5X Build/MMB29P) AppleWebKit/537.36 (KHTML, like Gecko) Chrome/144.0.7559.132 Mobile Safari/537.36 (compatible; GoogleOther)"
66.249.77.194 - - [10/Feb/2026:14:24:12 +0200] "GET /n/cola61793773.html HTTP/1.1" 200 165519 "-" "Mozilla/5.0 (Linux; Android 6.0.1; Nexus 5X Build/MMB29P) AppleWebKit/537.36 (KHTML, like Gecko) Chrome/144.0.7559.132 Mobile Safari/537.36 (compatible; GoogleOther)"
66.249.77.193 - - [10/Feb/2026:14:25:19 +0200] "GET /n/activ70372374.html HTTP/1.1" 200 169449 "-" "Mozilla/5.0 (Linux; Android 6.0.1; Nexus 5X Build/MMB29P) AppleWebKit/537.36 (KHTML, like Gecko) Chrome/144.0.7559.132 Mobile Safari/537.36 (compatible; GoogleOther)"
52.167.144.197 - - [10/Feb/2026:14:25:39 +0200] "GET /cyyxyd/t1006721276.shtm HTTP/1.1" 301 3661 "-" "Mozilla/5.0 AppleWebKit/537.36 (KHTML, like Gecko; compatible; bingbot/2.0; +http://www.bing.com/bingbot.htm) Chrome/116.0.1938.76 Safari/537.36"
66.249.77.195 - - [10/Feb/2026:14:30:28 +0200] "GET /n/pulse61890469.html HTTP/1.1" 200 168914 "-" "Mozilla/5.0 (Linux; Android 6.0.1; Nexus 5X Build/MMB29P) AppleWebKit/537.36 (KHTML, like Gecko) Chrome/144.0.7559.132 Mobile Safari/537.36 (compatible; GoogleOther)"
52.167.144.171 - - [10/Feb/2026:14:32:10 +0200] "GET /xbxwyc/e1221393935.html HTTP/1.1" 404 105912 "-" "Mozilla/5.0 AppleWebKit/537.36 (KHTML, like Gecko; compatible; bingbot/2.0; +http://www.bing.com/bingbot.htm) Chrome/116.0.1938.76 Safari/537.36"
94.158.246.181 - - [10/Feb/2026:14:32:12 +0200] "POST /wp-cron.php?doing_wp_cron=1770726732.2627279758453369140625 HTTP/1.1" 200 3401 "-" "WordPress/6.9; https://iac.md"
52.167.144.191 - - [10/Feb/2026:14:34:29 +0200] "GET /wttccy/f1059120859.html HTTP/1.1" 404 105912 "-" "Mozilla/5.0 AppleWebKit/537.36 (KHTML, like Gecko; compatible; bingbot/2.0; +http://www.bing.com/bingbot.htm) Chrome/116.0.1938.76 Safari/537.36"
66.249.77.194 - - [10/Feb/2026:14:35:32 +0200] "GET /n/sun51464196.html HTTP/1.1" 200 168234 "-" "Mozilla/5.0 (Linux; Android 6.0.1; Nexus 5X Build/MMB29P) AppleWebKit/537.36 (KHTML, like Gecko) Chrome/144.0.7559.132 Mobile Safari/537.36 (compatible; Googlebot/2.1; +http://www.google.com/bot.html)"
52.167.144.171 - - [10/Feb/2026:14:35:55 +0200] "GET /xxeczb/t1446148113.html HTTP/1.1" 404 105912 "-" "Mozilla/5.0 AppleWebKit/537.36 (KHTML, like Gecko; compatible; bingbot/2.0; +http://www.bing.com/bingbot.htm) Chrome/116.0.1938.76 Safari/537.36"
40.77.167.76 - - [10/Feb/2026:14:36:31 +0200] "GET /cuytya/f1414922387.html HTTP/1.1" 404 105912 "-" "Mozilla/5.0 AppleWebKit/537.36 (KHTML, like Gecko; compatible; bingbot/2.0; +http://www.bing.com/bingbot.htm) Chrome/116.0.1938.76 Safari/537.36"
52.167.144.191 - - [10/Feb/2026:14:37:07 +0200] "GET /vdyuuz/c1221430211.html HTTP/1.1" 404 105912 "-" "Mozilla/5.0 AppleWebKit/537.36 (KHTML, like Gecko; compatible; bingbot/2.0; +http://www.bing.com/bingbot.htm) Chrome/116.0.1938.76 Safari/537.36"
66.249.77.194 - - [10/Feb/2026:14:37:58 +0200] "GET / HTTP/1.1" 200 168693 "-" "Mozilla/5.0 (Linux; Android 6.0.1; Nexus 5X Build/MMB29P) AppleWebKit/537.36 (KHTML, like Gecko) Chrome/144.0.7559.132 Mobile Safari/537.36 (compatible; GoogleOther)"
66.249.77.194 - - [10/Feb/2026:14:38:45 +0200] "GET /n/delig51617996.html HTTP/1.1" 200 168796 "-" "Mozilla/5.0 (Linux; Android 6.0.1; Nexus 5X Build/MMB29P) AppleWebKit/537.36 (KHTML, like Gecko) Chrome/144.0.7559.132 Mobile Safari/537.36 (compatible; GoogleOther)"
52.167.144.191 - - [10/Feb/2026:14:40:46 +0200] "GET /tyxzdw/e1059163795.html HTTP/1.1" 404 105912 "-" "Mozilla/5.0 AppleWebKit/537.36 (KHTML, like Gecko; compatible; bingbot/2.0; +http://www.bing.com/bingbot.htm) Chrome/116.0.1938.76 Safari/537.36"
40.77.167.15 - - [10/Feb/2026:14:44:52 +0200] "GET /uywawx/w1404273900.shtm HTTP/1.1" 404 105912 "-" "Mozilla/5.0 AppleWebKit/537.36 (KHTML, like Gecko; compatible; bingbot/2.0; +http://www.bing.com/bingbot.htm) Chrome/116.0.1938.76 Safari/537.36"
66.249.77.193 - - [10/Feb/2026:14:45:29 +0200] "GET /?shop/order/make_estimate HTTP/1.1" 200 168994 "-" "Mozilla/5.0 (Linux; Android 6.0.1; Nexus 5X Build/MMB29P) AppleWebKit/537.36 (KHTML, like Gecko) Chrome/144.0.7559.132 Mobile Safari/537.36 (compatible; GoogleOther)"
52.167.144.174 - - [10/Feb/2026:14:51:11 +0200] "GET /bxexxx/f1006603580.html HTTP/1.1" 404 105912 "-" "Mozilla/5.0 AppleWebKit/537.36 (KHTML, like Gecko; compatible; bingbot/2.0; +http://www.bing.com/bingbot.htm) Chrome/116.0.1938.76 Safari/537.36"
66.249.77.194 - - [10/Feb/2026:14:52:11 +0200] "GET /?shop/pg/1005024240 HTTP/1.1" 200 168976 "-" "Mozilla/5.0 (Linux; Android 6.0.1; Nexus 5X Build/MMB29P) AppleWebKit/537.36 (KHTML, like Gecko) Chrome/144.0.7559.132 Mobile Safari/537.36 (compatible; GoogleOther)"
66.249.77.194 - - [10/Feb/2026:14:52:58 +0200] "GET /n/sew32383106.html HTTP/1.1" 200 168469 "-" "Mozilla/5.0 (Linux; Android 6.0.1; Nexus 5X Build/MMB29P) AppleWebKit/537.36 (KHTML, like Gecko) Chrome/144.0.7559.132 Mobile Safari/537.36 (compatible; GoogleOther)"
66.249.77.194 - - [10/Feb/2026:14:55:05 +0200] "GET /n/panel70062742.html HTTP/1.1" 200 172282 "-" "Mozilla/5.0 (Linux; Android 6.0.1; Nexus 5X Build/MMB29P) AppleWebKit/537.36 (KHTML, like Gecko) Chrome/144.0.7559.132 Mobile Safari/537.36 (compatible; GoogleOther)"
66.249.77.194 - - [10/Feb/2026:14:55:09 +0200] "GET /n/menti21793145.html HTTP/1.1" 200 166751 "-" "Mozilla/5.0 (Linux; Android 6.0.1; Nexus 5X Build/MMB29P) AppleWebKit/537.36 (KHTML, like Gecko) Chrome/144.0.7559.132 Mobile Safari/537.36 (compatible; GoogleOther)"
66.249.77.194 - - [10/Feb/2026:14:55:29 +0200] "GET /n/comb42298707.html HTTP/1.1" 200 167748 "-" "Mozilla/5.0 (Linux; Android 6.0.1; Nexus 5X Build/MMB29P) AppleWebKit/537.36 (KHTML, like Gecko) Chrome/144.0.7559.132 Mobile Safari/537.36 (compatible; GoogleOther)"
52.167.144.174 - - [10/Feb/2026:14:55:40 +0200] "GET /yuzyzf/y1435671916.html HTTP/1.1" 404 105912 "-" "Mozilla/5.0 AppleWebKit/537.36 (KHTML, like Gecko; compatible; bingbot/2.0; +http://www.bing.com/bingbot.htm) Chrome/116.0.1938.76 Safari/537.36"
52.167.144.161 - - [10/Feb/2026:14:57:30 +0200] "GET /teafye/d15111439128.shtm HTTP/1.1" 301 3662 "-" "Mozilla/5.0 AppleWebKit/537.36 (KHTML, like Gecko; compatible; bingbot/2.0; +http://www.bing.com/bingbot.htm) Chrome/116.0.1938.76 Safari/537.36"
66.249.77.195 - - [10/Feb/2026:15:00:28 +0200] "GET /n/cunni50791156.html HTTP/1.1" 200 169243 "-" "Mozilla/5.0 (Linux; Android 6.0.1; Nexus 5X Build/MMB29P) AppleWebKit/537.36 (KHTML, like Gecko) Chrome/144.0.7559.132 Mobile Safari/537.36 (compatible; GoogleOther)"
66.249.77.194 - - [10/Feb/2026:15:00:33 +0200] "GET /n/the40332987.html HTTP/1.1" 200 168323 "-" "Mozilla/5.0 (Linux; Android 6.0.1; Nexus 5X Build/MMB29P) AppleWebKit/537.36 (KHTML, like Gecko) Chrome/144.0.7559.132 Mobile Safari/537.36 (compatible; GoogleOther)"
66.249.77.195 - - [10/Feb/2026:15:01:09 +0200] "GET /n/fop32927954.html HTTP/1.1" 200 170036 "-" "Mozilla/5.0 (Linux; Android 6.0.1; Nexus 5X Build/MMB29P) AppleWebKit/537.36 (KHTML, like Gecko) Chrome/144.0.7559.132 Mobile Safari/537.36 (compatible; Googlebot/2.1; +http://www.google.com/bot.html)"
66.249.77.195 - - [10/Feb/2026:15:02:10 +0200] "GET /n/aim51081588.html HTTP/1.1" 200 168499 "-" "Mozilla/5.0 (Linux; Android 6.0.1; Nexus 5X Build/MMB29P) AppleWebKit/537.36 (KHTML, like Gecko) Chrome/144.0.7559.132 Mobile Safari/537.36 (compatible; Googlebot/2.1; +http://www.google.com/bot.html)"
66.249.77.194 - - [10/Feb/2026:15:03:10 +0200] "GET /n/comb42298707.html HTTP/1.1" 200 167472 "-" "Mozilla/5.0 (Linux; Android 6.0.1; Nexus 5X Build/MMB29P) AppleWebKit/537.36 (KHTML, like Gecko) Chrome/144.0.7559.132 Mobile Safari/537.36 (compatible; Googlebot/2.1; +http://www.google.com/bot.html)"
40.77.167.241 - - [10/Feb/2026:15:03:44 +0200] "GET /zwywxz/w1069447765.html HTTP/1.1" 404 105912 "-" "Mozilla/5.0 AppleWebKit/537.36 (KHTML, like Gecko; compatible; bingbot/2.0; +http://www.bing.com/bingbot.htm) Chrome/116.0.1938.76 Safari/537.36"
66.249.77.194 - - [10/Feb/2026:15:04:08 +0200] "GET /n/sew32703106.html HTTP/1.1" 200 168875 "-" "Mozilla/5.0 (Linux; Android 6.0.1; Nexus 5X Build/MMB29P) AppleWebKit/537.36 (KHTML, like Gecko) Chrome/144.0.7559.132 Mobile Safari/537.36 (compatible; GoogleOther)"
66.249.77.194 - - [10/Feb/2026:15:04:09 +0200] "GET /n/cola61793773.html HTTP/1.1" 200 165539 "-" "Mozilla/5.0 (Linux; Android 6.0.1; Nexus 5X Build/MMB29P) AppleWebKit/537.36 (KHTML, like Gecko) Chrome/144.0.7559.132 Mobile Safari/537.36 (compatible; Googlebot/2.1; +http://www.google.com/bot.html)"
66.249.77.193 - - [10/Feb/2026:15:04:46 +0200] "GET /n/band82833511.html HTTP/1.1" 200 169105 "-" "Mozilla/5.0 (Linux; Android 6.0.1; Nexus 5X Build/MMB29P) AppleWebKit/537.36 (KHTML, like Gecko) Chrome/144.0.7559.132 Mobile Safari/537.36 (compatible; GoogleOther)"
66.249.77.194 - - [10/Feb/2026:15:05:10 +0200] "GET /n/foul50551972.html HTTP/1.1" 200 169518 "-" "Mozilla/5.0 (Linux; Android 6.0.1; Nexus 5X Build/MMB29P) AppleWebKit/537.36 (KHTML, like Gecko) Chrome/144.0.7559.132 Mobile Safari/537.36 (compatible; Googlebot/2.1; +http://www.google.com/bot.html)"
66.249.77.194 - - [10/Feb/2026:15:06:10 +0200] "GET /n/inch82548431.html HTTP/1.1" 200 171178 "-" "Mozilla/5.0 (Linux; Android 6.0.1; Nexus 5X Build/MMB29P) AppleWebKit/537.36 (KHTML, like Gecko) Chrome/144.0.7559.132 Mobile Safari/537.36 (compatible; Googlebot/2.1; +http://www.google.com/bot.html)"
52.167.144.18 - - [10/Feb/2026:15:06:14 +0200] "GET /xzweyf/b15413316754.html HTTP/1.1" 404 105887 "-" "Mozilla/5.0 AppleWebKit/537.36 (KHTML, like Gecko; compatible; bingbot/2.0; +http://www.bing.com/bingbot.htm) Chrome/116.0.1938.76 Safari/537.36"
40.77.167.241 - - [10/Feb/2026:15:06:25 +0200] "GET /yzbcfx/w1456241854.html HTTP/1.1" 404 105912 "-" "Mozilla/5.0 AppleWebKit/537.36 (KHTML, like Gecko; compatible; bingbot/2.0; +http://www.bing.com/bingbot.htm) Chrome/116.0.1938.76 Safari/537.36"
66.249.77.195 - - [10/Feb/2026:15:07:10 +0200] "GET /n/softw70823806.html HTTP/1.1" 200 167572 "-" "Mozilla/5.0 (Linux; Android 6.0.1; Nexus 5X Build/MMB29P) AppleWebKit/537.36 (KHTML, like Gecko) Chrome/144.0.7559.132 Mobile Safari/537.36 (compatible; Googlebot/2.1; +http://www.google.com/bot.html)"
52.167.144.140 - - [10/Feb/2026:15:07:31 +0200] "GET /zffzff/e1383400314.html HTTP/1.1" 301 3661 "-" "Mozilla/5.0 AppleWebKit/537.36 (KHTML, like Gecko; compatible; bingbot/2.0; +http://www.bing.com/bingbot.htm) Chrome/116.0.1938.76 Safari/537.36"
52.167.144.150 - - [10/Feb/2026:15:07:41 +0200] "GET /eyttxt/c10710294558.shtm HTTP/1.1" 301 3662 "-" "Mozilla/5.0 AppleWebKit/537.36 (KHTML, like Gecko; compatible; bingbot/2.0; +http://www.bing.com/bingbot.htm) Chrome/116.0.1938.76 Safari/537.36"
66.249.77.194 - - [10/Feb/2026:15:07:47 +0200] "GET /n/break62316437.html HTTP/1.1" 200 168378 "-" "Mozilla/5.0 (Linux; Android 6.0.1; Nexus 5X Build/MMB29P) AppleWebKit/537.36 (KHTML, like Gecko) Chrome/144.0.7559.132 Mobile Safari/537.36 (compatible; GoogleOther)"
66.249.77.193 - - [10/Feb/2026:15:09:10 +0200] "GET /n/menti21793145.html HTTP/1.1" 200 170043 "-" "Mozilla/5.0 (Linux; Android 6.0.1; Nexus 5X Build/MMB29P) AppleWebKit/537.36 (KHTML, like Gecko) Chrome/144.0.7559.132 Mobile Safari/537.36 (compatible; Googlebot/2.1; +http://www.google.com/bot.html)"
52.167.144.138 - - [10/Feb/2026:15:10:38 +0200] "GET /cxxbwe/x10710207976.html HTTP/1.1" 404 105887 "-" "Mozilla/5.0 AppleWebKit/537.36 (KHTML, like Gecko; compatible; bingbot/2.0; +http://www.bing.com/bingbot.htm) Chrome/116.0.1938.76 Safari/537.36"
66.249.77.194 - - [10/Feb/2026:15:11:03 +0200] "GET /n/mire62943861.html HTTP/1.1" 200 168522 "-" "Mozilla/5.0 (Linux; Android 6.0.1; Nexus 5X Build/MMB29P) AppleWebKit/537.36 (KHTML, like Gecko) Chrome/144.0.7559.132 Mobile Safari/537.36 (compatible; GoogleOther)"
66.249.77.193 - - [10/Feb/2026:15:11:27 +0200] "GET /n/baby42228819.html HTTP/1.1" 200 169531 "-" "Mozilla/5.0 (Linux; Android 6.0.1; Nexus 5X Build/MMB29P) AppleWebKit/537.36 (KHTML, like Gecko) Chrome/144.0.7559.132 Mobile Safari/537.36 (compatible; GoogleOther)"
66.249.77.193 - - [10/Feb/2026:15:12:13 +0200] "GET /n/sulph82390711.html HTTP/1.1" 200 169882 "-" "Mozilla/5.0 (Linux; Android 6.0.1; Nexus 5X Build/MMB29P) AppleWebKit/537.36 (KHTML, like Gecko) Chrome/144.0.7559.132 Mobile Safari/537.36 (compatible; GoogleOther)"
66.249.77.194 - - [10/Feb/2026:15:15:06 +0200] "GET /n/impri40907555.html HTTP/1.1" 200 168210 "-" "Mozilla/5.0 (Linux; Android 6.0.1; Nexus 5X Build/MMB29P) AppleWebKit/537.36 (KHTML, like Gecko) Chrome/144.0.7559.132 Mobile Safari/537.36 (compatible; GoogleOther)"
66.249.77.193 - - [10/Feb/2026:15:17:21 +0200] "GET /n/feet51915836.html HTTP/1.1" 200 170549 "-" "Mozilla/5.0 (Linux; Android 6.0.1; Nexus 5X Build/MMB29P) AppleWebKit/537.36 (KHTML, like Gecko) Chrome/144.0.7559.132 Mobile Safari/537.36 (compatible; GoogleOther)"
66.249.77.193 - - [10/Feb/2026:15:18:46 +0200] "GET /n/shark22761593.html HTTP/1.1" 200 169290 "-" "Mozilla/5.0 (Linux; Android 6.0.1; Nexus 5X Build/MMB29P) AppleWebKit/537.36 (KHTML, like Gecko) Chrome/144.0.7559.132 Mobile Safari/537.36 (compatible; GoogleOther)"
66.249.77.195 - - [10/Feb/2026:15:22:25 +0200] "GET /n/embas52835812.html HTTP/1.1" 200 169572 "-" "Mozilla/5.0 (Linux; Android 6.0.1; Nexus 5X Build/MMB29P) AppleWebKit/537.36 (KHTML, like Gecko) Chrome/144.0.7559.132 Mobile Safari/537.36 (compatible; GoogleOther)"
66.249.77.194 - - [10/Feb/2026:15:23:38 +0200] "GET /n/purpo11761800.html HTTP/1.1" 200 169401 "-" "Mozilla/5.0 (Linux; Android 6.0.1; Nexus 5X Build/MMB29P) AppleWebKit/537.36 (KHTML, like Gecko) Chrome/144.0.7559.132 Mobile Safari/537.36 (compatible; GoogleOther)"
52.167.144.183 - - [10/Feb/2026:15:25:24 +0200] "GET /wxwdbf/b1383007580.html HTTP/1.1" 404 105912 "-" "Mozilla/5.0 AppleWebKit/537.36 (KHTML, like Gecko; compatible; bingbot/2.0; +http://www.bing.com/bingbot.htm) Chrome/116.0.1938.76 Safari/537.36"
66.249.77.195 - - [10/Feb/2026:15:26:05 +0200] "GET /n/cigar20017481.html HTTP/1.1" 200 168930 "-" "Mozilla/5.0 (Linux; Android 6.0.1; Nexus 5X Build/MMB29P) AppleWebKit/537.36 (KHTML, like Gecko) Chrome/144.0.7559.132 Mobile Safari/537.36 (compatible; GoogleOther)"
52.167.144.142 - - [10/Feb/2026:15:29:31 +0200] "GET /ydyuyd/c1425478200.shtm HTTP/1.1" 301 3661 "-" "Mozilla/5.0 AppleWebKit/537.36 (KHTML, like Gecko; compatible; bingbot/2.0; +http://www.bing.com/bingbot.htm) Chrome/116.0.1938.76 Safari/537.36"
66.249.77.195 - - [10/Feb/2026:15:29:44 +0200] "GET /?shop/category/categorylist HTTP/1.1" 200 169092 "-" "Mozilla/5.0 (Linux; Android 6.0.1; Nexus 5X Build/MMB29P) AppleWebKit/537.36 (KHTML, like Gecko) Chrome/144.0.7559.132 Mobile Safari/537.36 (compatible; GoogleOther)"
66.249.77.193 - - [10/Feb/2026:15:29:55 +0200] "GET /n/parti22361433.html HTTP/1.1" 200 172696 "-" "Mozilla/5.0 (Linux; Android 6.0.1; Nexus 5X Build/MMB29P) AppleWebKit/537.36 (KHTML, like Gecko) Chrome/144.0.7559.132 Mobile Safari/537.36 (compatible; GoogleOther)"
185.191.171.13 - - [10/Feb/2026:15:32:33 +0200] "GET /robots.txt HTTP/1.1" 200 3827 "-" "Mozilla/5.0 (compatible; SemrushBot/7~bl; +http://www.semrush.com/bot.html)"
185.191.171.19 - - [10/Feb/2026:15:32:34 +0200] "GET /rezidenti/ HTTP/1.1" 200 226916 "-" "Mozilla/5.0 (compatible; SemrushBot/7~bl; +http://www.semrush.com/bot.html)"
94.158.246.181 - - [10/Feb/2026:15:32:36 +0200] "POST /wp-cron.php?doing_wp_cron=1770730356.3469500541687011718750 HTTP/1.1" 200 3401 "-" "WordPress/6.9; https://iac.md"
45.148.10.124 - - [10/Feb/2026:15:32:38 +0200] "GET /.git/config HTTP/1.1" 404 105704 "-" "Mozilla/5.0 (Macintosh; Intel Mac OS X 10_14_3) AppleWebKit/537.36 (KHTML, like Gecko) Chrome/76.0.3809.110 Safari/537.36 Vivaldi/2.7.1628.28"
66.249.77.193 - - [10/Feb/2026:15:33:24 +0200] "GET /n/teach12385168.html HTTP/1.1" 200 168349 "-" "Mozilla/5.0 (Linux; Android 6.0.1; Nexus 5X Build/MMB29P) AppleWebKit/537.36 (KHTML, like Gecko) Chrome/144.0.7559.132 Mobile Safari/537.36 (compatible; GoogleOther)"
40.77.167.149 - - [10/Feb/2026:15:33:55 +0200] "GET /deuwxa/e15614264199.html HTTP/1.1" 404 105887 "-" "Mozilla/5.0 AppleWebKit/537.36 (KHTML, like Gecko; compatible; bingbot/2.0; +http://www.bing.com/bingbot.htm) Chrome/116.0.1938.76 Safari/537.36"
40.77.167.149 - - [10/Feb/2026:15:35:18 +0200] "GET /fyzcuf/y1079924732.html HTTP/1.1" 404 105912 "-" "Mozilla/5.0 AppleWebKit/537.36 (KHTML, like Gecko; compatible; bingbot/2.0; +http://www.bing.com/bingbot.htm) Chrome/116.0.1938.76 Safari/537.36"
40.77.167.47 - - [10/Feb/2026:15:35:39 +0200] "GET /atwvuu/x1221126978.shtm HTTP/1.1" 301 3661 "-" "Mozilla/5.0 AppleWebKit/537.36 (KHTML, like Gecko; compatible; bingbot/2.0; +http://www.bing.com/bingbot.htm) Chrome/116.0.1938.76 Safari/537.36"
66.249.77.193 - - [10/Feb/2026:15:36:13 +0200] "GET /n/brain12632608.html HTTP/1.1" 200 171002 "-" "Mozilla/5.0 (Linux; Android 6.0.1; Nexus 5X Build/MMB29P) AppleWebKit/537.36 (KHTML, like Gecko) Chrome/144.0.7559.132 Mobile Safari/537.36 (compatible; GoogleOther)"
66.249.77.194 - - [10/Feb/2026:15:37:03 +0200] "GET /n/baske20556265.html HTTP/1.1" 200 168740 "-" "Mozilla/5.0 (Linux; Android 6.0.1; Nexus 5X Build/MMB29P) AppleWebKit/537.36 (KHTML, like Gecko) Chrome/144.0.7559.132 Mobile Safari/537.36 (compatible; GoogleOther)"
3.224.215.150 - - [10/Feb/2026:15:39:07 +0200] "GET /wp-json/oembed/1.0/embed?url=https://iac.md/despre-noi/ HTTP/1.1" 200 6279 "-" "Mozilla/5.0 AppleWebKit/537.36 (KHTML, like Gecko; compatible; Amazonbot/0.1; +https://developer.amazon.com/support/amazonbot) Chrome/119.0.6045.214 Safari/537.36"
66.249.77.194 - - [10/Feb/2026:15:39:08 +0200] "GET /n/uncon62919029.html HTTP/1.1" 200 169024 "-" "Mozilla/5.0 (Linux; Android 6.0.1; Nexus 5X Build/MMB29P) AppleWebKit/537.36 (KHTML, like Gecko) Chrome/144.0.7559.132 Mobile Safari/537.36 (compatible; GoogleOther)"
66.249.77.194 - - [10/Feb/2026:15:39:36 +0200] "GET /n/uncon62919029.html HTTP/1.1" 200 169275 "-" "Mozilla/5.0 (Linux; Android 6.0.1; Nexus 5X Build/MMB29P) AppleWebKit/537.36 (KHTML, like Gecko) Chrome/144.0.7559.132 Mobile Safari/537.36 (compatible; Googlebot/2.1; +http://www.google.com/bot.html)"
66.249.77.194 - - [10/Feb/2026:15:40:43 +0200] "GET /n/fee82754511.html HTTP/1.1" 200 171910 "-" "Mozilla/5.0 (Linux; Android 6.0.1; Nexus 5X Build/MMB29P) AppleWebKit/537.36 (KHTML, like Gecko) Chrome/144.0.7559.132 Mobile Safari/537.36 (compatible; GoogleOther)"
66.249.77.194 - - [10/Feb/2026:15:42:31 +0200] "GET /n/fruit42768219.html HTTP/1.1" 200 169179 "-" "Mozilla/5.0 (Linux; Android 6.0.1; Nexus 5X Build/MMB29P) AppleWebKit/537.36 (KHTML, like Gecko) Chrome/144.0.7559.132 Mobile Safari/537.36 (compatible; GoogleOther)"
62.201.244.140 - - [10/Feb/2026:15:42:47 +0200] "GET /robots.txt HTTP/1.1" 200 3808 "-" "Mozilla/5.0 (Windows NT 10.0; Win64; x64) AppleWebKit/537.36 (KHTML, like Gecko) Chrome/114.0.0.0 Safari/537.36 Edg/114.0.1823.43"
40.77.167.47 - - [10/Feb/2026:15:43:36 +0200] "GET /ceyfwe/e1383211997.shtm HTTP/1.1" 301 3661 "-" "Mozilla/5.0 AppleWebKit/537.36 (KHTML, like Gecko; compatible; bingbot/2.0; +http://www.bing.com/bingbot.htm) Chrome/116.0.1938.76 Safari/537.36"
66.249.77.194 - - [10/Feb/2026:15:44:22 +0200] "GET /n/nude60323869.html HTTP/1.1" 200 169754 "-" "Mozilla/5.0 (Linux; Android 6.0.1; Nexus 5X Build/MMB29P) AppleWebKit/537.36 (KHTML, like Gecko) Chrome/144.0.7559.132 Mobile Safari/537.36 (compatible; GoogleOther)"
51.75.151.149 - - [10/Feb/2026:15:47:11 +0200] "GET /wp-content/plugins/cidaas-pro-master/composer.json HTTP/1.1" 404 105812 "-" "Mozilla/5.0 (Windows NT 10.0; Win64; x64) AppleWebKit/537.36 (KHTML, like Gecko) Chrome/127.0.0.0 Safari/537.36"
52.167.144.142 - - [10/Feb/2026:15:47:21 +0200] "GET /wccvwv/w10810532591.html HTTP/1.1" 404 105887 "-" "Mozilla/5.0 AppleWebKit/537.36 (KHTML, like Gecko; compatible; bingbot/2.0; +http://www.bing.com/bingbot.htm) Chrome/116.0.1938.76 Safari/537.36"
66.249.77.194 - - [10/Feb/2026:15:48:02 +0200] "GET /n/axis20126865.html HTTP/1.1" 200 167902 "-" "Mozilla/5.0 (Linux; Android 6.0.1; Nexus 5X Build/MMB29P) AppleWebKit/537.36 (KHTML, like Gecko) Chrome/144.0.7559.132 Mobile Safari/537.36 (compatible; GoogleOther)"
40.77.167.61 - - [10/Feb/2026:15:48:05 +0200] "GET /vwfyxy/y120220325.shtm HTTP/1.1" 404 105879 "-" "Mozilla/5.0 AppleWebKit/537.36 (KHTML, like Gecko; compatible; bingbot/2.0; +http://www.bing.com/bingbot.htm) Chrome/116.0.1938.76 Safari/537.36"
66.249.77.194 - - [10/Feb/2026:15:48:06 +0200] "GET /n/recha60178237.html HTTP/1.1" 200 165305 "-" "Mozilla/5.0 (Linux; Android 6.0.1; Nexus 5X Build/MMB29P) AppleWebKit/537.36 (KHTML, like Gecko) Chrome/144.0.7559.132 Mobile Safari/537.36 (compatible; GoogleOther)"
66.249.77.193 - - [10/Feb/2026:15:48:11 +0200] "GET /n/sweat11425280.html HTTP/1.1" 200 168466 "-" "Mozilla/5.0 (Linux; Android 6.0.1; Nexus 5X Build/MMB29P) AppleWebKit/537.36 (KHTML, like Gecko) Chrome/144.0.7559.132 Mobile Safari/537.36 (compatible; GoogleOther)"
66.249.77.193 - - [10/Feb/2026:15:48:23 +0200] "GET /n/sweat11425280.html HTTP/1.1" 200 168474 "-" "Mozilla/5.0 (Linux; Android 6.0.1; Nexus 5X Build/MMB29P) AppleWebKit/537.36 (KHTML, like Gecko) Chrome/144.0.7559.132 Mobile Safari/537.36 (compatible; Googlebot/2.1; +http://www.google.com/bot.html)"
66.249.77.193 - - [10/Feb/2026:15:48:47 +0200] "GET /n/desce51234636.html HTTP/1.1" 200 169993 "-" "Mozilla/5.0 (Linux; Android 6.0.1; Nexus 5X Build/MMB29P) AppleWebKit/537.36 (KHTML, like Gecko) Chrome/144.0.7559.132 Mobile Safari/537.36 (compatible; GoogleOther)"
66.249.77.195 - - [10/Feb/2026:15:49:23 +0200] "GET /n/recha60178237.html HTTP/1.1" 200 168922 "-" "Mozilla/5.0 (Linux; Android 6.0.1; Nexus 5X Build/MMB29P) AppleWebKit/537.36 (KHTML, like Gecko) Chrome/144.0.7559.132 Mobile Safari/537.36 (compatible; Googlebot/2.1; +http://www.google.com/bot.html)"
52.167.144.142 - - [10/Feb/2026:15:50:21 +0200] "GET /wacvbw/a1435684321.html HTTP/1.1" 404 105912 "-" "Mozilla/5.0 AppleWebKit/537.36 (KHTML, like Gecko; compatible; bingbot/2.0; +http://www.bing.com/bingbot.htm) Chrome/116.0.1938.76 Safari/537.36"
66.249.77.194 - - [10/Feb/2026:15:51:41 +0200] "GET /n/formu41606035.html HTTP/1.1" 200 167597 "-" "Mozilla/5.0 (Linux; Android 6.0.1; Nexus 5X Build/MMB29P) AppleWebKit/537.36 (KHTML, like Gecko) Chrome/144.0.7559.132 Mobile Safari/537.36 (compatible; GoogleOther)"
66.249.77.194 - - [10/Feb/2026:15:55:05 +0200] "GET /n/tower71221182.html HTTP/1.1" 200 170228 "-" "Mozilla/5.0 (Linux; Android 6.0.1; Nexus 5X Build/MMB29P) AppleWebKit/537.36 (KHTML, like Gecko) Chrome/144.0.7559.132 Mobile Safari/537.36 (compatible; GoogleOther)"
52.167.144.228 - - [10/Feb/2026:15:55:18 +0200] "GET /utbbtx/x1414794694.html HTTP/1.1" 404 105912 "-" "Mozilla/5.0 AppleWebKit/537.36 (KHTML, like Gecko; compatible; bingbot/2.0; +http://www.bing.com/bingbot.htm) Chrome/116.0.1938.76 Safari/537.36"
66.249.77.194 - - [10/Feb/2026:15:55:21 +0200] "GET /n/shrin30195778.html HTTP/1.1" 200 169386 "-" "Mozilla/5.0 (Linux; Android 6.0.1; Nexus 5X Build/MMB29P) AppleWebKit/537.36 (KHTML, like Gecko) Chrome/144.0.7559.132 Mobile Safari/537.36 (compatible; GoogleOther)"
40.77.167.7 - - [10/Feb/2026:15:55:46 +0200] "GET /cxxyax/u1435826983.shtm HTTP/1.1" 301 3661 "-" "Mozilla/5.0 AppleWebKit/537.36 (KHTML, like Gecko; compatible; bingbot/2.0; +http://www.bing.com/bingbot.htm) Chrome/116.0.1938.76 Safari/537.36"
66.249.77.193 - - [10/Feb/2026:15:58:43 +0200] "GET /n/clock22116273.html HTTP/1.1" 200 171381 "-" "Mozilla/5.0 (Linux; Android 6.0.1; Nexus 5X Build/MMB29P) AppleWebKit/537.36 (KHTML, like Gecko) Chrome/144.0.7559.132 Mobile Safari/537.36 (compatible; Googlebot/2.1; +http://www.google.com/bot.html)"
66.249.77.195 - - [10/Feb/2026:15:59:00 +0200] "GET /n/posse71935142.html HTTP/1.1" 200 172036 "-" "Mozilla/5.0 (Linux; Android 6.0.1; Nexus 5X Build/MMB29P) AppleWebKit/537.36 (KHTML, like Gecko) Chrome/144.0.7559.132 Mobile Safari/537.36 (compatible; GoogleOther)"
52.167.144.212 - - [10/Feb/2026:16:00:49 +0200] "GET /dfyaac/b121627218.html HTTP/1.1" 404 105879 "-" "Mozilla/5.0 AppleWebKit/537.36 (KHTML, like Gecko; compatible; bingbot/2.0; +http://www.bing.com/bingbot.htm) Chrome/116.0.1938.76 Safari/537.36"
66.249.77.194 - - [10/Feb/2026:16:01:22 +0200] "GET /n/odd50419028.html HTTP/1.1" 200 168057 "-" "Mozilla/5.0 (Linux; Android 6.0.1; Nexus 5X Build/MMB29P) AppleWebKit/537.36 (KHTML, like Gecko) Chrome/144.0.7559.132 Mobile Safari/537.36 (compatible; GoogleOther)"
66.249.77.194 - - [10/Feb/2026:16:02:40 +0200] "GET /n/habit60775389.html HTTP/1.1" 200 168830 "-" "Mozilla/5.0 (Linux; Android 6.0.1; Nexus 5X Build/MMB29P) AppleWebKit/537.36 (KHTML, like Gecko) Chrome/144.0.7559.132 Mobile Safari/537.36 (compatible; GoogleOther)"
66.249.75.166 - - [10/Feb/2026:16:02:51 +0200] "GET /?contents/reform HTTP/1.1" 200 169904 "-" "Mozilla/5.0 (Linux; Android 6.0.1; Nexus 5X Build/MMB29P) AppleWebKit/537.36 (KHTML, like Gecko) Chrome/144.0.7559.132 Mobile Safari/537.36 (compatible; Googlebot/2.1; +http://www.google.com/bot.html)"
40.77.167.143 - - [10/Feb/2026:16:05:30 +0200] "GET /xvduad/x10710023963.html HTTP/1.1" 404 105887 "-" "Mozilla/5.0 AppleWebKit/537.36 (KHTML, like Gecko; compatible; bingbot/2.0; +http://www.bing.com/bingbot.htm) Chrome/116.0.1938.76 Safari/537.36"
66.249.77.193 - - [10/Feb/2026:16:06:19 +0200] "GET /n/kid70752134.html HTTP/1.1" 200 169330 "-" "Mozilla/5.0 (Linux; Android 6.0.1; Nexus 5X Build/MMB29P) AppleWebKit/537.36 (KHTML, like Gecko) Chrome/144.0.7559.132 Mobile Safari/537.36 (compatible; GoogleOther)"
66.249.77.195 - - [10/Feb/2026:16:07:39 +0200] "GET /n/slow20120137.html HTTP/1.1" 200 167819 "-" "Mozilla/5.0 (Linux; Android 6.0.1; Nexus 5X Build/MMB29P) AppleWebKit/537.36 (KHTML, like Gecko) Chrome/144.0.7559.132 Mobile Safari/537.36 (compatible; GoogleOther)"
66.249.77.193 - - [10/Feb/2026:16:09:59 +0200] "GET /n/boom71155758.html HTTP/1.1" 200 168778 "-" "Mozilla/5.0 (Linux; Android 6.0.1; Nexus 5X Build/MMB29P) AppleWebKit/537.36 (KHTML, like Gecko) Chrome/144.0.7559.132 Mobile Safari/537.36 (compatible; GoogleOther)"
66.249.77.193 - - [10/Feb/2026:16:10:04 +0200] "GET /n/accen50260844.html HTTP/1.1" 200 165278 "-" "Mozilla/5.0 (Linux; Android 6.0.1; Nexus 5X Build/MMB29P) AppleWebKit/537.36 (KHTML, like Gecko) Chrome/144.0.7559.132 Mobile Safari/537.36 (compatible; GoogleOther)"
66.249.77.193 - - [10/Feb/2026:16:10:15 +0200] "GET /n/accen50260844.html HTTP/1.1" 200 168477 "-" "Mozilla/5.0 (Linux; Android 6.0.1; Nexus 5X Build/MMB29P) AppleWebKit/537.36 (KHTML, like Gecko) Chrome/144.0.7559.132 Mobile Safari/537.36 (compatible; Googlebot/2.1; +http://www.google.com/bot.html)"
52.167.144.212 - - [10/Feb/2026:16:11:25 +0200] "GET /fzxyfv/t1456410308.html HTTP/1.1" 404 105912 "-" "Mozilla/5.0 AppleWebKit/537.36 (KHTML, like Gecko; compatible; bingbot/2.0; +http://www.bing.com/bingbot.htm) Chrome/116.0.1938.76 Safari/537.36"
66.249.77.195 - - [10/Feb/2026:16:13:39 +0200] "GET /n/resul50088188.html HTTP/1.1" 200 168242 "-" "Mozilla/5.0 (Linux; Android 6.0.1; Nexus 5X Build/MMB29P) AppleWebKit/537.36 (KHTML, like Gecko) Chrome/144.0.7559.132 Mobile Safari/537.36 (compatible; GoogleOther)"
66.249.77.194 - - [10/Feb/2026:16:13:57 +0200] "GET /n/outle12006920.html HTTP/1.1" 200 170772 "-" "Mozilla/5.0 (Linux; Android 6.0.1; Nexus 5X Build/MMB29P) AppleWebKit/537.36 (KHTML, like Gecko) Chrome/144.0.7559.132 Mobile Safari/537.36 (compatible; GoogleOther)"
66.249.77.195 - - [10/Feb/2026:16:14:59 +0200] "GET /n/luxur71635214.html HTTP/1.1" 200 169170 "-" "Mozilla/5.0 (Linux; Android 6.0.1; Nexus 5X Build/MMB29P) AppleWebKit/537.36 (KHTML, like Gecko) Chrome/144.0.7559.132 Mobile Safari/537.36 (compatible; GoogleOther)"
66.249.77.193 - - [10/Feb/2026:16:15:03 +0200] "GET /?shop/e/e009001044001 HTTP/1.1" 200 168850 "-" "Mozilla/5.0 (Linux; Android 6.0.1; Nexus 5X Build/MMB29P) AppleWebKit/537.36 (KHTML, like Gecko) Chrome/144.0.7559.132 Mobile Safari/537.36 (compatible; GoogleOther)"
66.249.77.193 - - [10/Feb/2026:16:15:57 +0200] "GET /n/blood60520653.html HTTP/1.1" 200 170130 "-" "Mozilla/5.0 (Linux; Android 6.0.1; Nexus 5X Build/MMB29P) AppleWebKit/537.36 (KHTML, like Gecko) Chrome/144.0.7559.132 Mobile Safari/537.36 (compatible; GoogleOther)"
40.77.167.243 - - [10/Feb/2026:16:17:01 +0200] "GET /zwfabe/v1006685632.html HTTP/1.1" 404 105912 "-" "Mozilla/5.0 AppleWebKit/537.36 (KHTML, like Gecko; compatible; bingbot/2.0; +http://www.bing.com/bingbot.htm) Chrome/116.0.1938.76 Safari/537.36"
66.249.77.195 - - [10/Feb/2026:16:17:15 +0200] "GET /n/shake41525595.html HTTP/1.1" 200 170218 "-" "Mozilla/5.0 (Linux; Android 6.0.1; Nexus 5X Build/MMB29P) AppleWebKit/537.36 (KHTML, like Gecko) Chrome/144.0.7559.132 Mobile Safari/537.36 (compatible; GoogleOther)"
66.249.77.193 - - [10/Feb/2026:16:18:15 +0200] "GET /n/chops60773253.html HTTP/1.1" 200 168627 "-" "Mozilla/5.0 (Linux; Android 6.0.1; Nexus 5X Build/MMB29P) AppleWebKit/537.36 (KHTML, like Gecko) Chrome/144.0.7559.132 Mobile Safari/537.36 (compatible; GoogleOther)"
40.77.167.116 - - [10/Feb/2026:16:18:25 +0200] "GET /zvbywf/b15513510936.html HTTP/1.1" 404 105887 "-" "Mozilla/5.0 AppleWebKit/537.36 (KHTML, like Gecko; compatible; bingbot/2.0; +http://www.bing.com/bingbot.htm) Chrome/116.0.1938.76 Safari/537.36"
40.77.167.77 - - [10/Feb/2026:16:19:12 +0200] "GET /tutfuz/t1446085448.html HTTP/1.1" 404 105912 "-" "Mozilla/5.0 AppleWebKit/537.36 (KHTML, like Gecko; compatible; bingbot/2.0; +http://www.bing.com/bingbot.htm) Chrome/116.0.1938.76 Safari/537.36"
54.146.210.139 - - [10/Feb/2026:16:19:23 +0200] "GET / HTTP/1.1" 301 3621 "http://www.biomed-search.com/" "Mozilla/5.0 (X11; CrOS x86_64 14150.87.0) AppleWebKit/537.36 (KHTML, like Gecko) Chrome/94.0.4606.124 Safari/537.36"
54.146.210.139 - - [10/Feb/2026:16:19:24 +0200] "GET / HTTP/1.1" 200 230330 "http://www.biomed-search.com/" "Mozilla/5.0 (X11; Linux x86_64) AppleWebKit/537.36 (KHTML, like Gecko) HeadlessChrome/139.0.7258.5 Safari/537.36"
54.146.210.139 - - [10/Feb/2026:16:19:26 +0200] "GET /wp-includes/css/dist/block-library/style.min.css?ver=6.9 HTTP/1.1" 200 120252 "http://www.biomed-search.com/" "Mozilla/5.0 (X11; CrOS x86_64 14150.87.0) AppleWebKit/537.36 (KHTML, like Gecko) Chrome/94.0.4606.124 Safari/537.36"
54.146.210.139 - - [10/Feb/2026:16:19:27 +0200] "GET /wp-content/plugins/contact-form-7/includes/css/styles.css?ver=5.9.8 HTTP/1.1" 200 3382 "http://www.biomed-search.com/" "Mozilla/5.0 (X11; CrOS x86_64 14150.87.0) AppleWebKit/537.36 (KHTML, like Gecko) Chrome/94.0.4606.124 Safari/537.36"
54.146.210.139 - - [10/Feb/2026:16:19:27 +0200] "GET /wp-content/plugins/translatepress-multilingual/assets/css/trp-language-switcher.css?ver=2.7.0 HTTP/1.1" 200 3331 "http://www.biomed-search.com/" "Mozilla/5.0 (X11; CrOS x86_64 14150.87.0) AppleWebKit/537.36 (KHTML, like Gecko) Chrome/94.0.4606.124 Safari/537.36"
54.146.210.139 - - [10/Feb/2026:16:19:27 +0200] "GET /wp-content/plugins/custom-facebook-feed-pro/assets/css/cff-style.css?ver=4.2.1 HTTP/1.1" 200 105798 "http://www.biomed-search.com/" "Mozilla/5.0 (X11; CrOS x86_64 14150.87.0) AppleWebKit/537.36 (KHTML, like Gecko) Chrome/94.0.4606.124 Safari/537.36"
54.146.210.139 - - [10/Feb/2026:16:19:27 +0200] "GET /wp-content/themes/betheme/assets/animations/animations.min.css?ver=26.6.7 HTTP/1.1" 200 60030 "http://www.biomed-search.com/" "Mozilla/5.0 (X11; CrOS x86_64 14150.87.0) AppleWebKit/537.36 (KHTML, like Gecko) Chrome/94.0.4606.124 Safari/537.36"
54.146.210.139 - - [10/Feb/2026:16:19:27 +0200] "GET /wp-content/themes/betheme/fonts/fontawesome/fontawesome.css?ver=26.6.7 HTTP/1.1" 200 61140 "http://www.biomed-search.com/" "Mozilla/5.0 (X11; CrOS x86_64 14150.87.0) AppleWebKit/537.36 (KHTML, like Gecko) Chrome/94.0.4606.124 Safari/537.36"
54.146.210.139 - - [10/Feb/2026:16:19:27 +0200] "GET /wp-content/themes/betheme/assets/jplayer/css/jplayer.blue.monday.min.css?ver=26.6.7 HTTP/1.1" 200 10062 "http://www.biomed-search.com/" "Mozilla/5.0 (X11; CrOS x86_64 14150.87.0) AppleWebKit/537.36 (KHTML, like Gecko) Chrome/94.0.4606.124 Safari/537.36"
54.146.210.139 - - [10/Feb/2026:16:19:27 +0200] "GET /wp-content/themes/betheme/css/responsive.css?ver=26.6.7 HTTP/1.1" 200 65464 "http://www.biomed-search.com/" "Mozilla/5.0 (X11; CrOS x86_64 14150.87.0) AppleWebKit/537.36 (KHTML, like Gecko) Chrome/94.0.4606.124 Safari/537.36"
54.146.210.139 - - [10/Feb/2026:16:19:27 +0200] "GET /wp-content/plugins/elementor/assets/lib/eicons/css/elementor-icons.min.css?ver=5.17.0 HTTP/1.1" 200 19704 "http://www.biomed-search.com/" "Mozilla/5.0 (X11; CrOS x86_64 14150.87.0) AppleWebKit/537.36 (KHTML, like Gecko) Chrome/94.0.4606.124 Safari/537.36"
54.146.210.139 - - [10/Feb/2026:16:19:27 +0200] "GET /wp-content/plugins/elementor/assets/css/frontend-lite.min.css?ver=3.10.1 HTTP/1.1" 200 96713 "http://www.biomed-search.com/" "Mozilla/5.0 (X11; CrOS x86_64 14150.87.0) AppleWebKit/537.36 (KHTML, like Gecko) Chrome/94.0.4606.124 Safari/537.36"
54.146.210.139 - - [10/Feb/2026:16:19:27 +0200] "GET /wp-content/uploads/elementor/css/post-2.css?ver=1768952392 HTTP/1.1" 200 1449 "http://www.biomed-search.com/" "Mozilla/5.0 (X11; CrOS x86_64 14150.87.0) AppleWebKit/537.36 (KHTML, like Gecko) Chrome/94.0.4606.124 Safari/537.36"
54.146.210.139 - - [10/Feb/2026:16:19:27 +0200] "GET /wp-content/themes/betheme/css/be.css?ver=26.6.7 HTTP/1.1" 200 414716 "http://www.biomed-search.com/" "Mozilla/5.0 (X11; CrOS x86_64 14150.87.0) AppleWebKit/537.36 (KHTML, like Gecko) Chrome/94.0.4606.124 Safari/537.36"
54.146.210.139 - - [10/Feb/2026:16:19:27 +0200] "GET /wp-content/plugins/custom-facebook-feed-pro/assets/css/cff-style.min.css?ver=4.2.1 HTTP/1.1" 200 81703 "http://www.biomed-search.com/" "Mozilla/5.0 (X11; CrOS x86_64 14150.87.0) AppleWebKit/537.36 (KHTML, like Gecko) Chrome/94.0.4606.124 Safari/537.36"
54.146.210.139 - - [10/Feb/2026:16:19:27 +0200] "GET /wp-content/plugins/elementor/assets/lib/font-awesome/css/all.min.css?ver=3.10.1 HTTP/1.1" 200 59783 "http://www.biomed-search.com/" "Mozilla/5.0 (X11; CrOS x86_64 14150.87.0) AppleWebKit/537.36 (KHTML, like Gecko) Chrome/94.0.4606.124 Safari/537.36"
54.146.210.139 - - [10/Feb/2026:16:19:27 +0200] "GET /wp-content/plugins/elementor/assets/lib/font-awesome/css/v4-shims.min.css?ver=3.10.1 HTTP/1.1" 200 27083 "http://www.biomed-search.com/" "Mozilla/5.0 (X11; CrOS x86_64 14150.87.0) AppleWebKit/537.36 (KHTML, like Gecko) Chrome/94.0.4606.124 Safari/537.36"
54.146.210.139 - - [10/Feb/2026:16:19:27 +0200] "GET /wp-content/uploads/elementor/css/post-51.css?ver=1768952393 HTTP/1.1" 200 5889 "http://www.biomed-search.com/" "Mozilla/5.0 (X11; CrOS x86_64 14150.87.0) AppleWebKit/537.36 (KHTML, like Gecko) Chrome/94.0.4606.124 Safari/537.36"
54.146.210.139 - - [10/Feb/2026:16:19:27 +0200] "GET /wp-content/plugins/elementor/assets/lib/font-awesome/css/fontawesome.min.css?ver=5.15.3 HTTP/1.1" 200 58351 "http://www.biomed-search.com/" "Mozilla/5.0 (X11; CrOS x86_64 14150.87.0) AppleWebKit/537.36 (KHTML, like Gecko) Chrome/94.0.4606.124 Safari/537.36"
54.146.210.139 - - [10/Feb/2026:16:19:27 +0200] "GET /wp-content/plugins/elementor/assets/lib/font-awesome/css/regular.min.css?ver=5.15.3 HTTP/1.1" 200 1026 "http://www.biomed-search.com/" "Mozilla/5.0 (X11; CrOS x86_64 14150.87.0) AppleWebKit/537.36 (KHTML, like Gecko) Chrome/94.0.4606.124 Safari/537.36"
54.146.210.139 - - [10/Feb/2026:16:19:27 +0200] "GET /wp-content/plugins/elementor/assets/lib/font-awesome/css/solid.min.css?ver=5.15.3 HTTP/1.1" 200 1018 "http://www.biomed-search.com/" "Mozilla/5.0 (X11; CrOS x86_64 14150.87.0) AppleWebKit/537.36 (KHTML, like Gecko) Chrome/94.0.4606.124 Safari/537.36"
54.146.210.139 - - [10/Feb/2026:16:19:27 +0200] "GET /wp-content/themes/betheme/functions/plugins/elementor/assets/elementor.css?ver=6.9 HTTP/1.1" 200 1040 "http://www.biomed-search.com/" "Mozilla/5.0 (X11; CrOS x86_64 14150.87.0) AppleWebKit/537.36 (KHTML, like Gecko) Chrome/94.0.4606.124 Safari/537.36"
54.146.210.139 - - [10/Feb/2026:16:19:27 +0200] "GET /wp-content/plugins/revslider/public/assets/css/rs6.css?ver=6.6.4 HTTP/1.1" 200 58699 "http://www.biomed-search.com/" "Mozilla/5.0 (X11; CrOS x86_64 14150.87.0) AppleWebKit/537.36 (KHTML, like Gecko) Chrome/94.0.4606.124 Safari/537.36"
54.146.210.139 - - [10/Feb/2026:16:19:28 +0200] "GET /wp-includes/js/jquery/jquery.min.js?ver=3.7.1 HTTP/1.1" 200 88065 "http://www.biomed-search.com/" "Mozilla/5.0 (X11; CrOS x86_64 14150.87.0) AppleWebKit/537.36 (KHTML, like Gecko) Chrome/94.0.4606.124 Safari/537.36"
54.146.210.139 - - [10/Feb/2026:16:19:28 +0200] "GET /wp-includes/js/jquery/jquery-migrate.min.js?ver=3.4.1 HTTP/1.1" 200 13943 "http://www.biomed-search.com/" "Mozilla/5.0 (X11; CrOS x86_64 14150.87.0) AppleWebKit/537.36 (KHTML, like Gecko) Chrome/94.0.4606.124 Safari/537.36"
54.146.210.139 - - [10/Feb/2026:16:19:28 +0200] "GET /wp-content/plugins/elementor/assets/lib/font-awesome/js/v4-shims.min.js?ver=3.10.1 HTTP/1.1" 200 15421 "http://www.biomed-search.com/" "Mozilla/5.0 (X11; CrOS x86_64 14150.87.0) AppleWebKit/537.36 (KHTML, like Gecko) Chrome/94.0.4606.124 Safari/537.36"
54.146.210.139 - - [10/Feb/2026:16:19:28 +0200] "GET /wp-content/uploads/2023/01/iac-logo.jpg HTTP/1.1" 200 90975 "http://www.biomed-search.com/" "Mozilla/5.0 (X11; CrOS x86_64 14150.87.0) AppleWebKit/537.36 (KHTML, like Gecko) Chrome/94.0.4606.124 Safari/537.36"
54.146.210.139 - - [10/Feb/2026:16:19:28 +0200] "GET /wp-content/plugins/revslider/public/assets/assets/dummy.png HTTP/1.1" 200 416 "http://www.biomed-search.com/" "Mozilla/5.0 (X11; CrOS x86_64 14150.87.0) AppleWebKit/537.36 (KHTML, like Gecko) Chrome/94.0.4606.124 Safari/537.36"
54.146.210.139 - - [10/Feb/2026:16:19:28 +0200] "GET /wp-content/uploads/2023/02/iac-rezident-andrei-780x860.png HTTP/1.1" 200 507003 "http://www.biomed-search.com/" "Mozilla/5.0 (X11; CrOS x86_64 14150.87.0) AppleWebKit/537.36 (KHTML, like Gecko) Chrome/94.0.4606.124 Safari/537.36"
54.146.210.139 - - [10/Feb/2026:16:19:28 +0200] "GET /wp-includes/js/dist/hooks.min.js?ver=dd5603f07f9220ed27f1 HTTP/1.1" 200 6026 "http://www.biomed-search.com/" "Mozilla/5.0 (X11; CrOS x86_64 14150.87.0) AppleWebKit/537.36 (KHTML, like Gecko) Chrome/94.0.4606.124 Safari/537.36"
54.146.210.139 - - [10/Feb/2026:16:19:28 +0200] "GET /wp-includes/js/dist/i18n.min.js?ver=c26c3dc7bed366793375 HTTP/1.1" 200 5679 "http://www.biomed-search.com/" "Mozilla/5.0 (X11; CrOS x86_64 14150.87.0) AppleWebKit/537.36 (KHTML, like Gecko) Chrome/94.0.4606.124 Safari/537.36"
54.146.210.139 - - [10/Feb/2026:16:19:28 +0200] "GET /wp-content/plugins/contact-form-7/includes/swv/js/index.js?ver=5.9.8 HTTP/1.1" 200 11879 "http://www.biomed-search.com/" "Mozilla/5.0 (X11; CrOS x86_64 14150.87.0) AppleWebKit/537.36 (KHTML, like Gecko) Chrome/94.0.4606.124 Safari/537.36"
54.146.210.139 - - [10/Feb/2026:16:19:28 +0200] "GET /wp-content/plugins/contact-form-7/includes/js/index.js?ver=5.9.8 HTTP/1.1" 200 13789 "http://www.biomed-search.com/" "Mozilla/5.0 (X11; CrOS x86_64 14150.87.0) AppleWebKit/537.36 (KHTML, like Gecko) Chrome/94.0.4606.124 Safari/537.36"
54.146.210.139 - - [10/Feb/2026:16:19:28 +0200] "GET /wp-content/uploads/2023/03/slider-bg.png HTTP/1.1" 200 94484 "http://www.biomed-search.com/" "Mozilla/5.0 (X11; CrOS x86_64 14150.87.0) AppleWebKit/537.36 (KHTML, like Gecko) Chrome/94.0.4606.124 Safari/537.36"
54.146.210.139 - - [10/Feb/2026:16:19:28 +0200] "GET /wp-includes/js/jquery/ui/core.min.js?ver=1.13.3 HTTP/1.1" 200 21859 "http://www.biomed-search.com/" "Mozilla/5.0 (X11; CrOS x86_64 14150.87.0) AppleWebKit/537.36 (KHTML, like Gecko) Chrome/94.0.4606.124 Safari/537.36"
54.146.210.139 - - [10/Feb/2026:16:19:28 +0200] "GET /wp-content/plugins/custom-facebook-feed-pro/assets/js/cff-scripts.js?ver=4.2.1 HTTP/1.1" 200 349153 "http://www.biomed-search.com/" "Mozilla/5.0 (X11; CrOS x86_64 14150.87.0) AppleWebKit/537.36 (KHTML, like Gecko) Chrome/94.0.4606.124 Safari/537.36"
54.146.210.139 - - [10/Feb/2026:16:19:28 +0200] "GET /wp-includes/js/jquery/ui/tabs.min.js?ver=1.13.3 HTTP/1.1" 200 12374 "http://www.biomed-search.com/" "Mozilla/5.0 (X11; CrOS x86_64 14150.87.0) AppleWebKit/537.36 (KHTML, like Gecko) Chrome/94.0.4606.124 Safari/537.36"
