74.7.241.17 - - [11/Feb/2026:02:18:30 +0200] "GET /?fileloc=/var/www/vhosts/iac.md/httpdocs/wp-content/uploads/2023/02/tmd.jpg&path=/var/www/vhosts/iac.md/httpdocs/wp-content/uploads/2023/02 HTTP/1.1" 200 171542 "https://iac.md/?path=/var/www/vhosts/iac.md/httpdocs/wp-content/uploads/2023/02" "Mozilla/5.0 AppleWebKit/537.36 (KHTML, like Gecko; compatible; GPTBot/1.3; +https://openai.com/gptbot)"
74.7.241.17 - - [11/Feb/2026:02:18:33 +0200] "GET /?fileloc=/var/www/vhosts/iac.md/httpdocs/wp-content/uploads/2024/08/iac-rezident-terrabianca-768x900.png&path=/var/www/vhosts/iac.md/httpdocs/wp-content/uploads/2024/08 HTTP/1.1" 200 1261065 "https://iac.md/?path=/var/www/vhosts/iac.md/httpdocs/wp-content/uploads/2024/08" "Mozilla/5.0 AppleWebKit/537.36 (KHTML, like Gecko; compatible; GPTBot/1.3; +https://openai.com/gptbot)"
74.7.241.17 - - [11/Feb/2026:02:18:36 +0200] "GET /?fileloc=/var/www/vhosts/iac.md/httpdocs/wp-content/uploads/2024/08/iac-rezident-terrabianca-768x914.png&path=/var/www/vhosts/iac.md/httpdocs/wp-content/uploads/2024/08 HTTP/1.1" 200 1314615 "https://iac.md/?path=/var/www/vhosts/iac.md/httpdocs/wp-content/uploads/2024/08" "Mozilla/5.0 AppleWebKit/537.36 (KHTML, like Gecko; compatible; GPTBot/1.3; +https://openai.com/gptbot)"
74.7.241.17 - - [11/Feb/2026:02:18:39 +0200] "GET /?fileloc=/var/www/vhosts/iac.md/httpdocs/wp-content/uploads/2024/08/iac-rezident-terrabianca-125x146.png&path=/var/www/vhosts/iac.md/httpdocs/wp-content/uploads/2024/08 HTTP/1.1" 200 68105 "https://iac.md/?path=/var/www/vhosts/iac.md/httpdocs/wp-content/uploads/2024/08" "Mozilla/5.0 AppleWebKit/537.36 (KHTML, like Gecko; compatible; GPTBot/1.3; +https://openai.com/gptbot)"
66.249.77.193 - - [11/Feb/2026:02:18:40 +0200] "GET /n/gasol41331155.html HTTP/1.1" 200 168850 "-" "Mozilla/5.0 (Linux; Android 6.0.1; Nexus 5X Build/MMB29P) AppleWebKit/537.36 (KHTML, like Gecko) Chrome/144.0.7559.132 Mobile Safari/537.36 (compatible; GoogleOther)"
74.7.241.17 - - [11/Feb/2026:02:18:43 +0200] "GET /?fileloc=/var/www/vhosts/iac.md/httpdocs/wp-content/uploads/2024/08/iac-rezident-terrabianca-780x675.png&path=/var/www/vhosts/iac.md/httpdocs/wp-content/uploads/2024/08 HTTP/1.1" 200 1135903 "https://iac.md/?path=/var/www/vhosts/iac.md/httpdocs/wp-content/uploads/2024/08" "Mozilla/5.0 AppleWebKit/537.36 (KHTML, like Gecko; compatible; GPTBot/1.3; +https://openai.com/gptbot)"
74.7.241.17 - - [11/Feb/2026:02:18:46 +0200] "GET /?fileloc=/var/www/vhosts/iac.md/httpdocs/wp-includes/sodium_compat/lib/ristretto255.php&path=/var/www/vhosts/iac.md/httpdocs/wp-includes/sodium_compat/lib HTTP/1.1" 200 21287 "https://iac.md/?path=/var/www/vhosts/iac.md/httpdocs/wp-includes/sodium_compat/lib" "Mozilla/5.0 AppleWebKit/537.36 (KHTML, like Gecko; compatible; GPTBot/1.3; +https://openai.com/gptbot)"
66.249.77.193 - - [11/Feb/2026:02:18:48 +0200] "GET /n/struc70661502.html HTTP/1.1" 200 169418 "-" "Mozilla/5.0 (Linux; Android 6.0.1; Nexus 5X Build/MMB29P) AppleWebKit/537.36 (KHTML, like Gecko) Chrome/144.0.7559.132 Mobile Safari/537.36 (compatible; GoogleOther)"
74.7.241.17 - - [11/Feb/2026:02:18:49 +0200] "GET /?fileloc=/var/www/vhosts/iac.md/httpdocs/wp-content/uploads/2023/02/iac-drona-45.jpg&path=/var/www/vhosts/iac.md/httpdocs/wp-content/uploads/2023/02 HTTP/1.1" 200 1478943 "https://iac.md/?path=/var/www/vhosts/iac.md/httpdocs/wp-content/uploads/2023/02" "Mozilla/5.0 AppleWebKit/537.36 (KHTML, like Gecko; compatible; GPTBot/1.3; +https://openai.com/gptbot)"
74.7.241.17 - - [11/Feb/2026:02:18:52 +0200] "GET /?fileloc=/var/www/vhosts/iac.md/httpdocs/wp-content/uploads/2023/03/70-85x85.jpg&path=/var/www/vhosts/iac.md/httpdocs/wp-content/uploads/2023/03 HTTP/1.1" 200 19202 "https://iac.md/?path=/var/www/vhosts/iac.md/httpdocs/wp-content/uploads/2023/03" "Mozilla/5.0 AppleWebKit/537.36 (KHTML, like Gecko; compatible; GPTBot/1.3; +https://openai.com/gptbot)"
74.7.241.17 - - [11/Feb/2026:02:18:55 +0200] "GET /?fileloc=/var/www/vhosts/iac.md/httpdocs/wp-content/uploads/2023/03/70-80x80.jpg&path=/var/www/vhosts/iac.md/httpdocs/wp-content/uploads/2023/03 HTTP/1.1" 200 18445 "https://iac.md/?path=/var/www/vhosts/iac.md/httpdocs/wp-content/uploads/2023/03" "Mozilla/5.0 AppleWebKit/537.36 (KHTML, like Gecko; compatible; GPTBot/1.3; +https://openai.com/gptbot)"
74.7.241.17 - - [11/Feb/2026:02:18:58 +0200] "GET /?fileloc=/var/www/vhosts/iac.md/httpdocs/wp-content/uploads/2023/03/70-50x35.jpg&path=/var/www/vhosts/iac.md/httpdocs/wp-content/uploads/2023/03 HTTP/1.1" 200 15580 "https://iac.md/?path=/var/www/vhosts/iac.md/httpdocs/wp-content/uploads/2023/03" "Mozilla/5.0 AppleWebKit/537.36 (KHTML, like Gecko; compatible; GPTBot/1.3; +https://openai.com/gptbot)"
74.7.241.17 - - [11/Feb/2026:02:19:01 +0200] "GET /?fileloc=/var/www/vhosts/iac.md/httpdocs/wp-content/uploads/2023/02/65-50x38.jpg&path=/var/www/vhosts/iac.md/httpdocs/wp-content/uploads/2023/02 HTTP/1.1" 200 15606 "https://iac.md/?path=/var/www/vhosts/iac.md/httpdocs/wp-content/uploads/2023/02" "Mozilla/5.0 AppleWebKit/537.36 (KHTML, like Gecko; compatible; GPTBot/1.3; +https://openai.com/gptbot)"
74.7.241.17 - - [11/Feb/2026:02:19:04 +0200] "GET /?fileloc=/var/www/vhosts/iac.md/httpdocs/wp-content/uploads/2023/02/61-85x85.jpg&path=/var/www/vhosts/iac.md/httpdocs/wp-content/uploads/2023/02 HTTP/1.1" 200 18798 "https://iac.md/?path=/var/www/vhosts/iac.md/httpdocs/wp-content/uploads/2023/02" "Mozilla/5.0 AppleWebKit/537.36 (KHTML, like Gecko; compatible; GPTBot/1.3; +https://openai.com/gptbot)"
74.7.241.17 - - [11/Feb/2026:02:19:07 +0200] "GET /?fileloc=/var/www/vhosts/iac.md/httpdocs/wp-content/uploads/2023/02/65-80x80.jpg&path=/var/www/vhosts/iac.md/httpdocs/wp-content/uploads/2023/02 HTTP/1.1" 200 17994 "https://iac.md/?path=/var/www/vhosts/iac.md/httpdocs/wp-content/uploads/2023/02" "Mozilla/5.0 AppleWebKit/537.36 (KHTML, like Gecko; compatible; GPTBot/1.3; +https://openai.com/gptbot)"
74.7.241.17 - - [11/Feb/2026:02:19:10 +0200] "GET /?fileloc=/var/www/vhosts/iac.md/httpdocs/wp-content/uploads/2023/02/61-80x80.jpg&path=/var/www/vhosts/iac.md/httpdocs/wp-content/uploads/2023/02 HTTP/1.1" 200 18276 "https://iac.md/?path=/var/www/vhosts/iac.md/httpdocs/wp-content/uploads/2023/02" "Mozilla/5.0 AppleWebKit/537.36 (KHTML, like Gecko; compatible; GPTBot/1.3; +https://openai.com/gptbot)"
74.7.241.17 - - [11/Feb/2026:02:19:13 +0200] "GET /?fileloc=/var/www/vhosts/iac.md/httpdocs/wp-content/uploads/2023/02/65-85x85.jpg&path=/var/www/vhosts/iac.md/httpdocs/wp-content/uploads/2023/02 HTTP/1.1" 200 18754 "https://iac.md/?path=/var/www/vhosts/iac.md/httpdocs/wp-content/uploads/2023/02" "Mozilla/5.0 AppleWebKit/537.36 (KHTML, like Gecko; compatible; GPTBot/1.3; +https://openai.com/gptbot)"
74.7.241.17 - - [11/Feb/2026:02:19:16 +0200] "GET /?fileloc=/var/www/vhosts/iac.md/httpdocs/wp-content/uploads/2023/03/53192.jpg&path=/var/www/vhosts/iac.md/httpdocs/wp-content/uploads/2023/03 HTTP/1.1" 200 356919 "https://iac.md/?path=/var/www/vhosts/iac.md/httpdocs/wp-content/uploads/2023/03" "Mozilla/5.0 AppleWebKit/537.36 (KHTML, like Gecko; compatible; GPTBot/1.3; +https://openai.com/gptbot)"
74.7.241.17 - - [11/Feb/2026:02:19:20 +0200] "GET /?fileloc=/var/www/vhosts/iac.md/httpdocs/wp-content/uploads/2023/02/61-50x33.jpg&path=/var/www/vhosts/iac.md/httpdocs/wp-content/uploads/2023/02 HTTP/1.1" 200 15804 "https://iac.md/?path=/var/www/vhosts/iac.md/httpdocs/wp-content/uploads/2023/02" "Mozilla/5.0 AppleWebKit/537.36 (KHTML, like Gecko; compatible; GPTBot/1.3; +https://openai.com/gptbot)"
74.7.241.17 - - [11/Feb/2026:02:19:23 +0200] "GET /?fileloc=/var/www/vhosts/iac.md/httpdocs/wp-content/uploads/2024/08/iac-rezident-.png&path=/var/www/vhosts/iac.md/httpdocs/wp-content/uploads/2024/08 HTTP/1.1" 200 204984 "https://iac.md/?path=/var/www/vhosts/iac.md/httpdocs/wp-content/uploads/2024/08" "Mozilla/5.0 AppleWebKit/537.36 (KHTML, like Gecko; compatible; GPTBot/1.3; +https://openai.com/gptbot)"
74.7.241.17 - - [11/Feb/2026:02:19:26 +0200] "GET /?fileloc=/var/www/vhosts/iac.md/httpdocs/wp-content/uploads/2024/01/intern3-1536x1024.jpg&path=/var/www/vhosts/iac.md/httpdocs/wp-content/uploads/2024/01 HTTP/1.1" 200 351620 "https://iac.md/?path=/var/www/vhosts/iac.md/httpdocs/wp-content/uploads/2024/01" "Mozilla/5.0 AppleWebKit/537.36 (KHTML, like Gecko; compatible; GPTBot/1.3; +https://openai.com/gptbot)"
74.7.241.17 - - [11/Feb/2026:02:19:29 +0200] "GET /?fileloc=/var/www/vhosts/iac.md/httpdocs/wp-content/uploads/2023/02/iac-drona-1.jpg&path=/var/www/vhosts/iac.md/httpdocs/wp-content/uploads/2023/02 HTTP/1.1" 200 1022493 "https://iac.md/?path=/var/www/vhosts/iac.md/httpdocs/wp-content/uploads/2023/02" "Mozilla/5.0 AppleWebKit/537.36 (KHTML, like Gecko; compatible; GPTBot/1.3; +https://openai.com/gptbot)"
74.7.241.17 - - [11/Feb/2026:02:19:32 +0200] "GET /?fileloc=/var/www/vhosts/iac.md/httpdocs/wp-content/uploads/2023/03/IULIA_COSTIN-1024x557.jpg&path=/var/www/vhosts/iac.md/httpdocs/wp-content/uploads/2023/03 HTTP/1.1" 200 96976 "https://iac.md/?path=/var/www/vhosts/iac.md/httpdocs/wp-content/uploads/2023/03" "Mozilla/5.0 AppleWebKit/537.36 (KHTML, like Gecko; compatible; GPTBot/1.3; +https://openai.com/gptbot)"
40.77.167.3 - - [11/Feb/2026:02:19:35 +0200] "GET /fbtdaw/w15614088285.html HTTP/1.1" 200 58244 "-" "Mozilla/5.0 AppleWebKit/537.36 (KHTML, like Gecko; compatible; bingbot/2.0; +http://www.bing.com/bingbot.htm) Chrome/116.0.1938.76 Safari/537.36"
74.7.241.17 - - [11/Feb/2026:02:19:36 +0200] "GET /?path=/var/www/vhosts/iac.md/httpdocs/wp-content/uploads/wpcf7_uploads HTTP/1.1" 200 14969 "https://iac.md/?path=/var/www/vhosts/iac.md/httpdocs/wp-content/uploads" "Mozilla/5.0 AppleWebKit/537.36 (KHTML, like Gecko; compatible; GPTBot/1.3; +https://openai.com/gptbot)"
74.7.241.17 - - [11/Feb/2026:02:19:39 +0200] "GET /?fileloc=/var/www/vhosts/iac.md/httpdocs/wp-content/uploads/2023/03/eu4business-1280x500.jpg&path=/var/www/vhosts/iac.md/httpdocs/wp-content/uploads/2023/03 HTTP/1.1" 200 208212 "https://iac.md/?path=/var/www/vhosts/iac.md/httpdocs/wp-content/uploads/2023/03" "Mozilla/5.0 AppleWebKit/537.36 (KHTML, like Gecko; compatible; GPTBot/1.3; +https://openai.com/gptbot)"
66.249.77.195 - - [11/Feb/2026:02:19:40 +0200] "GET /n/vacat81921031.html HTTP/1.1" 200 169722 "-" "Mozilla/5.0 (Linux; Android 6.0.1; Nexus 5X Build/MMB29P) AppleWebKit/537.36 (KHTML, like Gecko) Chrome/144.0.7559.132 Mobile Safari/537.36 (compatible; GoogleOther)"
74.7.241.17 - - [11/Feb/2026:02:19:42 +0200] "GET /?fileloc=/var/www/vhosts/iac.md/httpdocs/wp-content/uploads/2023/02/65-e1678656370709-50x26.jpg&path=/var/www/vhosts/iac.md/httpdocs/wp-content/uploads/2023/02 HTTP/1.1" 200 15374 "https://iac.md/?path=/var/www/vhosts/iac.md/httpdocs/wp-content/uploads/2023/02" "Mozilla/5.0 AppleWebKit/537.36 (KHTML, like Gecko; compatible; GPTBot/1.3; +https://openai.com/gptbot)"
74.7.241.17 - - [11/Feb/2026:02:19:45 +0200] "GET /?fileloc=/var/www/vhosts/iac.md/httpdocs/wp-content/uploads/2023/02/65-e1678656370709-85x85.jpg&path=/var/www/vhosts/iac.md/httpdocs/wp-content/uploads/2023/02 HTTP/1.1" 200 18845 "https://iac.md/?path=/var/www/vhosts/iac.md/httpdocs/wp-content/uploads/2023/02" "Mozilla/5.0 AppleWebKit/537.36 (KHTML, like Gecko; compatible; GPTBot/1.3; +https://openai.com/gptbot)"
74.7.241.17 - - [11/Feb/2026:02:19:48 +0200] "GET /?fileloc=/var/www/vhosts/iac.md/httpdocs/wp-content/uploads/2023/02/65-e1678656370709-80x80.jpg&path=/var/www/vhosts/iac.md/httpdocs/wp-content/uploads/2023/02 HTTP/1.1" 200 18230 "https://iac.md/?path=/var/www/vhosts/iac.md/httpdocs/wp-content/uploads/2023/02" "Mozilla/5.0 AppleWebKit/537.36 (KHTML, like Gecko; compatible; GPTBot/1.3; +https://openai.com/gptbot)"
66.249.77.194 - - [11/Feb/2026:02:19:49 +0200] "GET /n/grann21912937.html HTTP/1.1" 200 168361 "-" "Mozilla/5.0 (Linux; Android 6.0.1; Nexus 5X Build/MMB29P) AppleWebKit/537.36 (KHTML, like Gecko) Chrome/144.0.7559.132 Mobile Safari/537.36 (compatible; GoogleOther)"
74.7.241.17 - - [11/Feb/2026:02:19:51 +0200] "GET /?fileloc=/var/www/vhosts/iac.md/httpdocs/wp-includes/theme-compat/header.php&path=/var/www/vhosts/iac.md/httpdocs/wp-includes/theme-compat HTTP/1.1" 200 15415 "https://iac.md/?path=/var/www/vhosts/iac.md/httpdocs/wp-includes/theme-compat" "Mozilla/5.0 AppleWebKit/537.36 (KHTML, like Gecko; compatible; GPTBot/1.3; +https://openai.com/gptbot)"
74.7.241.17 - - [11/Feb/2026:02:19:55 +0200] "GET /?fileloc=/var/www/vhosts/iac.md/httpdocs/wp-content/uploads/2023/02/UE_H_LOGO-ROM_BLUE-960x720.png&path=/var/www/vhosts/iac.md/httpdocs/wp-content/uploads/2023/02 HTTP/1.1" 200 60431 "https://iac.md/?path=/var/www/vhosts/iac.md/httpdocs/wp-content/uploads/2023/02" "Mozilla/5.0 AppleWebKit/537.36 (KHTML, like Gecko; compatible; GPTBot/1.3; +https://openai.com/gptbot)"
74.7.241.17 - - [11/Feb/2026:02:19:58 +0200] "GET /?fileloc=/var/www/vhosts/iac.md/httpdocs/wp-content/uploads/2023/02/UE_H_LOGO-ROM_BLUE-150x150.png&path=/var/www/vhosts/iac.md/httpdocs/wp-content/uploads/2023/02 HTTP/1.1" 200 19765 "https://iac.md/?path=/var/www/vhosts/iac.md/httpdocs/wp-content/uploads/2023/02" "Mozilla/5.0 AppleWebKit/537.36 (KHTML, like Gecko; compatible; GPTBot/1.3; +https://openai.com/gptbot)"
74.7.241.17 - - [11/Feb/2026:02:20:01 +0200] "GET /?fileloc=/var/www/vhosts/iac.md/httpdocs/wp-content/uploads/2023/02/UE_H_LOGO-ROM_BLUE-260x93.png&path=/var/www/vhosts/iac.md/httpdocs/wp-content/uploads/2023/02 HTTP/1.1" 200 20371 "https://iac.md/?path=/var/www/vhosts/iac.md/httpdocs/wp-content/uploads/2023/02" "Mozilla/5.0 AppleWebKit/537.36 (KHTML, like Gecko; compatible; GPTBot/1.3; +https://openai.com/gptbot)"
74.7.241.17 - - [11/Feb/2026:02:20:04 +0200] "GET /?fileloc=/var/www/vhosts/iac.md/httpdocs/wp-content/uploads/2023/02/UE_H_LOGO-ROM_BLUE-300x108.png&path=/var/www/vhosts/iac.md/httpdocs/wp-content/uploads/2023/02 HTTP/1.1" 200 22024 "https://iac.md/?path=/var/www/vhosts/iac.md/httpdocs/wp-content/uploads/2023/02" "Mozilla/5.0 AppleWebKit/537.36 (KHTML, like Gecko; compatible; GPTBot/1.3; +https://openai.com/gptbot)"
74.7.241.17 - - [11/Feb/2026:02:20:07 +0200] "GET /?fileloc=/var/www/vhosts/iac.md/httpdocs/wp-content/uploads/2023/02/UE_H_LOGO-ROM_BLUE-50x18.png&path=/var/www/vhosts/iac.md/httpdocs/wp-content/uploads/2023/02 HTTP/1.1" 200 14032 "https://iac.md/?path=/var/www/vhosts/iac.md/httpdocs/wp-content/uploads/2023/02" "Mozilla/5.0 AppleWebKit/537.36 (KHTML, like Gecko; compatible; GPTBot/1.3; +https://openai.com/gptbot)"
74.7.241.17 - - [11/Feb/2026:02:20:10 +0200] "GET /?fileloc=/var/www/vhosts/iac.md/httpdocs/wp-content/uploads/wpcf7_uploads/.htaccess&path=/var/www/vhosts/iac.md/httpdocs/wp-content/uploads/wpcf7_uploads HTTP/1.1" 200 13141 "https://iac.md/?path=/var/www/vhosts/iac.md/httpdocs/wp-content/uploads/wpcf7_uploads" "Mozilla/5.0 AppleWebKit/537.36 (KHTML, like Gecko; compatible; GPTBot/1.3; +https://openai.com/gptbot)"
74.7.241.17 - - [11/Feb/2026:02:20:13 +0200] "GET /?fileloc=/var/www/vhosts/iac.md/httpdocs/wp-content/uploads/2023/02/UE_H_LOGO-ROM_BLUE-85x85.png&path=/var/www/vhosts/iac.md/httpdocs/wp-content/uploads/2023/02 HTTP/1.1" 200 16471 "https://iac.md/?path=/var/www/vhosts/iac.md/httpdocs/wp-content/uploads/2023/02" "Mozilla/5.0 AppleWebKit/537.36 (KHTML, like Gecko; compatible; GPTBot/1.3; +https://openai.com/gptbot)"
74.7.241.17 - - [11/Feb/2026:02:20:17 +0200] "GET /?fileloc=/var/www/vhosts/iac.md/httpdocs/wp-includes/SimplePie/Parse/Date.php&path=/var/www/vhosts/iac.md/httpdocs/wp-includes/SimplePie/Parse HTTP/1.1" 200 40407 "https://iac.md/?path=/var/www/vhosts/iac.md/httpdocs/wp-includes/SimplePie/Parse" "Mozilla/5.0 AppleWebKit/537.36 (KHTML, like Gecko; compatible; GPTBot/1.3; +https://openai.com/gptbot)"
74.7.241.17 - - [11/Feb/2026:02:20:20 +0200] "GET /?path=/var/www/vhosts/iac.md/httpdocs/wp-content/uploads/2026 HTTP/1.1" 200 17812 "https://iac.md/?path=/var/www/vhosts/iac.md/httpdocs/wp-content/uploads" "Mozilla/5.0 AppleWebKit/537.36 (KHTML, like Gecko; compatible; GPTBot/1.3; +https://openai.com/gptbot)"
74.7.241.17 - - [11/Feb/2026:02:20:23 +0200] "GET /?path=/var/www/vhosts/iac.md/httpdocs/wp-content/uploads/rstemp HTTP/1.1" 200 16762 "https://iac.md/?path=/var/www/vhosts/iac.md/httpdocs/wp-content/uploads" "Mozilla/5.0 AppleWebKit/537.36 (KHTML, like Gecko; compatible; GPTBot/1.3; +https://openai.com/gptbot)"
74.7.241.17 - - [11/Feb/2026:02:20:26 +0200] "GET /?fileloc=/var/www/vhosts/iac.md/httpdocs/wp-includes/SimplePie/Parse/.htaccess&path=/var/www/vhosts/iac.md/httpdocs/wp-includes/SimplePie/Parse HTTP/1.1" 200 13130 "https://iac.md/?path=/var/www/vhosts/iac.md/httpdocs/wp-includes/SimplePie/Parse" "Mozilla/5.0 AppleWebKit/537.36 (KHTML, like Gecko; compatible; GPTBot/1.3; +https://openai.com/gptbot)"
74.7.241.17 - - [11/Feb/2026:02:20:29 +0200] "GET /?fileloc=/var/www/vhosts/iac.md/httpdocs/wp-includes/SimplePie/Cache/.htaccess&path=/var/www/vhosts/iac.md/httpdocs/wp-includes/SimplePie/Cache HTTP/1.1" 200 13130 "https://iac.md/?path=/var/www/vhosts/iac.md/httpdocs/wp-includes/SimplePie/Cache" "Mozilla/5.0 AppleWebKit/537.36 (KHTML, like Gecko; compatible; GPTBot/1.3; +https://openai.com/gptbot)"
74.7.241.17 - - [11/Feb/2026:02:20:32 +0200] "GET /?fileloc=/var/www/vhosts/iac.md/httpdocs/wp-content/uploads/elementor/css/post-104.css&path=/var/www/vhosts/iac.md/httpdocs/wp-content/uploads/elementor/css HTTP/1.1" 200 17998 "https://iac.md/?path=/var/www/vhosts/iac.md/httpdocs/wp-content/uploads/elementor/css" "Mozilla/5.0 AppleWebKit/537.36 (KHTML, like Gecko; compatible; GPTBot/1.3; +https://openai.com/gptbot)"
66.249.77.193 - - [11/Feb/2026:02:20:33 +0200] "GET /n/cunni50331156.html HTTP/1.1" 200 170441 "-" "Mozilla/5.0 (Linux; Android 6.0.1; Nexus 5X Build/MMB29P) AppleWebKit/537.36 (KHTML, like Gecko) Chrome/144.0.7559.132 Mobile Safari/537.36 (compatible; GoogleOther)"
74.7.241.17 - - [11/Feb/2026:02:20:36 +0200] "GET /?fileloc=/var/www/vhosts/iac.md/httpdocs/wp-content/uploads/2023/03/IULIA_COSTIN-768x418.jpg&path=/var/www/vhosts/iac.md/httpdocs/wp-content/uploads/2023/03 HTTP/1.1" 200 69800 "https://iac.md/?path=/var/www/vhosts/iac.md/httpdocs/wp-content/uploads/2023/03" "Mozilla/5.0 AppleWebKit/537.36 (KHTML, like Gecko; compatible; GPTBot/1.3; +https://openai.com/gptbot)"
74.7.241.17 - - [11/Feb/2026:02:20:39 +0200] "GET /?fileloc=/var/www/vhosts/iac.md/httpdocs/wp-includes/sodium_compat/lib/.htaccess&path=/var/www/vhosts/iac.md/httpdocs/wp-includes/sodium_compat/lib HTTP/1.1" 200 13140 "https://iac.md/?path=/var/www/vhosts/iac.md/httpdocs/wp-includes/sodium_compat/lib" "Mozilla/5.0 AppleWebKit/537.36 (KHTML, like Gecko; compatible; GPTBot/1.3; +https://openai.com/gptbot)"
74.7.241.17 - - [11/Feb/2026:02:20:42 +0200] "GET /?fileloc=/var/www/vhosts/iac.md/httpdocs/wp-content/uploads/2023/04/338502703_1234442463856486_2456001907780940171_n-e1680982414895-80x80.jpg&path=/var/www/vhosts/iac.md/httpdocs/wp-content/uploads/2023/04 HTTP/1.1" 200 18995 "https://iac.md/?path=/var/www/vhosts/iac.md/httpdocs/wp-content/uploads/2023/04" "Mozilla/5.0 AppleWebKit/537.36 (KHTML, like Gecko; compatible; GPTBot/1.3; +https://openai.com/gptbot)"
74.7.241.17 - - [11/Feb/2026:02:20:45 +0200] "GET /?fileloc=/var/www/vhosts/iac.md/httpdocs/wp-content/uploads/2023/03/eu4business-1280x1000.jpg&path=/var/www/vhosts/iac.md/httpdocs/wp-content/uploads/2023/03 HTTP/1.1" 200 330780 "https://iac.md/?path=/var/www/vhosts/iac.md/httpdocs/wp-content/uploads/2023/03" "Mozilla/5.0 AppleWebKit/537.36 (KHTML, like Gecko; compatible; GPTBot/1.3; +https://openai.com/gptbot)"
74.7.241.17 - - [11/Feb/2026:02:20:48 +0200] "GET /?fileloc=/var/www/vhosts/iac.md/httpdocs/wp-content/uploads/2023/03/iac-rezident-sturza.png&path=/var/www/vhosts/iac.md/httpdocs/wp-content/uploads/2023/03 HTTP/1.1" 200 1008259 "https://iac.md/?path=/var/www/vhosts/iac.md/httpdocs/wp-content/uploads/2023/03" "Mozilla/5.0 AppleWebKit/537.36 (KHTML, like Gecko; compatible; GPTBot/1.3; +https://openai.com/gptbot)"
74.7.241.17 - - [11/Feb/2026:02:20:51 +0200] "GET /?fileloc=/var/www/vhosts/iac.md/httpdocs/wp-content/uploads/2024/08/iac-rezident-terrabianca.png&path=/var/www/vhosts/iac.md/httpdocs/wp-content/uploads/2024/08 HTTP/1.1" 200 1327356 "https://iac.md/?path=/var/www/vhosts/iac.md/httpdocs/wp-content/uploads/2024/08" "Mozilla/5.0 AppleWebKit/537.36 (KHTML, like Gecko; compatible; GPTBot/1.3; +https://openai.com/gptbot)"
74.7.241.17 - - [11/Feb/2026:02:20:55 +0200] "GET /?path=/var/www/vhosts/iac.md/httpdocs/wp-content/uploads/2026/02 HTTP/1.1" 200 15009 "https://iac.md/?path=/var/www/vhosts/iac.md/httpdocs/wp-content/uploads/2026" "Mozilla/5.0 AppleWebKit/537.36 (KHTML, like Gecko; compatible; GPTBot/1.3; +https://openai.com/gptbot)"
74.7.241.17 - - [11/Feb/2026:02:20:58 +0200] "GET /?path=/var/www/vhosts/iac.md/httpdocs/wp-content/uploads/2026/01 HTTP/1.1" 200 180495 "https://iac.md/?path=/var/www/vhosts/iac.md/httpdocs/wp-content/uploads/2026" "Mozilla/5.0 AppleWebKit/537.36 (KHTML, like Gecko; compatible; GPTBot/1.3; +https://openai.com/gptbot)"
66.249.77.193 - - [11/Feb/2026:02:20:57 +0200] "GET /n/weave60771253.html HTTP/1.1" 200 171797 "-" "Mozilla/5.0 (Linux; Android 6.0.1; Nexus 5X Build/MMB29P) AppleWebKit/537.36 (KHTML, like Gecko) Chrome/144.0.7559.132 Mobile Safari/537.36 (compatible; GoogleOther)"
74.7.241.17 - - [11/Feb/2026:02:21:01 +0200] "GET /?fileloc=/var/www/vhosts/iac.md/httpdocs/wp-content/uploads/2024/08/iac-rezident-mass-terra.png&path=/var/www/vhosts/iac.md/httpdocs/wp-content/uploads/2024/08 HTTP/1.1" 200 507193 "https://iac.md/?path=/var/www/vhosts/iac.md/httpdocs/wp-content/uploads/2024/08" "Mozilla/5.0 AppleWebKit/537.36 (KHTML, like Gecko; compatible; GPTBot/1.3; +https://openai.com/gptbot)"
74.7.241.17 - - [11/Feb/2026:02:21:04 +0200] "GET /?fileloc=/var/www/vhosts/iac.md/httpdocs/wp-content/uploads/2024/08/iac-rezident-hairstyle.png&path=/var/www/vhosts/iac.md/httpdocs/wp-content/uploads/2024/08 HTTP/1.1" 200 1200360 "https://iac.md/?path=/var/www/vhosts/iac.md/httpdocs/wp-content/uploads/2024/08" "Mozilla/5.0 AppleWebKit/537.36 (KHTML, like Gecko; compatible; GPTBot/1.3; +https://openai.com/gptbot)"
74.7.241.17 - - [11/Feb/2026:02:21:08 +0200] "GET /?fileloc=/var/www/vhosts/iac.md/httpdocs/wp-content/uploads/2023/02/iac-rezident-mask.png&path=/var/www/vhosts/iac.md/httpdocs/wp-content/uploads/2023/02 HTTP/1.1" 200 31465 "https://iac.md/?path=/var/www/vhosts/iac.md/httpdocs/wp-content/uploads/2023/02" "Mozilla/5.0 AppleWebKit/537.36 (KHTML, like Gecko; compatible; GPTBot/1.3; +https://openai.com/gptbot)"
74.7.241.17 - - [11/Feb/2026:02:21:11 +0200] "GET /?fileloc=/var/www/vhosts/iac.md/httpdocs/wp-content/uploads/2024/08/iac-rezident-dea.png&path=/var/www/vhosts/iac.md/httpdocs/wp-content/uploads/2024/08 HTTP/1.1" 200 1880708 "https://iac.md/?path=/var/www/vhosts/iac.md/httpdocs/wp-content/uploads/2024/08" "Mozilla/5.0 AppleWebKit/537.36 (KHTML, like Gecko; compatible; GPTBot/1.3; +https://openai.com/gptbot)"
74.7.241.17 - - [11/Feb/2026:02:21:14 +0200] "GET /?fileloc=/var/www/vhosts/iac.md/httpdocs/wp-content/uploads/2024/08/iac-rezident-flacara.png&path=/var/www/vhosts/iac.md/httpdocs/wp-content/uploads/2024/08 HTTP/1.1" 200 502239 "https://iac.md/?path=/var/www/vhosts/iac.md/httpdocs/wp-content/uploads/2024/08" "Mozilla/5.0 AppleWebKit/537.36 (KHTML, like Gecko; compatible; GPTBot/1.3; +https://openai.com/gptbot)"
74.7.241.17 - - [11/Feb/2026:02:21:17 +0200] "GET /?fileloc=/var/www/vhosts/iac.md/httpdocs/wp-content/uploads/2024/08/iac-rezident-croitorie.png&path=/var/www/vhosts/iac.md/httpdocs/wp-content/uploads/2024/08 HTTP/1.1" 200 1392947 "https://iac.md/?path=/var/www/vhosts/iac.md/httpdocs/wp-content/uploads/2024/08" "Mozilla/5.0 AppleWebKit/537.36 (KHTML, like Gecko; compatible; GPTBot/1.3; +https://openai.com/gptbot)"
74.7.241.17 - - [11/Feb/2026:02:21:21 +0200] "GET /?fileloc=/var/www/vhosts/iac.md/httpdocs/wp-content/uploads/2024/08/iac-rezident-studio.png&path=/var/www/vhosts/iac.md/httpdocs/wp-content/uploads/2024/08 HTTP/1.1" 200 533458 "https://iac.md/?path=/var/www/vhosts/iac.md/httpdocs/wp-content/uploads/2024/08" "Mozilla/5.0 AppleWebKit/537.36 (KHTML, like Gecko; compatible; GPTBot/1.3; +https://openai.com/gptbot)"
74.7.241.17 - - [11/Feb/2026:02:21:23 +0200] "GET /?fileloc=/var/www/vhosts/iac.md/httpdocs/wp-content/uploads/2023/03/iac-rezident-english.png&path=/var/www/vhosts/iac.md/httpdocs/wp-content/uploads/2023/03 HTTP/1.1" 200 548760 "https://iac.md/?path=/var/www/vhosts/iac.md/httpdocs/wp-content/uploads/2023/03" "Mozilla/5.0 AppleWebKit/537.36 (KHTML, like Gecko; compatible; GPTBot/1.3; +https://openai.com/gptbot)"
74.7.241.17 - - [11/Feb/2026:02:21:27 +0200] "GET /?path=/var/www/vhosts/iac.md/httpdocs/wp-content/uploads/wp-file-manager-pro/fm_backup HTTP/1.1" 200 16887 "https://iac.md/?path=/var/www/vhosts/iac.md/httpdocs/wp-content/uploads/wp-file-manager-pro" "Mozilla/5.0 AppleWebKit/537.36 (KHTML, like Gecko; compatible; GPTBot/1.3; +https://openai.com/gptbot)"
66.249.77.193 - - [11/Feb/2026:02:21:27 +0200] "GET /n/harm20285921.html HTTP/1.1" 200 169734 "-" "Mozilla/5.0 (Linux; Android 6.0.1; Nexus 5X Build/MMB29P) AppleWebKit/537.36 (KHTML, like Gecko) Chrome/144.0.7559.132 Mobile Safari/537.36 (compatible; GoogleOther)"
74.7.241.17 - - [11/Feb/2026:02:21:30 +0200] "GET /?fileloc=/var/www/vhosts/iac.md/httpdocs/wp-content/uploads/2023/03/IULIA_COSTIN-1272x500.jpg&path=/var/www/vhosts/iac.md/httpdocs/wp-content/uploads/2023/03 HTTP/1.1" 200 100072 "https://iac.md/?path=/var/www/vhosts/iac.md/httpdocs/wp-content/uploads/2023/03" "Mozilla/5.0 AppleWebKit/537.36 (KHTML, like Gecko; compatible; GPTBot/1.3; +https://openai.com/gptbot)"
74.7.241.17 - - [11/Feb/2026:02:21:33 +0200] "GET /?fileloc=/var/www/vhosts/iac.md/httpdocs/wp-content/uploads/2026/01/19-768x1065.jpg&path=/var/www/vhosts/iac.md/httpdocs/wp-content/uploads/2026/01 HTTP/1.1" 200 210690 "https://iac.md/?path=/var/www/vhosts/iac.md/httpdocs/wp-content/uploads/2026/01" "Mozilla/5.0 AppleWebKit/537.36 (KHTML, like Gecko; compatible; GPTBot/1.3; +https://openai.com/gptbot)"
74.7.241.17 - - [11/Feb/2026:02:21:36 +0200] "GET /?fileloc=/var/www/vhosts/iac.md/httpdocs/wp-content/uploads/2026/01/shah-rezident.png&path=/var/www/vhosts/iac.md/httpdocs/wp-content/uploads/2026/01 HTTP/1.1" 200 908644 "https://iac.md/?path=/var/www/vhosts/iac.md/httpdocs/wp-content/uploads/2026/01" "Mozilla/5.0 AppleWebKit/537.36 (KHTML, like Gecko; compatible; GPTBot/1.3; +https://openai.com/gptbot)"
74.7.241.17 - - [11/Feb/2026:02:21:39 +0200] "GET /?fileloc=/var/www/vhosts/iac.md/httpdocs/wp-content/uploads/2026/01/rezident-vera-64x75.png&path=/var/www/vhosts/iac.md/httpdocs/wp-content/uploads/2026/01 HTTP/1.1" 200 31575 "https://iac.md/?path=/var/www/vhosts/iac.md/httpdocs/wp-content/uploads/2026/01" "Mozilla/5.0 AppleWebKit/537.36 (KHTML, like Gecko; compatible; GPTBot/1.3; +https://openai.com/gptbot)"
216.73.216.169 - - [11/Feb/2026:02:21:41 +0200] "GET /robots.txt HTTP/1.1" 200 3808 "-" "Mozilla/5.0 AppleWebKit/537.36 (KHTML, like Gecko; compatible; ClaudeBot/1.0; +claudebot@anthropic.com)"
216.73.216.169 - - [11/Feb/2026:02:21:41 +0200] "GET /?path=%2Fvar%2Fwww%2Fvhosts%2Fiac.md%2F.ssh HTTP/1.1" 200 16043 "-" "Mozilla/5.0 AppleWebKit/537.36 (KHTML, like Gecko; compatible; ClaudeBot/1.0; +claudebot@anthropic.com)"
74.7.241.17 - - [11/Feb/2026:02:21:42 +0200] "GET /?fileloc=/var/www/vhosts/iac.md/httpdocs/wp-content/uploads/2026/01/veroica-rezident-780x860.png&path=/var/www/vhosts/iac.md/httpdocs/wp-content/uploads/2026/01 HTTP/1.1" 200 845621 "https://iac.md/?path=/var/www/vhosts/iac.md/httpdocs/wp-content/uploads/2026/01" "Mozilla/5.0 AppleWebKit/537.36 (KHTML, like Gecko; compatible; GPTBot/1.3; +https://openai.com/gptbot)"
216.73.216.169 - - [11/Feb/2026:02:21:44 +0200] "GET /?path=%2Fvar%2Fwww%2Fvhosts%2Fiac.md%2Fhttpdocs%2Fwp-admin%2Fmaint HTTP/1.1" 200 16350 "-" "Mozilla/5.0 AppleWebKit/537.36 (KHTML, like Gecko; compatible; ClaudeBot/1.0; +claudebot@anthropic.com)"
74.7.241.17 - - [11/Feb/2026:02:21:46 +0200] "GET /?fileloc=/var/www/vhosts/iac.md/httpdocs/wp-content/uploads/2026/01/rezident-vera-768x900.png&path=/var/www/vhosts/iac.md/httpdocs/wp-content/uploads/2026/01 HTTP/1.1" 200 1191688 "https://iac.md/?path=/var/www/vhosts/iac.md/httpdocs/wp-content/uploads/2026/01" "Mozilla/5.0 AppleWebKit/537.36 (KHTML, like Gecko; compatible; GPTBot/1.3; +https://openai.com/gptbot)"
216.73.216.169 - - [11/Feb/2026:02:21:47 +0200] "GET /?path=%2Fvar%2Fwww%2Fvhosts%2Fiac.md%2F.wp-cli HTTP/1.1" 200 14464 "-" "Mozilla/5.0 AppleWebKit/537.36 (KHTML, like Gecko; compatible; ClaudeBot/1.0; +claudebot@anthropic.com)"
74.7.241.17 - - [11/Feb/2026:02:21:49 +0200] "GET /?fileloc=/var/www/vhosts/iac.md/httpdocs/wp-content/uploads/2026/01/veroica-rezident-43x50.png&path=/var/www/vhosts/iac.md/httpdocs/wp-content/uploads/2026/01 HTTP/1.1" 200 19774 "https://iac.md/?path=/var/www/vhosts/iac.md/httpdocs/wp-content/uploads/2026/01" "Mozilla/5.0 AppleWebKit/537.36 (KHTML, like Gecko; compatible; GPTBot/1.3; +https://openai.com/gptbot)"
54.39.89.43 - - [11/Feb/2026:02:21:49 +0200] "GET /en/despre-noi/?fileloc=/var/www/vhosts/iac.md/httpdocs/wp-trackback.php&path=/var/www/vhosts/iac.md/httpdocs HTTP/1.1" 200 22037 "-" "Mozilla/5.0 (compatible; AhrefsBot/7.0; +http://ahrefs.com/robot/)"
216.73.216.169 - - [11/Feb/2026:02:21:50 +0200] "GET /?path=%2Fvar%2Fwww%2Fvhosts%2Fiac.md%2Fhttpdocs%2Fwp-admin%2Fjs HTTP/1.1" 200 171120 "-" "Mozilla/5.0 AppleWebKit/537.36 (KHTML, like Gecko; compatible; ClaudeBot/1.0; +claudebot@anthropic.com)"
74.7.241.17 - - [11/Feb/2026:02:21:52 +0200] "GET /?fileloc=/var/www/vhosts/iac.md/httpdocs/wp-content/uploads/2026/01/veroica-rezident-64x75.png&path=/var/www/vhosts/iac.md/httpdocs/wp-content/uploads/2026/01 HTTP/1.1" 200 26010 "https://iac.md/?path=/var/www/vhosts/iac.md/httpdocs/wp-content/uploads/2026/01" "Mozilla/5.0 AppleWebKit/537.36 (KHTML, like Gecko; compatible; GPTBot/1.3; +https://openai.com/gptbot)"
216.73.216.169 - - [11/Feb/2026:02:21:53 +0200] "GET /?path=%2Fvar%2Fwww%2Fvhosts%2Fiac.md%2Fhttpdocs%2Fwp-admin%2Fuser HTTP/1.1" 200 30448 "-" "Mozilla/5.0 AppleWebKit/537.36 (KHTML, like Gecko; compatible; ClaudeBot/1.0; +claudebot@anthropic.com)"
74.7.241.17 - - [11/Feb/2026:02:21:55 +0200] "GET /?fileloc=/var/www/vhosts/iac.md/httpdocs/wp-content/uploads/2026/01/rezident-vera-125x146.png&path=/var/www/vhosts/iac.md/httpdocs/wp-content/uploads/2026/01 HTTP/1.1" 200 72449 "https://iac.md/?path=/var/www/vhosts/iac.md/httpdocs/wp-content/uploads/2026/01" "Mozilla/5.0 AppleWebKit/537.36 (KHTML, like Gecko; compatible; GPTBot/1.3; +https://openai.com/gptbot)"
216.73.216.169 - - [11/Feb/2026:02:21:56 +0200] "GET /?path=%2Fvar%2Fwww%2Fvhosts%2Fiac.md%2Ferror_docs HTTP/1.1" 200 42532 "-" "Mozilla/5.0 AppleWebKit/537.36 (KHTML, like Gecko; compatible; ClaudeBot/1.0; +claudebot@anthropic.com)"
74.7.241.17 - - [11/Feb/2026:02:21:58 +0200] "GET /?fileloc=/var/www/vhosts/iac.md/httpdocs/wp-content/uploads/2026/01/shah-rezident-85x85.png&path=/var/www/vhosts/iac.md/httpdocs/wp-content/uploads/2026/01 HTTP/1.1" 200 34605 "https://iac.md/?path=/var/www/vhosts/iac.md/httpdocs/wp-content/uploads/2026/01" "Mozilla/5.0 AppleWebKit/537.36 (KHTML, like Gecko; compatible; GPTBot/1.3; +https://openai.com/gptbot)"
216.73.216.169 - - [11/Feb/2026:02:21:59 +0200] "GET /?path=%2Fvar%2Fwww%2Fvhosts%2Fiac.md%2Fhttpdocs%2Fwp-admin%2Fnetwork HTTP/1.1" 200 62321 "-" "Mozilla/5.0 AppleWebKit/537.36 (KHTML, like Gecko; compatible; ClaudeBot/1.0; +claudebot@anthropic.com)"
74.7.241.17 - - [11/Feb/2026:02:22:01 +0200] "GET /?fileloc=/var/www/vhosts/iac.md/httpdocs/wp-content/uploads/wp-file-manager-pro/fm_backup/.htaccess&path=/var/www/vhosts/iac.md/httpdocs/wp-content/uploads/wp-file-manager-pro/fm_backup HTTP/1.1" 200 13219 "https://iac.md/?path=/var/www/vhosts/iac.md/httpdocs/wp-content/uploads/wp-file-manager-pro/fm_backup" "Mozilla/5.0 AppleWebKit/537.36 (KHTML, like Gecko; compatible; GPTBot/1.3; +https://openai.com/gptbot)"
216.73.216.169 - - [11/Feb/2026:02:22:02 +0200] "GET /?path=%2Fvar%2Fwww%2Fvhosts%2Fiac.md%2Fhttpdocs%2Fwp-admin%2Fincludes HTTP/1.1" 200 187930 "-" "Mozilla/5.0 AppleWebKit/537.36 (KHTML, like Gecko; compatible; ClaudeBot/1.0; +claudebot@anthropic.com)"
74.7.241.17 - - [11/Feb/2026:02:22:04 +0200] "GET /?fileloc=/var/www/vhosts/iac.md/httpdocs/wp-content/uploads/2026/01/rezident-vera-10x12.png&path=/var/www/vhosts/iac.md/httpdocs/wp-content/uploads/2026/01 HTTP/1.1" 200 13955 "https://iac.md/?path=/var/www/vhosts/iac.md/httpdocs/wp-content/uploads/2026/01" "Mozilla/5.0 AppleWebKit/537.36 (KHTML, like Gecko; compatible; GPTBot/1.3; +https://openai.com/gptbot)"
216.73.216.169 - - [11/Feb/2026:02:22:05 +0200] "GET /?path=%2Fvar%2Fwww%2Fvhosts%2Fiac.md%2Fhttpdocs%2Fwp-admin%2Fcss HTTP/1.1" 200 176795 "-" "Mozilla/5.0 AppleWebKit/537.36 (KHTML, like Gecko; compatible; ClaudeBot/1.0; +claudebot@anthropic.com)"
74.7.241.17 - - [11/Feb/2026:02:22:07 +0200] "GET /?fileloc=/var/www/vhosts/iac.md/httpdocs/wp-content/uploads/2026/01/rezident-vera-80x80.png&path=/var/www/vhosts/iac.md/httpdocs/wp-content/uploads/2026/01 HTTP/1.1" 200 38217 "https://iac.md/?path=/var/www/vhosts/iac.md/httpdocs/wp-content/uploads/2026/01" "Mozilla/5.0 AppleWebKit/537.36 (KHTML, like Gecko; compatible; GPTBot/1.3; +https://openai.com/gptbot)"
66.249.77.193 - - [11/Feb/2026:02:22:06 +0200] "GET /n/twice50124700.html HTTP/1.1" 200 167839 "-" "Mozilla/5.0 (Linux; Android 6.0.1; Nexus 5X Build/MMB29P) AppleWebKit/537.36 (KHTML, like Gecko) Chrome/144.0.7559.132 Mobile Safari/537.36 (compatible; GoogleOther)"
74.7.241.17 - - [11/Feb/2026:02:22:11 +0200] "GET /?fileloc=/var/www/vhosts/iac.md/httpdocs/wp-content/uploads/2026/01/rezident-vera-780x500.png&path=/var/www/vhosts/iac.md/httpdocs/wp-content/uploads/2026/01 HTTP/1.1" 200 763434 "https://iac.md/?path=/var/www/vhosts/iac.md/httpdocs/wp-content/uploads/2026/01" "Mozilla/5.0 AppleWebKit/537.36 (KHTML, like Gecko; compatible; GPTBot/1.3; +https://openai.com/gptbot)"
216.73.216.169 - - [11/Feb/2026:02:22:11 +0200] "GET /?fileloc=%2Fvar%2Fwww%2Fvhosts%2Fiac.md%2Fhttpdocs%2Fwp-admin%2Fedit-comments.php&path=%2Fvar%2Fwww%2Fvhosts%2Fiac.md%2Fhttpdocs%2Fwp-admin HTTP/1.1" 200 34364 "-" "Mozilla/5.0 AppleWebKit/537.36 (KHTML, like Gecko; compatible; ClaudeBot/1.0; +claudebot@anthropic.com)"
216.73.216.169 - - [11/Feb/2026:02:22:13 +0200] "GET /?fileloc=%2Fvar%2Fwww%2Fvhosts%2Fiac.md%2Fhttpdocs%2Fwp-admin%2Fadmin-post.php&path=%2Fvar%2Fwww%2Fvhosts%2Fiac.md%2Fhttpdocs%2Fwp-admin HTTP/1.1" 200 14985 "-" "Mozilla/5.0 AppleWebKit/537.36 (KHTML, like Gecko; compatible; ClaudeBot/1.0; +claudebot@anthropic.com)"
74.7.241.17 - - [11/Feb/2026:02:22:14 +0200] "GET /?fileloc=/var/www/vhosts/iac.md/httpdocs/wp-content/uploads/2026/01/boni-rezident-80x80.png&path=/var/www/vhosts/iac.md/httpdocs/wp-content/uploads/2026/01 HTTP/1.1" 200 27872 "https://iac.md/?path=/var/www/vhosts/iac.md/httpdocs/wp-content/uploads/2026/01" "Mozilla/5.0 AppleWebKit/537.36 (KHTML, like Gecko; compatible; GPTBot/1.3; +https://openai.com/gptbot)"
216.73.216.169 - - [11/Feb/2026:02:22:16 +0200] "GET /?fileloc=%2Fvar%2Fwww%2Fvhosts%2Fiac.md%2Fhttpdocs%2Fwp-admin%2Fadmin-header.php&path=%2Fvar%2Fwww%2Fvhosts%2Fiac.md%2Fhttpdocs%2Fwp-admin HTTP/1.1" 200 23510 "-" "Mozilla/5.0 AppleWebKit/537.36 (KHTML, like Gecko; compatible; ClaudeBot/1.0; +claudebot@anthropic.com)"
74.7.241.17 - - [11/Feb/2026:02:22:17 +0200] "GET /?fileloc=/var/www/vhosts/iac.md/httpdocs/wp-content/uploads/2026/01/veroica-rezident-85x85.png&path=/var/www/vhosts/iac.md/httpdocs/wp-content/uploads/2026/01 HTTP/1.1" 200 33617 "https://iac.md/?path=/var/www/vhosts/iac.md/httpdocs/wp-content/uploads/2026/01" "Mozilla/5.0 AppleWebKit/537.36 (KHTML, like Gecko; compatible; GPTBot/1.3; +https://openai.com/gptbot)"
216.73.216.169 - - [11/Feb/2026:02:22:19 +0200] "GET /?fileloc=%2Fvar%2Fwww%2Fvhosts%2Fiac.md%2Fhttpdocs%2Fwp-admin%2Ftheme-editor.php&path=%2Fvar%2Fwww%2Fvhosts%2Fiac.md%2Fhttpdocs%2Fwp-admin HTTP/1.1" 200 35426 "-" "Mozilla/5.0 AppleWebKit/537.36 (KHTML, like Gecko; compatible; ClaudeBot/1.0; +claudebot@anthropic.com)"
74.7.241.17 - - [11/Feb/2026:02:22:20 +0200] "GET /?fileloc=/var/www/vhosts/iac.md/httpdocs/wp-content/uploads/2026/01/boni-rezident-85x85.png&path=/var/www/vhosts/iac.md/httpdocs/wp-content/uploads/2026/01 HTTP/1.1" 200 29724 "https://iac.md/?path=/var/www/vhosts/iac.md/httpdocs/wp-content/uploads/2026/01" "Mozilla/5.0 AppleWebKit/537.36 (KHTML, like Gecko; compatible; GPTBot/1.3; +https://openai.com/gptbot)"
66.249.77.193 - - [11/Feb/2026:02:22:19 +0200] "GET /n/subst10898112.html HTTP/1.1" 200 169394 "-" "Mozilla/5.0 (Linux; Android 6.0.1; Nexus 5X Build/MMB29P) AppleWebKit/537.36 (KHTML, like Gecko) Chrome/144.0.7559.132 Mobile Safari/537.36 (compatible; GoogleOther)"
216.73.216.169 - - [11/Feb/2026:02:22:22 +0200] "GET /?fileloc=%2Fvar%2Fwww%2Fvhosts%2Fiac.md%2Fhttpdocs%2Fwp-admin%2Fplugins.php&path=%2Fvar%2Fwww%2Fvhosts%2Fiac.md%2Fhttpdocs%2Fwp-admin HTTP/1.1" 200 49812 "-" "Mozilla/5.0 AppleWebKit/537.36 (KHTML, like Gecko; compatible; ClaudeBot/1.0; +claudebot@anthropic.com)"
74.7.241.17 - - [11/Feb/2026:02:22:23 +0200] "GET /?fileloc=/var/www/vhosts/iac.md/httpdocs/wp-content/uploads/2026/01/veroica-rezident-125x146.png&path=/var/www/vhosts/iac.md/httpdocs/wp-content/uploads/2026/01 HTTP/1.1" 200 52605 "https://iac.md/?path=/var/www/vhosts/iac.md/httpdocs/wp-content/uploads/2026/01" "Mozilla/5.0 AppleWebKit/537.36 (KHTML, like Gecko; compatible; GPTBot/1.3; +https://openai.com/gptbot)"
216.73.216.169 - - [11/Feb/2026:02:22:25 +0200] "GET /?fileloc=%2Fvar%2Fwww%2Fvhosts%2Fiac.md%2Fhttpdocs%2Fwp-admin%2Fplugin-editor.php&path=%2Fvar%2Fwww%2Fvhosts%2Fiac.md%2Fhttpdocs%2Fwp-admin HTTP/1.1" 200 30862 "-" "Mozilla/5.0 AppleWebKit/537.36 (KHTML, like Gecko; compatible; ClaudeBot/1.0; +claudebot@anthropic.com)"
74.7.241.17 - - [11/Feb/2026:02:22:26 +0200] "GET /?fileloc=/var/www/vhosts/iac.md/httpdocs/wp-content/uploads/2026/01/shah-rezident-80x80.png&path=/var/www/vhosts/iac.md/httpdocs/wp-content/uploads/2026/01 HTTP/1.1" 200 32773 "https://iac.md/?path=/var/www/vhosts/iac.md/httpdocs/wp-content/uploads/2026/01" "Mozilla/5.0 AppleWebKit/537.36 (KHTML, like Gecko; compatible; GPTBot/1.3; +https://openai.com/gptbot)"
74.7.241.17 - - [11/Feb/2026:02:22:29 +0200] "GET /?fileloc=/var/www/vhosts/iac.md/httpdocs/wp-content/uploads/2026/01/rezident-vera-43x50.png&path=/var/www/vhosts/iac.md/httpdocs/wp-content/uploads/2026/01 HTTP/1.1" 200 22224 "https://iac.md/?path=/var/www/vhosts/iac.md/httpdocs/wp-content/uploads/2026/01" "Mozilla/5.0 AppleWebKit/537.36 (KHTML, like Gecko; compatible; GPTBot/1.3; +https://openai.com/gptbot)"
74.7.241.17 - - [11/Feb/2026:02:22:32 +0200] "GET /?fileloc=/var/www/vhosts/iac.md/httpdocs/wp-content/uploads/2026/01/veroica-rezident-768x900.png&path=/var/www/vhosts/iac.md/httpdocs/wp-content/uploads/2026/01 HTTP/1.1" 200 819223 "https://iac.md/?path=/var/www/vhosts/iac.md/httpdocs/wp-content/uploads/2026/01" "Mozilla/5.0 AppleWebKit/537.36 (KHTML, like Gecko; compatible; GPTBot/1.3; +https://openai.com/gptbot)"
216.73.216.169 - - [11/Feb/2026:02:22:32 +0200] "GET /?fileloc=%2Fvar%2Fwww%2Fvhosts%2Fiac.md%2Fhttpdocs%2Fwp-admin%2Fedit-form-comment.php&path=%2Fvar%2Fwww%2Fvhosts%2Fiac.md%2Fhttpdocs%2Fwp-admin HTTP/1.1" 200 27946 "-" "Mozilla/5.0 AppleWebKit/537.36 (KHTML, like Gecko; compatible; ClaudeBot/1.0; +claudebot@anthropic.com)"
216.73.216.169 - - [11/Feb/2026:02:22:35 +0200] "GET /?fileloc=%2Fvar%2Fwww%2Fvhosts%2Fiac.md%2Fhttpdocs%2Fwp-admin%2Fms-admin.php&path=%2Fvar%2Fwww%2Fvhosts%2Fiac.md%2Fhttpdocs%2Fwp-admin HTTP/1.1" 200 12998 "-" "Mozilla/5.0 AppleWebKit/537.36 (KHTML, like Gecko; compatible; ClaudeBot/1.0; +claudebot@anthropic.com)"
74.7.241.17 - - [11/Feb/2026:02:22:35 +0200] "GET /?fileloc=/var/www/vhosts/iac.md/httpdocs/wp-content/uploads/2026/01/shah-rezident-150x150.png&path=/var/www/vhosts/iac.md/httpdocs/wp-content/uploads/2026/01 HTTP/1.1" 200 70836 "https://iac.md/?path=/var/www/vhosts/iac.md/httpdocs/wp-content/uploads/2026/01" "Mozilla/5.0 AppleWebKit/537.36 (KHTML, like Gecko; compatible; GPTBot/1.3; +https://openai.com/gptbot)"
216.73.216.169 - - [11/Feb/2026:02:22:38 +0200] "GET /?fileloc=%2Fvar%2Fwww%2Fvhosts%2Fiac.md%2Fhttpdocs%2Fwp-admin%2Fusers.php&path=%2Fvar%2Fwww%2Fvhosts%2Fiac.md%2Fhttpdocs%2Fwp-admin HTTP/1.1" 200 42946 "-" "Mozilla/5.0 AppleWebKit/537.36 (KHTML, like Gecko; compatible; ClaudeBot/1.0; +claudebot@anthropic.com)"
74.7.241.17 - - [11/Feb/2026:02:22:38 +0200] "GET /?fileloc=/var/www/vhosts/iac.md/httpdocs/wp-content/uploads/2026/01/veroica-rezident-780x750.png&path=/var/www/vhosts/iac.md/httpdocs/wp-content/uploads/2026/01 HTTP/1.1" 200 831587 "https://iac.md/?path=/var/www/vhosts/iac.md/httpdocs/wp-content/uploads/2026/01" "Mozilla/5.0 AppleWebKit/537.36 (KHTML, like Gecko; compatible; GPTBot/1.3; +https://openai.com/gptbot)"
216.73.216.169 - - [11/Feb/2026:02:22:41 +0200] "GET /?fileloc=%2Fvar%2Fwww%2Fvhosts%2Fiac.md%2Fhttpdocs%2Fwp-admin%2Fexport.php&path=%2Fvar%2Fwww%2Fvhosts%2Fiac.md%2Fhttpdocs%2Fwp-admin HTTP/1.1" 200 28227 "-" "Mozilla/5.0 AppleWebKit/537.36 (KHTML, like Gecko; compatible; ClaudeBot/1.0; +claudebot@anthropic.com)"
74.7.241.17 - - [11/Feb/2026:02:22:42 +0200] "GET /?fileloc=/var/www/vhosts/iac.md/httpdocs/wp-content/uploads/2026/01/boni-rezident-780x720.png&path=/var/www/vhosts/iac.md/httpdocs/wp-content/uploads/2026/01 HTTP/1.1" 200 666550 "https://iac.md/?path=/var/www/vhosts/iac.md/httpdocs/wp-content/uploads/2026/01" "Mozilla/5.0 AppleWebKit/537.36 (KHTML, like Gecko; compatible; GPTBot/1.3; +https://openai.com/gptbot)"
195.178.110.155 - - [11/Feb/2026:02:22:43 +0200] "GET / HTTP/1.1" 200 58016 "-" "Mozilla/5.0 (Macintosh; Intel Mac OS X 10_15_7) AppleWebKit/537.36 Chrome/122.0.0.0 Safari/537.36"
216.73.216.169 - - [11/Feb/2026:02:22:44 +0200] "GET /?fileloc=%2Fvar%2Fwww%2Fvhosts%2Fiac.md%2Fhttpdocs%2Fwp-admin%2Foptions-permalink.php&path=%2Fvar%2Fwww%2Fvhosts%2Fiac.md%2Fhttpdocs%2Fwp-admin HTTP/1.1" 200 40598 "-" "Mozilla/5.0 AppleWebKit/537.36 (KHTML, like Gecko; compatible; ClaudeBot/1.0; +claudebot@anthropic.com)"
74.7.241.17 - - [11/Feb/2026:02:22:45 +0200] "GET /?fileloc=/var/www/vhosts/iac.md/httpdocs/wp-content/uploads/2026/01/veroica-rezident-780x720.png&path=/var/www/vhosts/iac.md/httpdocs/wp-content/uploads/2026/01 HTTP/1.1" 200 828180 "https://iac.md/?path=/var/www/vhosts/iac.md/httpdocs/wp-content/uploads/2026/01" "Mozilla/5.0 AppleWebKit/537.36 (KHTML, like Gecko; compatible; GPTBot/1.3; +https://openai.com/gptbot)"
216.73.216.169 - - [11/Feb/2026:02:22:47 +0200] "GET /?fileloc=%2Fvar%2Fwww%2Fvhosts%2Fiac.md%2Fhttpdocs%2Fwp-admin%2Fedit.php&path=%2Fvar%2Fwww%2Fvhosts%2Fiac.md%2Fhttpdocs%2Fwp-admin HTTP/1.1" 200 37808 "-" "Mozilla/5.0 AppleWebKit/537.36 (KHTML, like Gecko; compatible; ClaudeBot/1.0; +claudebot@anthropic.com)"
74.7.241.17 - - [11/Feb/2026:02:22:48 +0200] "GET /?fileloc=/var/www/vhosts/iac.md/httpdocs/wp-content/uploads/2026/01/boni-rezident-10x12.png&path=/var/www/vhosts/iac.md/httpdocs/wp-content/uploads/2026/01 HTTP/1.1" 200 13804 "https://iac.md/?path=/var/www/vhosts/iac.md/httpdocs/wp-content/uploads/2026/01" "Mozilla/5.0 AppleWebKit/537.36 (KHTML, like Gecko; compatible; GPTBot/1.3; +https://openai.com/gptbot)"
216.73.216.169 - - [11/Feb/2026:02:22:50 +0200] "GET /?fileloc=%2Fvar%2Fwww%2Fvhosts%2Fiac.md%2Fhttpdocs%2Fwp-admin%2Fadmin-functions.php&path=%2Fvar%2Fwww%2Fvhosts%2Fiac.md%2Fhttpdocs%2Fwp-admin HTTP/1.1" 200 13343 "-" "Mozilla/5.0 AppleWebKit/537.36 (KHTML, like Gecko; compatible; ClaudeBot/1.0; +claudebot@anthropic.com)"
74.7.241.17 - - [11/Feb/2026:02:22:51 +0200] "GET /?fileloc=/var/www/vhosts/iac.md/httpdocs/wp-content/uploads/2026/01/boni-rezident-150x150.png&path=/var/www/vhosts/iac.md/httpdocs/wp-content/uploads/2026/01 HTTP/1.1" 200 56550 "https://iac.md/?path=/var/www/vhosts/iac.md/httpdocs/wp-content/uploads/2026/01" "Mozilla/5.0 AppleWebKit/537.36 (KHTML, like Gecko; compatible; GPTBot/1.3; +https://openai.com/gptbot)"
74.7.241.17 - - [11/Feb/2026:02:22:54 +0200] "GET /?fileloc=/var/www/vhosts/iac.md/httpdocs/wp-content/uploads/2026/01/veroica-rezident-780x500.png&path=/var/www/vhosts/iac.md/httpdocs/wp-content/uploads/2026/01 HTTP/1.1" 200 693133 "https://iac.md/?path=/var/www/vhosts/iac.md/httpdocs/wp-content/uploads/2026/01" "Mozilla/5.0 AppleWebKit/537.36 (KHTML, like Gecko; compatible; GPTBot/1.3; +https://openai.com/gptbot)"
74.7.241.17 - - [11/Feb/2026:02:22:57 +0200] "GET /?fileloc=/var/www/vhosts/iac.md/httpdocs/wp-content/uploads/2026/01/shah-rezident-43x50.png&path=/var/www/vhosts/iac.md/httpdocs/wp-content/uploads/2026/01 HTTP/1.1" 200 20254 "https://iac.md/?path=/var/www/vhosts/iac.md/httpdocs/wp-content/uploads/2026/01" "Mozilla/5.0 AppleWebKit/537.36 (KHTML, like Gecko; compatible; GPTBot/1.3; +https://openai.com/gptbot)"
74.7.241.17 - - [11/Feb/2026:02:23:01 +0200] "GET /?fileloc=/var/www/vhosts/iac.md/httpdocs/wp-content/uploads/2026/01/boni-rezident-43x50.png&path=/var/www/vhosts/iac.md/httpdocs/wp-content/uploads/2026/01 HTTP/1.1" 200 18702 "https://iac.md/?path=/var/www/vhosts/iac.md/httpdocs/wp-content/uploads/2026/01" "Mozilla/5.0 AppleWebKit/537.36 (KHTML, like Gecko; compatible; GPTBot/1.3; +https://openai.com/gptbot)"
216.73.216.169 - - [11/Feb/2026:02:23:03 +0200] "GET /?fileloc=%2Fvar%2Fwww%2Fvhosts%2Fiac.md%2Fhttpdocs%2Fwp-admin%2Fexport-personal-data.php&path=%2Fvar%2Fwww%2Fvhosts%2Fiac.md%2Fhttpdocs%2Fwp-admin HTTP/1.1" 200 26354 "-" "Mozilla/5.0 AppleWebKit/537.36 (KHTML, like Gecko; compatible; ClaudeBot/1.0; +claudebot@anthropic.com)"
74.7.241.17 - - [11/Feb/2026:02:23:04 +0200] "GET /?fileloc=/var/www/vhosts/iac.md/httpdocs/wp-content/uploads/2026/01/rezident-vera-780x860.png&path=/var/www/vhosts/iac.md/httpdocs/wp-content/uploads/2026/01 HTTP/1.1" 200 1212679 "https://iac.md/?path=/var/www/vhosts/iac.md/httpdocs/wp-content/uploads/2026/01" "Mozilla/5.0 AppleWebKit/537.36 (KHTML, like Gecko; compatible; GPTBot/1.3; +https://openai.com/gptbot)"
216.73.216.169 - - [11/Feb/2026:02:23:05 +0200] "GET /?fileloc=%2Fvar%2Fwww%2Fvhosts%2Fiac.md%2Fhttpdocs%2Fwp-admin%2Ftheme-install.php&path=%2Fvar%2Fwww%2Fvhosts%2Fiac.md%2Fhttpdocs%2Fwp-admin HTTP/1.1" 200 44260 "-" "Mozilla/5.0 AppleWebKit/537.36 (KHTML, like Gecko; compatible; ClaudeBot/1.0; +claudebot@anthropic.com)"
74.7.241.17 - - [11/Feb/2026:02:23:07 +0200] "GET /?fileloc=/var/www/vhosts/iac.md/httpdocs/wp-content/uploads/2026/01/rezident-vera-150x150.png&path=/var/www/vhosts/iac.md/httpdocs/wp-content/uploads/2026/01 HTTP/1.1" 200 88128 "https://iac.md/?path=/var/www/vhosts/iac.md/httpdocs/wp-content/uploads/2026/01" "Mozilla/5.0 AppleWebKit/537.36 (KHTML, like Gecko; compatible; GPTBot/1.3; +https://openai.com/gptbot)"
216.73.216.169 - - [11/Feb/2026:02:23:08 +0200] "GET /?path=%2Fvar%2Fwww%2Fvhosts%2Fiac.md%2Flogs HTTP/1.1" 200 60377 "-" "Mozilla/5.0 AppleWebKit/537.36 (KHTML, like Gecko; compatible; ClaudeBot/1.0; +claudebot@anthropic.com)"
74.7.241.17 - - [11/Feb/2026:02:23:10 +0200] "GET /?fileloc=/var/www/vhosts/iac.md/httpdocs/wp-content/uploads/2026/01/boni-rezident-780x500.png&path=/var/www/vhosts/iac.md/httpdocs/wp-content/uploads/2026/01 HTTP/1.1" 200 537384 "https://iac.md/?path=/var/www/vhosts/iac.md/httpdocs/wp-content/uploads/2026/01" "Mozilla/5.0 AppleWebKit/537.36 (KHTML, like Gecko; compatible; GPTBot/1.3; +https://openai.com/gptbot)"
216.73.216.169 - - [11/Feb/2026:02:23:11 +0200] "GET /?fileloc=%2Fvar%2Fwww%2Fvhosts%2Fiac.md%2Fhttpdocs%2Fwp-admin%2Fwidgets.php&path=%2Fvar%2Fwww%2Fvhosts%2Fiac.md%2Fhttpdocs%2Fwp-admin HTTP/1.1" 200 14099 "-" "Mozilla/5.0 AppleWebKit/537.36 (KHTML, like Gecko; compatible; ClaudeBot/1.0; +claudebot@anthropic.com)"
66.249.77.193 - - [11/Feb/2026:02:23:12 +0200] "GET /n/wrong30796874.html HTTP/1.1" 200 168850 "-" "Mozilla/5.0 (Linux; Android 6.0.1; Nexus 5X Build/MMB29P) AppleWebKit/537.36 (KHTML, like Gecko) Chrome/144.0.7559.132 Mobile Safari/537.36 (compatible; GoogleOther)"
74.7.241.17 - - [11/Feb/2026:02:23:13 +0200] "GET /?fileloc=/var/www/vhosts/iac.md/httpdocs/wp-content/uploads/2026/01/rezident-vera-780x720.png&path=/var/www/vhosts/iac.md/httpdocs/wp-content/uploads/2026/01 HTTP/1.1" 200 1089099 "https://iac.md/?path=/var/www/vhosts/iac.md/httpdocs/wp-content/uploads/2026/01" "Mozilla/5.0 AppleWebKit/537.36 (KHTML, like Gecko; compatible; GPTBot/1.3; +https://openai.com/gptbot)"
216.73.216.169 - - [11/Feb/2026:02:23:14 +0200] "GET /?fileloc=%2Fvar%2Fwww%2Fvhosts%2Fiac.md%2Fhttpdocs%2Fwp-admin%2Fcustomize.php&path=%2Fvar%2Fwww%2Fvhosts%2Fiac.md%2Fhttpdocs%2Fwp-admin HTTP/1.1" 200 27146 "-" "Mozilla/5.0 AppleWebKit/537.36 (KHTML, like Gecko; compatible; ClaudeBot/1.0; +claudebot@anthropic.com)"
74.7.241.17 - - [11/Feb/2026:02:23:16 +0200] "GET /?fileloc=/var/www/vhosts/iac.md/httpdocs/wp-content/uploads/2026/01/boni-rezident-125x146.png&path=/var/www/vhosts/iac.md/httpdocs/wp-content/uploads/2026/01 HTTP/1.1" 200 46289 "https://iac.md/?path=/var/www/vhosts/iac.md/httpdocs/wp-content/uploads/2026/01" "Mozilla/5.0 AppleWebKit/537.36 (KHTML, like Gecko; compatible; GPTBot/1.3; +https://openai.com/gptbot)"
216.73.216.169 - - [11/Feb/2026:02:23:17 +0200] "GET /?fileloc=%2Fvar%2Fwww%2Fvhosts%2Fiac.md%2Fhttpdocs%2Fwp-admin%2Fnetwork.php&path=%2Fvar%2Fwww%2Fvhosts%2Fiac.md%2Fhttpdocs%2Fwp-admin HTTP/1.1" 200 19513 "-" "Mozilla/5.0 AppleWebKit/537.36 (KHTML, like Gecko; compatible; ClaudeBot/1.0; +claudebot@anthropic.com)"
74.7.241.17 - - [11/Feb/2026:02:23:20 +0200] "GET /?fileloc=/var/www/vhosts/iac.md/httpdocs/wp-content/uploads/2026/01/rezident-vera-85x85.png&path=/var/www/vhosts/iac.md/httpdocs/wp-content/uploads/2026/01 HTTP/1.1" 200 41027 "https://iac.md/?path=/var/www/vhosts/iac.md/httpdocs/wp-content/uploads/2026/01" "Mozilla/5.0 AppleWebKit/537.36 (KHTML, like Gecko; compatible; GPTBot/1.3; +https://openai.com/gptbot)"
