66.249.77.193 - - [10/Feb/2026:19:24:15 +0200] "GET /n/zag62899933.html HTTP/1.1" 200 164461 "-" "Mozilla/5.0 (Linux; Android 6.0.1; Nexus 5X Build/MMB29P) AppleWebKit/537.36 (KHTML, like Gecko) Chrome/144.0.7559.132 Mobile Safari/537.36 (compatible; GoogleOther)"
66.249.77.193 - - [10/Feb/2026:19:24:24 +0200] "GET /n/pity52052764.html HTTP/1.1" 200 168168 "-" "Mozilla/5.0 (Linux; Android 6.0.1; Nexus 5X Build/MMB29P) AppleWebKit/537.36 (KHTML, like Gecko) Chrome/144.0.7559.132 Mobile Safari/537.36 (compatible; GoogleOther)"
66.249.77.193 - - [10/Feb/2026:19:24:38 +0200] "GET /n/wind12460296.html HTTP/1.1" 200 167963 "-" "Mozilla/5.0 (Linux; Android 6.0.1; Nexus 5X Build/MMB29P) AppleWebKit/537.36 (KHTML, like Gecko) Chrome/144.0.7559.132 Mobile Safari/537.36 (compatible; Googlebot/2.1; +http://www.google.com/bot.html)"
66.249.77.193 - - [10/Feb/2026:19:24:41 +0200] "GET /n/zag62899933.html HTTP/1.1" 200 164274 "-" "Mozilla/5.0 (Linux; Android 6.0.1; Nexus 5X Build/MMB29P) AppleWebKit/537.36 (KHTML, like Gecko) Chrome/144.0.7559.132 Mobile Safari/537.36 (compatible; Googlebot/2.1; +http://www.google.com/bot.html)"
40.77.167.70 - - [10/Feb/2026:19:24:58 +0200] "GET /uyedet/a10810482459.html HTTP/1.1" 404 105887 "-" "Mozilla/5.0 AppleWebKit/537.36 (KHTML, like Gecko; compatible; bingbot/2.0; +http://www.bing.com/bingbot.htm) Chrome/116.0.1938.76 Safari/537.36"
66.249.77.194 - - [10/Feb/2026:19:25:33 +0200] "GET /n/tape51572964.html HTTP/1.1" 200 169664 "-" "Mozilla/5.0 (Linux; Android 6.0.1; Nexus 5X Build/MMB29P) AppleWebKit/537.36 (KHTML, like Gecko) Chrome/144.0.7559.132 Mobile Safari/537.36 (compatible; GoogleOther)"
66.249.77.193 - - [10/Feb/2026:19:26:20 +0200] "GET /n/lion10144392.html HTTP/1.1" 200 168806 "-" "Mozilla/5.0 (Linux; Android 6.0.1; Nexus 5X Build/MMB29P) AppleWebKit/537.36 (KHTML, like Gecko) Chrome/144.0.7559.132 Mobile Safari/537.36 (compatible; GoogleOther)"
66.249.77.193 - - [10/Feb/2026:19:27:57 +0200] "GET /n/miste51979356.html HTTP/1.1" 200 168977 "-" "Mozilla/5.0 (Linux; Android 6.0.1; Nexus 5X Build/MMB29P) AppleWebKit/537.36 (KHTML, like Gecko) Chrome/144.0.7559.132 Mobile Safari/537.36 (compatible; GoogleOther)"
66.249.77.193 - - [10/Feb/2026:19:28:15 +0200] "GET /n/sever60044029.html HTTP/1.1" 200 169773 "-" "Mozilla/5.0 (Linux; Android 6.0.1; Nexus 5X Build/MMB29P) AppleWebKit/537.36 (KHTML, like Gecko) Chrome/144.0.7559.132 Mobile Safari/537.36 (compatible; GoogleOther)"
40.77.167.4 - - [10/Feb/2026:19:28:43 +0200] "GET /uxxyxv/t15111412845.html HTTP/1.1" 404 105887 "-" "Mozilla/5.0 AppleWebKit/537.36 (KHTML, like Gecko; compatible; bingbot/2.0; +http://www.bing.com/bingbot.htm) Chrome/116.0.1938.76 Safari/537.36"
66.249.77.195 - - [10/Feb/2026:19:29:25 +0200] "GET /?shop/cart/cart HTTP/1.1" 200 168618 "-" "Mozilla/5.0 (Linux; Android 6.0.1; Nexus 5X Build/MMB29P) AppleWebKit/537.36 (KHTML, like Gecko) Chrome/144.0.7559.132 Mobile Safari/537.36 (compatible; Googlebot/2.1; +http://www.google.com/bot.html)"
66.249.77.194 - - [10/Feb/2026:19:30:12 +0200] "GET /n/headm12431440.html HTTP/1.1" 200 169773 "-" "Mozilla/5.0 (Linux; Android 6.0.1; Nexus 5X Build/MMB29P) AppleWebKit/537.36 (KHTML, like Gecko) Chrome/144.0.7559.132 Mobile Safari/537.36 (compatible; GoogleOther)"
66.249.77.193 - - [10/Feb/2026:19:30:20 +0200] "GET /n/shrie31722930.html HTTP/1.1" 200 169254 "-" "Mozilla/5.0 (Linux; Android 6.0.1; Nexus 5X Build/MMB29P) AppleWebKit/537.36 (KHTML, like Gecko) Chrome/144.0.7559.132 Mobile Safari/537.36 (compatible; GoogleOther)"
66.249.77.195 - - [10/Feb/2026:19:32:06 +0200] "GET /n/able62197085.html HTTP/1.1" 200 167696 "-" "Mozilla/5.0 (Linux; Android 6.0.1; Nexus 5X Build/MMB29P) AppleWebKit/537.36 (KHTML, like Gecko) Chrome/144.0.7559.132 Mobile Safari/537.36 (compatible; GoogleOther)"
66.249.77.193 - - [10/Feb/2026:19:32:43 +0200] "GET /n/thus80967263.html HTTP/1.1" 200 168149 "-" "Mozilla/5.0 (Linux; Android 6.0.1; Nexus 5X Build/MMB29P) AppleWebKit/537.36 (KHTML, like Gecko) Chrome/144.0.7559.132 Mobile Safari/537.36 (compatible; GoogleOther)"
66.249.77.193 - - [10/Feb/2026:19:33:07 +0200] "GET /n/heap20838953.html HTTP/1.1" 200 168578 "-" "Mozilla/5.0 (Linux; Android 6.0.1; Nexus 5X Build/MMB29P) AppleWebKit/537.36 (KHTML, like Gecko) Chrome/144.0.7559.132 Mobile Safari/537.36 (compatible; GoogleOther)"
40.77.167.70 - - [10/Feb/2026:19:33:18 +0200] "GET /uutwut/w1059041002.html HTTP/1.1" 404 105912 "-" "Mozilla/5.0 AppleWebKit/537.36 (KHTML, like Gecko; compatible; bingbot/2.0; +http://www.bing.com/bingbot.htm) Chrome/116.0.1938.76 Safari/537.36"
20.203.240.55 - - [10/Feb/2026:19:33:33 +0200] "GET /wp-content/plugins/hellopress/wp_filemanager.php HTTP/1.1" 404 105983 "-" "-"
20.203.240.55 - - [10/Feb/2026:19:33:33 +0200] "GET /new4.php HTTP/1.1" 403 1097 "-" "-"
20.203.240.55 - - [10/Feb/2026:19:33:33 +0200] "GET /nw.php HTTP/1.1" 403 1097 "-" "-"
20.203.240.55 - - [10/Feb/2026:19:33:34 +0200] "GET /god.php HTTP/1.1" 403 1097 "-" "-"
20.203.240.55 - - [10/Feb/2026:19:33:34 +0200] "GET /act.php HTTP/1.1" 403 1097 "-" "-"
20.203.240.55 - - [10/Feb/2026:19:33:34 +0200] "GET /bbn.php HTTP/1.1" 403 1097 "-" "-"
20.203.240.55 - - [10/Feb/2026:19:33:34 +0200] "GET /aec.php HTTP/1.1" 403 1097 "-" "-"
66.249.77.193 - - [10/Feb/2026:19:33:33 +0200] "GET /n/heap20838953.html HTTP/1.1" 200 168346 "-" "Mozilla/5.0 (Linux; Android 6.0.1; Nexus 5X Build/MMB29P) AppleWebKit/537.36 (KHTML, like Gecko) Chrome/144.0.7559.132 Mobile Safari/537.36 (compatible; Googlebot/2.1; +http://www.google.com/bot.html)"
66.249.77.195 - - [10/Feb/2026:19:34:01 +0200] "GET /n/radiu72323038.html HTTP/1.1" 200 169150 "-" "Mozilla/5.0 (Linux; Android 6.0.1; Nexus 5X Build/MMB29P) AppleWebKit/537.36 (KHTML, like Gecko) Chrome/144.0.7559.132 Mobile Safari/537.36 (compatible; GoogleOther)"
66.249.77.194 - - [10/Feb/2026:19:35:06 +0200] "GET /n/cute61793517.html HTTP/1.1" 200 169104 "-" "Mozilla/5.0 (Linux; Android 6.0.1; Nexus 5X Build/MMB29P) AppleWebKit/537.36 (KHTML, like Gecko) Chrome/144.0.7559.132 Mobile Safari/537.36 (compatible; GoogleOther)"
52.167.144.208 - - [10/Feb/2026:19:35:23 +0200] "GET /wuydve/x1252783038.html HTTP/1.1" 404 105912 "-" "Mozilla/5.0 AppleWebKit/537.36 (KHTML, like Gecko; compatible; bingbot/2.0; +http://www.bing.com/bingbot.htm) Chrome/116.0.1938.76 Safari/537.36"
94.158.246.181 - - [10/Feb/2026:19:35:25 +0200] "POST /wp-cron.php?doing_wp_cron=1770744925.0589869022369384765625 HTTP/1.1" 200 3401 "-" "WordPress/6.9; https://iac.md"
66.249.77.194 - - [10/Feb/2026:19:35:57 +0200] "GET /n/sky32392786.html HTTP/1.1" 200 169499 "-" "Mozilla/5.0 (Linux; Android 6.0.1; Nexus 5X Build/MMB29P) AppleWebKit/537.36 (KHTML, like Gecko) Chrome/144.0.7559.132 Mobile Safari/537.36 (compatible; GoogleOther)"
52.167.144.150 - - [10/Feb/2026:19:36:47 +0200] "GET /evfaab/a1006612160.shtm HTTP/1.1" 301 3661 "-" "Mozilla/5.0 AppleWebKit/537.36 (KHTML, like Gecko; compatible; bingbot/2.0; +http://www.bing.com/bingbot.htm) Chrome/116.0.1938.76 Safari/537.36"
40.77.167.48 - - [10/Feb/2026:19:37:28 +0200] "GET /ybzcub/x1414506162.html HTTP/1.1" 404 105912 "-" "Mozilla/5.0 AppleWebKit/537.36 (KHTML, like Gecko; compatible; bingbot/2.0; +http://www.bing.com/bingbot.htm) Chrome/116.0.1938.76 Safari/537.36"
66.249.77.193 - - [10/Feb/2026:19:37:29 +0200] "GET /n/murde82100343.html HTTP/1.1" 200 172056 "-" "Mozilla/5.0 (Linux; Android 6.0.1; Nexus 5X Build/MMB29P) AppleWebKit/537.36 (KHTML, like Gecko) Chrome/144.0.7559.132 Mobile Safari/537.36 (compatible; GoogleOther)"
66.249.77.194 - - [10/Feb/2026:19:37:52 +0200] "GET /n/wholl41338939.html HTTP/1.1" 200 170620 "-" "Mozilla/5.0 (Linux; Android 6.0.1; Nexus 5X Build/MMB29P) AppleWebKit/537.36 (KHTML, like Gecko) Chrome/144.0.7559.132 Mobile Safari/537.36 (compatible; GoogleOther)"
40.77.167.71 - - [10/Feb/2026:19:37:53 +0200] "GET /dwytet/b1048776633.shtm HTTP/1.1" 301 3661 "-" "Mozilla/5.0 AppleWebKit/537.36 (KHTML, like Gecko; compatible; bingbot/2.0; +http://www.bing.com/bingbot.htm) Chrome/116.0.1938.76 Safari/537.36"
40.77.167.71 - - [10/Feb/2026:19:39:02 +0200] "GET /yyxedw/t120128782.shtm HTTP/1.1" 301 3660 "-" "Mozilla/5.0 AppleWebKit/537.36 (KHTML, like Gecko; compatible; bingbot/2.0; +http://www.bing.com/bingbot.htm) Chrome/116.0.1938.76 Safari/537.36"
66.249.77.194 - - [10/Feb/2026:19:39:48 +0200] "GET /n/unusu41685763.html HTTP/1.1" 200 168841 "-" "Mozilla/5.0 (Linux; Android 6.0.1; Nexus 5X Build/MMB29P) AppleWebKit/537.36 (KHTML, like Gecko) Chrome/144.0.7559.132 Mobile Safari/537.36 (compatible; GoogleOther)"
66.249.77.194 - - [10/Feb/2026:19:39:55 +0200] "GET /n/touch40620435.html HTTP/1.1" 200 167936 "-" "Mozilla/5.0 (Linux; Android 6.0.1; Nexus 5X Build/MMB29P) AppleWebKit/537.36 (KHTML, like Gecko) Chrome/144.0.7559.132 Mobile Safari/537.36 (compatible; GoogleOther)"
66.249.77.194 - - [10/Feb/2026:19:41:43 +0200] "GET /n/acqui51298412.html HTTP/1.1" 200 168909 "-" "Mozilla/5.0 (Linux; Android 6.0.1; Nexus 5X Build/MMB29P) AppleWebKit/537.36 (KHTML, like Gecko) Chrome/144.0.7559.132 Mobile Safari/537.36 (compatible; GoogleOther)"
66.249.77.195 - - [10/Feb/2026:19:42:15 +0200] "GET /n/mathe21370513.html HTTP/1.1" 200 168213 "-" "Mozilla/5.0 (Linux; Android 6.0.1; Nexus 5X Build/MMB29P) AppleWebKit/537.36 (KHTML, like Gecko) Chrome/144.0.7559.132 Mobile Safari/537.36 (compatible; GoogleOther)"
20.203.240.55 - - [10/Feb/2026:19:43:36 +0200] "GET /cfile.php HTTP/1.1" 403 4355 "-" "-"
20.203.240.55 - - [10/Feb/2026:19:43:36 +0200] "GET /num.php HTTP/1.1" 403 1097 "-" "-"
20.203.240.55 - - [10/Feb/2026:19:43:36 +0200] "GET /axx.php HTTP/1.1" 403 1097 "-" "-"
20.203.240.55 - - [10/Feb/2026:19:43:36 +0200] "GET /vxrl.php HTTP/1.1" 403 1097 "-" "-"
20.203.240.55 - - [10/Feb/2026:19:43:36 +0200] "GET /in.php HTTP/1.1" 403 1097 "-" "-"
20.203.240.55 - - [10/Feb/2026:19:43:37 +0200] "GET /style.php HTTP/1.1" 403 1097 "-" "-"
20.203.240.55 - - [10/Feb/2026:19:43:37 +0200] "GET /we.php HTTP/1.1" 403 1097 "-" "-"
66.249.77.194 - - [10/Feb/2026:19:43:38 +0200] "GET /n/brita72359238.html HTTP/1.1" 200 167945 "-" "Mozilla/5.0 (Linux; Android 6.0.1; Nexus 5X Build/MMB29P) AppleWebKit/537.36 (KHTML, like Gecko) Chrome/144.0.7559.132 Mobile Safari/537.36 (compatible; GoogleOther)"
66.249.77.194 - - [10/Feb/2026:19:44:38 +0200] "GET /n/vague52774980.html HTTP/1.1" 200 167816 "-" "Mozilla/5.0 (Linux; Android 6.0.1; Nexus 5X Build/MMB29P) AppleWebKit/537.36 (KHTML, like Gecko) Chrome/144.0.7559.132 Mobile Safari/537.36 (compatible; GoogleOther)"
37.60.228.196 - - [10/Feb/2026:19:45:30 +0200] "GET /wp-admin/css/ HTTP/1.1" 403 4237 "binance.com" "Mozilla/5.0 (Windows NT 10.0; Win64; x64) AppleWebKit/537.36 (KHTML, like Gecko) Chrome/90.0.4430.85 Safari/537.36"
66.249.77.193 - - [10/Feb/2026:19:45:34 +0200] "GET /n/someo42017155.html HTTP/1.1" 200 169324 "-" "Mozilla/5.0 (Linux; Android 6.0.1; Nexus 5X Build/MMB29P) AppleWebKit/537.36 (KHTML, like Gecko) Chrome/144.0.7559.132 Mobile Safari/537.36 (compatible; GoogleOther)"
66.249.77.194 - - [10/Feb/2026:19:47:01 +0200] "GET /n/overa62234645.html HTTP/1.1" 200 167464 "-" "Mozilla/5.0 (Linux; Android 6.0.1; Nexus 5X Build/MMB29P) AppleWebKit/537.36 (KHTML, like Gecko) Chrome/144.0.7559.132 Mobile Safari/537.36 (compatible; GoogleOther)"
66.249.77.193 - - [10/Feb/2026:19:47:29 +0200] "GET /n/colon50558876.html HTTP/1.1" 200 172173 "-" "Mozilla/5.0 (Linux; Android 6.0.1; Nexus 5X Build/MMB29P) AppleWebKit/537.36 (KHTML, like Gecko) Chrome/144.0.7559.132 Mobile Safari/537.36 (compatible; GoogleOther)"
66.249.77.193 - - [10/Feb/2026:19:49:24 +0200] "GET /n/hands70796782.html HTTP/1.1" 200 167901 "-" "Mozilla/5.0 (Linux; Android 6.0.1; Nexus 5X Build/MMB29P) AppleWebKit/537.36 (KHTML, like Gecko) Chrome/144.0.7559.132 Mobile Safari/537.36 (compatible; GoogleOther)"
66.249.77.194 - - [10/Feb/2026:19:49:32 +0200] "GET /n/sulph82458711.html HTTP/1.1" 200 167979 "-" "Mozilla/5.0 (Linux; Android 6.0.1; Nexus 5X Build/MMB29P) AppleWebKit/537.36 (KHTML, like Gecko) Chrome/144.0.7559.132 Mobile Safari/537.36 (compatible; GoogleOther)"
66.249.77.193 - - [10/Feb/2026:19:51:20 +0200] "GET /n/mile10444776.html HTTP/1.1" 200 169739 "-" "Mozilla/5.0 (Linux; Android 6.0.1; Nexus 5X Build/MMB29P) AppleWebKit/537.36 (KHTML, like Gecko) Chrome/144.0.7559.132 Mobile Safari/537.36 (compatible; GoogleOther)"
52.167.144.166 - - [10/Feb/2026:19:51:41 +0200] "GET /xvctef/x1393981468.html HTTP/1.1" 404 105912 "-" "Mozilla/5.0 AppleWebKit/537.36 (KHTML, like Gecko; compatible; bingbot/2.0; +http://www.bing.com/bingbot.htm) Chrome/116.0.1938.76 Safari/537.36"
66.249.77.194 - - [10/Feb/2026:19:51:47 +0200] "GET /n/coars81355647.html HTTP/1.1" 200 167956 "-" "Mozilla/5.0 (Linux; Android 6.0.1; Nexus 5X Build/MMB29P) AppleWebKit/537.36 (KHTML, like Gecko) Chrome/144.0.7559.132 Mobile Safari/537.36 (compatible; GoogleOther)"
66.249.77.195 - - [10/Feb/2026:19:53:15 +0200] "GET /n/motiv60534141.html HTTP/1.1" 200 168978 "-" "Mozilla/5.0 (Linux; Android 6.0.1; Nexus 5X Build/MMB29P) AppleWebKit/537.36 (KHTML, like Gecko) Chrome/144.0.7559.132 Mobile Safari/537.36 (compatible; GoogleOther)"
20.223.236.248 - - [10/Feb/2026:19:53:19 +0200] "GET /wp-content/plugins/hellopress/wp_filemanager.php HTTP/1.1" 404 105983 "-" "-"
20.223.236.248 - - [10/Feb/2026:19:53:21 +0200] "GET /ak.php HTTP/1.1" 403 1097 "-" "-"
20.223.236.248 - - [10/Feb/2026:19:53:21 +0200] "GET /file.php HTTP/1.1" 403 1097 "-" "-"
20.223.236.248 - - [10/Feb/2026:19:53:21 +0200] "GET /t.php HTTP/1.1" 403 1097 "-" "-"
20.223.236.248 - - [10/Feb/2026:19:53:21 +0200] "GET /24.php HTTP/1.1" 403 1097 "-" "-"
20.223.236.248 - - [10/Feb/2026:19:53:21 +0200] "GET /lol.php HTTP/1.1" 403 1097 "-" "-"
20.223.236.248 - - [10/Feb/2026:19:53:21 +0200] "GET /inege.php HTTP/1.1" 403 1097 "-" "-"
20.223.236.248 - - [10/Feb/2026:19:53:22 +0200] "GET /bolt.php HTTP/1.1" 403 1097 "-" "-"
20.223.236.248 - - [10/Feb/2026:19:53:22 +0200] "GET /sc.php HTTP/1.1" 403 1097 "-" "-"
20.203.240.55 - - [10/Feb/2026:19:53:41 +0200] "GET /cbrfo.php HTTP/1.1" 403 4355 "-" "-"
20.203.240.55 - - [10/Feb/2026:19:53:41 +0200] "GET /inc.php HTTP/1.1" 403 1097 "-" "-"
20.203.240.55 - - [10/Feb/2026:19:53:41 +0200] "GET /jquery.php HTTP/1.1" 403 1097 "-" "-"
20.203.240.55 - - [10/Feb/2026:19:53:42 +0200] "GET /gifclass.php HTTP/1.1" 403 1097 "-" "-"
20.203.240.55 - - [10/Feb/2026:19:53:42 +0200] "GET /miansha.php HTTP/1.1" 403 1097 "-" "-"
20.203.240.55 - - [10/Feb/2026:19:53:42 +0200] "GET /tinyfilemanager.php HTTP/1.1" 403 1097 "-" "-"
20.203.240.55 - - [10/Feb/2026:19:53:42 +0200] "GET /xfile25.php HTTP/1.1" 403 1097 "-" "-"
20.203.240.55 - - [10/Feb/2026:19:53:42 +0200] "GET /ok.php HTTP/1.1" 403 1097 "-" "-"
66.249.77.195 - - [10/Feb/2026:19:54:10 +0200] "GET /n/bronz72667510.html HTTP/1.1" 200 167673 "-" "Mozilla/5.0 (Linux; Android 6.0.1; Nexus 5X Build/MMB29P) AppleWebKit/537.36 (KHTML, like Gecko) Chrome/144.0.7559.132 Mobile Safari/537.36 (compatible; GoogleOther)"
66.249.77.194 - - [10/Feb/2026:19:55:12 +0200] "GET /n/beam82051087.html HTTP/1.1" 200 168418 "-" "Mozilla/5.0 (Linux; Android 6.0.1; Nexus 5X Build/MMB29P) AppleWebKit/537.36 (KHTML, like Gecko) Chrome/144.0.7559.132 Mobile Safari/537.36 (compatible; GoogleOther)"
66.249.77.193 - - [10/Feb/2026:19:55:29 +0200] "GET /n/grade60880413.html HTTP/1.1" 200 169410 "-" "Mozilla/5.0 (Linux; Android 6.0.1; Nexus 5X Build/MMB29P) AppleWebKit/537.36 (KHTML, like Gecko) Chrome/144.0.7559.132 Mobile Safari/537.36 (compatible; GoogleOther)"
66.249.66.43 - - [10/Feb/2026:19:56:06 +0200] "GET /n/grade60880413.html HTTP/1.1" 200 169698 "-" "Mozilla/5.0 (Linux; Android 6.0.1; Nexus 5X Build/MMB29P) AppleWebKit/537.36 (KHTML, like Gecko) Chrome/144.0.7559.132 Mobile Safari/537.36 (compatible; Googlebot/2.1; +http://www.google.com/bot.html)"
66.249.77.194 - - [10/Feb/2026:19:56:34 +0200] "GET /n/refle81138375.html HTTP/1.1" 200 167897 "-" "Mozilla/5.0 (Linux; Android 6.0.1; Nexus 5X Build/MMB29P) AppleWebKit/537.36 (KHTML, like Gecko) Chrome/144.0.7559.132 Mobile Safari/537.36 (compatible; GoogleOther)"
66.249.77.193 - - [10/Feb/2026:19:57:01 +0200] "GET /n/until41676259.html HTTP/1.1" 200 170507 "-" "Mozilla/5.0 (Linux; Android 6.0.1; Nexus 5X Build/MMB29P) AppleWebKit/537.36 (KHTML, like Gecko) Chrome/144.0.7559.132 Mobile Safari/537.36 (compatible; GoogleOther)"
66.249.77.193 - - [10/Feb/2026:19:57:08 +0200] "GET /n/updat72570174.html HTTP/1.1" 200 168454 "-" "Mozilla/5.0 (Linux; Android 6.0.1; Nexus 5X Build/MMB29P) AppleWebKit/537.36 (KHTML, like Gecko) Chrome/144.0.7559.132 Mobile Safari/537.36 (compatible; GoogleOther)"
66.249.77.193 - - [10/Feb/2026:19:57:16 +0200] "GET /n/evalu11550168.html HTTP/1.1" 200 169765 "-" "Mozilla/5.0 (Linux; Android 6.0.1; Nexus 5X Build/MMB29P) AppleWebKit/537.36 (KHTML, like Gecko) Chrome/144.0.7559.132 Mobile Safari/537.36 (compatible; GoogleOther)"
66.249.77.193 - - [10/Feb/2026:19:57:28 +0200] "GET /n/until41676259.html HTTP/1.1" 200 170878 "-" "Mozilla/5.0 (Linux; Android 6.0.1; Nexus 5X Build/MMB29P) AppleWebKit/537.36 (KHTML, like Gecko) Chrome/144.0.7559.132 Mobile Safari/537.36 (compatible; Googlebot/2.1; +http://www.google.com/bot.html)"
66.249.77.193 - - [10/Feb/2026:19:58:03 +0200] "GET /n/updat72570174.html HTTP/1.1" 200 168037 "-" "Mozilla/5.0 (Linux; Android 6.0.1; Nexus 5X Build/MMB29P) AppleWebKit/537.36 (KHTML, like Gecko) Chrome/144.0.7559.132 Mobile Safari/537.36 (compatible; Googlebot/2.1; +http://www.google.com/bot.html)"
66.249.77.194 - - [10/Feb/2026:19:58:56 +0200] "GET /n/reply60052661.html HTTP/1.1" 200 168688 "-" "Mozilla/5.0 (Linux; Android 6.0.1; Nexus 5X Build/MMB29P) AppleWebKit/537.36 (KHTML, like Gecko) Chrome/144.0.7559.132 Mobile Safari/537.36 (compatible; GoogleOther)"
66.249.77.194 - - [10/Feb/2026:19:59:03 +0200] "GET /n/dilem51102404.html HTTP/1.1" 200 172552 "-" "Mozilla/5.0 (Linux; Android 6.0.1; Nexus 5X Build/MMB29P) AppleWebKit/537.36 (KHTML, like Gecko) Chrome/144.0.7559.132 Mobile Safari/537.36 (compatible; GoogleOther)"
66.249.77.193 - - [10/Feb/2026:19:59:59 +0200] "GET /n/strok22255257.html HTTP/1.1" 200 168374 "-" "Mozilla/5.0 (Linux; Android 6.0.1; Nexus 5X Build/MMB29P) AppleWebKit/537.36 (KHTML, like Gecko) Chrome/144.0.7559.132 Mobile Safari/537.36 (compatible; GoogleOther)"
66.249.77.193 - - [10/Feb/2026:20:00:57 +0200] "GET /n/item82001943.html HTTP/1.1" 200 169387 "-" "Mozilla/5.0 (Linux; Android 6.0.1; Nexus 5X Build/MMB29P) AppleWebKit/537.36 (KHTML, like Gecko) Chrome/144.0.7559.132 Mobile Safari/537.36 (compatible; GoogleOther)"
66.249.64.166 - - [10/Feb/2026:20:01:20 +0200] "GET /n/karen62843989.html HTTP/1.1" 200 170921 "-" "Mozilla/5.0 (Linux; Android 6.0.1; Nexus 5X Build/MMB29P) AppleWebKit/537.36 (KHTML, like Gecko) Chrome/144.0.7559.132 Mobile Safari/537.36 (compatible; GoogleOther)"
40.77.167.15 - - [10/Feb/2026:20:02:04 +0200] "GET /exuwyx/a1242118854.html HTTP/1.1" 404 105912 "-" "Mozilla/5.0 AppleWebKit/537.36 (KHTML, like Gecko; compatible; bingbot/2.0; +http://www.bing.com/bingbot.htm) Chrome/116.0.1938.76 Safari/537.36"
40.77.167.15 - - [10/Feb/2026:20:02:08 +0200] "GET /dutxwe/z1393959019.html HTTP/1.1" 404 102654 "-" "Mozilla/5.0 AppleWebKit/537.36 (KHTML, like Gecko; compatible; bingbot/2.0; +http://www.bing.com/bingbot.htm) Chrome/116.0.1938.76 Safari/537.36"
66.249.77.194 - - [10/Feb/2026:20:02:52 +0200] "GET /n/netwo30854562.html HTTP/1.1" 200 170458 "-" "Mozilla/5.0 (Linux; Android 6.0.1; Nexus 5X Build/MMB29P) AppleWebKit/537.36 (KHTML, like Gecko) Chrome/144.0.7559.132 Mobile Safari/537.36 (compatible; GoogleOther)"
20.223.236.248 - - [10/Feb/2026:20:03:27 +0200] "GET /koiy.php HTTP/1.1" 403 4355 "-" "-"
20.223.236.248 - - [10/Feb/2026:20:03:28 +0200] "GET /0byte.php HTTP/1.1" 403 1097 "-" "-"
20.223.236.248 - - [10/Feb/2026:20:03:28 +0200] "GET /aaa.php HTTP/1.1" 403 1097 "-" "-"
20.223.236.248 - - [10/Feb/2026:20:03:28 +0200] "GET /system123.php HTTP/1.1" 403 1097 "-" "-"
20.223.236.248 - - [10/Feb/2026:20:03:28 +0200] "GET /24name.php HTTP/1.1" 403 1097 "-" "-"
20.223.236.248 - - [10/Feb/2026:20:03:28 +0200] "GET /h02ugyh.php HTTP/1.1" 403 1097 "-" "-"
20.223.236.248 - - [10/Feb/2026:20:03:28 +0200] "GET /iov.php HTTP/1.1" 403 1097 "-" "-"
52.167.144.150 - - [10/Feb/2026:20:03:41 +0200] "GET /ewzzab/v1456391300.html HTTP/1.1" 404 105912 "-" "Mozilla/5.0 AppleWebKit/537.36 (KHTML, like Gecko; compatible; bingbot/2.0; +http://www.bing.com/bingbot.htm) Chrome/116.0.1938.76 Safari/537.36"
20.203.240.55 - - [10/Feb/2026:20:03:44 +0200] "GET /alfa.php HTTP/1.1" 403 4355 "-" "-"
20.203.240.55 - - [10/Feb/2026:20:03:44 +0200] "GET /wen.php HTTP/1.1" 403 1097 "-" "-"
20.203.240.55 - - [10/Feb/2026:20:03:45 +0200] "GET /x.php HTTP/1.1" 403 1097 "-" "-"
66.249.77.193 - - [10/Feb/2026:20:03:43 +0200] "GET /n/branc82851103.html HTTP/1.1" 200 169292 "-" "Mozilla/5.0 (Linux; Android 6.0.1; Nexus 5X Build/MMB29P) AppleWebKit/537.36 (KHTML, like Gecko) Chrome/144.0.7559.132 Mobile Safari/537.36 (compatible; GoogleOther)"
52.167.144.177 - - [10/Feb/2026:20:04:19 +0200] "GET /ztaefu/x121660675.shtm HTTP/1.1" 301 3660 "-" "Mozilla/5.0 AppleWebKit/537.36 (KHTML, like Gecko; compatible; bingbot/2.0; +http://www.bing.com/bingbot.htm) Chrome/116.0.1938.76 Safari/537.36"
66.249.77.193 - - [10/Feb/2026:20:04:47 +0200] "GET /n/anymo31685394.html HTTP/1.1" 200 168045 "-" "Mozilla/5.0 (Linux; Android 6.0.1; Nexus 5X Build/MMB29P) AppleWebKit/537.36 (KHTML, like Gecko) Chrome/144.0.7559.132 Mobile Safari/537.36 (compatible; GoogleOther)"
66.249.77.195 - - [10/Feb/2026:20:06:06 +0200] "GET /n/hip51847692.html HTTP/1.1" 200 168002 "-" "Mozilla/5.0 (Linux; Android 6.0.1; Nexus 5X Build/MMB29P) AppleWebKit/537.36 (KHTML, like Gecko) Chrome/144.0.7559.132 Mobile Safari/537.36 (compatible; GoogleOther)"
66.249.77.194 - - [10/Feb/2026:20:06:43 +0200] "GET /n/moan30934554.html HTTP/1.1" 200 168298 "-" "Mozilla/5.0 (Linux; Android 6.0.1; Nexus 5X Build/MMB29P) AppleWebKit/537.36 (KHTML, like Gecko) Chrome/144.0.7559.132 Mobile Safari/537.36 (compatible; GoogleOther)"
66.249.77.195 - - [10/Feb/2026:20:08:29 +0200] "GET /n/instr61096493.html HTTP/1.1" 200 167942 "-" "Mozilla/5.0 (Linux; Android 6.0.1; Nexus 5X Build/MMB29P) AppleWebKit/537.36 (KHTML, like Gecko) Chrome/144.0.7559.132 Mobile Safari/537.36 (compatible; GoogleOther)"
66.249.77.194 - - [10/Feb/2026:20:08:38 +0200] "GET /n/decay11699112.html HTTP/1.1" 200 171874 "-" "Mozilla/5.0 (Linux; Android 6.0.1; Nexus 5X Build/MMB29P) AppleWebKit/537.36 (KHTML, like Gecko) Chrome/144.0.7559.132 Mobile Safari/537.36 (compatible; GoogleOther)"
40.77.167.15 - - [10/Feb/2026:20:10:07 +0200] "GET /zdtdxw/v1221077104.html HTTP/1.1" 404 105912 "-" "Mozilla/5.0 AppleWebKit/537.36 (KHTML, like Gecko; compatible; bingbot/2.0; +http://www.bing.com/bingbot.htm) Chrome/116.0.1938.76 Safari/537.36"
66.249.77.194 - - [10/Feb/2026:20:10:34 +0200] "GET /n/loft21471849.html HTTP/1.1" 200 168085 "-" "Mozilla/5.0 (Linux; Android 6.0.1; Nexus 5X Build/MMB29P) AppleWebKit/537.36 (KHTML, like Gecko) Chrome/144.0.7559.132 Mobile Safari/537.36 (compatible; GoogleOther)"
142.44.225.36 - - [10/Feb/2026:20:10:36 +0200] "GET /en/finantare/ HTTP/1.1" 200 143998 "-" "Mozilla/5.0 (compatible; AhrefsBot/7.0; +http://ahrefs.com/robot/)"
66.249.77.193 - - [10/Feb/2026:20:10:52 +0200] "GET /n/arran31034130.html HTTP/1.1" 200 170701 "-" "Mozilla/5.0 (Linux; Android 6.0.1; Nexus 5X Build/MMB29P) AppleWebKit/537.36 (KHTML, like Gecko) Chrome/144.0.7559.132 Mobile Safari/537.36 (compatible; GoogleOther)"
66.249.77.194 - - [10/Feb/2026:20:12:13 +0200] "GET /n/figur60602221.html HTTP/1.1" 200 168981 "-" "Mozilla/5.0 (Linux; Android 6.0.1; Nexus 5X Build/MMB29P) AppleWebKit/537.36 (KHTML, like Gecko) Chrome/144.0.7559.132 Mobile Safari/537.36 (compatible; GoogleOther)"
66.249.77.195 - - [10/Feb/2026:20:12:16 +0200] "GET /n/overt72542310.html HTTP/1.1" 200 170603 "-" "Mozilla/5.0 (Linux; Android 6.0.1; Nexus 5X Build/MMB29P) AppleWebKit/537.36 (KHTML, like Gecko) Chrome/144.0.7559.132 Mobile Safari/537.36 (compatible; GoogleOther)"
66.249.77.194 - - [10/Feb/2026:20:12:19 +0200] "GET /n/invas81891199.html HTTP/1.1" 200 166081 "-" "Mozilla/5.0 (Linux; Android 6.0.1; Nexus 5X Build/MMB29P) AppleWebKit/537.36 (KHTML, like Gecko) Chrome/144.0.7559.132 Mobile Safari/537.36 (compatible; GoogleOther)"
66.249.77.193 - - [10/Feb/2026:20:12:23 +0200] "GET /n/arriv61757181.html HTTP/1.1" 200 170978 "-" "Mozilla/5.0 (Linux; Android 6.0.1; Nexus 5X Build/MMB29P) AppleWebKit/537.36 (KHTML, like Gecko) Chrome/144.0.7559.132 Mobile Safari/537.36 (compatible; GoogleOther)"
40.77.167.48 - - [10/Feb/2026:20:12:28 +0200] "GET /wbtyfd/x15513880461.shtm HTTP/1.1" 301 3662 "-" "Mozilla/5.0 AppleWebKit/537.36 (KHTML, like Gecko; compatible; bingbot/2.0; +http://www.bing.com/bingbot.htm) Chrome/116.0.1938.76 Safari/537.36"
66.249.77.193 - - [10/Feb/2026:20:12:59 +0200] "GET /n/forum21154129.html HTTP/1.1" 200 168644 "-" "Mozilla/5.0 (Linux; Android 6.0.1; Nexus 5X Build/MMB29P) AppleWebKit/537.36 (KHTML, like Gecko) Chrome/144.0.7559.132 Mobile Safari/537.36 (compatible; GoogleOther)"
66.249.77.193 - - [10/Feb/2026:20:13:54 +0200] "GET /n/dense80695407.html HTTP/1.1" 200 168515 "-" "Mozilla/5.0 (Linux; Android 6.0.1; Nexus 5X Build/MMB29P) AppleWebKit/537.36 (KHTML, like Gecko) Chrome/144.0.7559.132 Mobile Safari/537.36 (compatible; GoogleOther)"
148.113.130.96 - - [10/Feb/2026:20:14:31 +0200] "GET /wp-content/uploads/elementor/css/post-1304.css?ver=1768952432 HTTP/1.1" 200 6888 "-" "Mozilla/5.0 (compatible; AhrefsBot/7.0; +http://ahrefs.com/robot/)"
66.249.77.194 - - [10/Feb/2026:20:15:07 +0200] "GET /n/custo61653461.html HTTP/1.1" 200 169362 "-" "Mozilla/5.0 (Linux; Android 6.0.1; Nexus 5X Build/MMB29P) AppleWebKit/537.36 (KHTML, like Gecko) Chrome/144.0.7559.132 Mobile Safari/537.36 (compatible; GoogleOther)"
66.249.77.193 - - [10/Feb/2026:20:15:34 +0200] "GET /n/china81677111.html HTTP/1.1" 200 168435 "-" "Mozilla/5.0 (Linux; Android 6.0.1; Nexus 5X Build/MMB29P) AppleWebKit/537.36 (KHTML, like Gecko) Chrome/144.0.7559.132 Mobile Safari/537.36 (compatible; GoogleOther)"
66.249.77.194 - - [10/Feb/2026:20:17:14 +0200] "GET /n/borin32417266.html HTTP/1.1" 200 171584 "-" "Mozilla/5.0 (Linux; Android 6.0.1; Nexus 5X Build/MMB29P) AppleWebKit/537.36 (KHTML, like Gecko) Chrome/144.0.7559.132 Mobile Safari/537.36 (compatible; GoogleOther)"
66.249.77.193 - - [10/Feb/2026:20:17:21 +0200] "GET /n/bubbl71886886.html HTTP/1.1" 200 168472 "-" "Mozilla/5.0 (Linux; Android 6.0.1; Nexus 5X Build/MMB29P) AppleWebKit/537.36 (KHTML, like Gecko) Chrome/144.0.7559.132 Mobile Safari/537.36 (compatible; GoogleOther)"
66.249.77.193 - - [10/Feb/2026:20:18:54 +0200] "GET /n/stay60188741.html HTTP/1.1" 200 168827 "-" "Mozilla/5.0 (Linux; Android 6.0.1; Nexus 5X Build/MMB29P) AppleWebKit/537.36 (KHTML, like Gecko) Chrome/144.0.7559.132 Mobile Safari/537.36 (compatible; GoogleOther)"
66.249.77.193 - - [10/Feb/2026:20:19:22 +0200] "GET /n/text62940629.html HTTP/1.1" 200 168824 "-" "Mozilla/5.0 (Linux; Android 6.0.1; Nexus 5X Build/MMB29P) AppleWebKit/537.36 (KHTML, like Gecko) Chrome/144.0.7559.132 Mobile Safari/537.36 (compatible; GoogleOther)"
66.249.77.194 - - [10/Feb/2026:20:20:34 +0200] "GET /n/train42524539.html HTTP/1.1" 200 171018 "-" "Mozilla/5.0 (Linux; Android 6.0.1; Nexus 5X Build/MMB29P) AppleWebKit/537.36 (KHTML, like Gecko) Chrome/144.0.7559.132 Mobile Safari/537.36 (compatible; GoogleOther)"
52.167.144.187 - - [10/Feb/2026:20:20:38 +0200] "GET /ywvyww/f1017239508.html HTTP/1.1" 404 105912 "-" "Mozilla/5.0 AppleWebKit/537.36 (KHTML, like Gecko; compatible; bingbot/2.0; +http://www.bing.com/bingbot.htm) Chrome/116.0.1938.76 Safari/537.36"
66.249.77.195 - - [10/Feb/2026:20:21:29 +0200] "GET /n/back82568215.html HTTP/1.1" 200 169866 "-" "Mozilla/5.0 (Linux; Android 6.0.1; Nexus 5X Build/MMB29P) AppleWebKit/537.36 (KHTML, like Gecko) Chrome/144.0.7559.132 Mobile Safari/537.36 (compatible; GoogleOther)"
66.249.77.195 - - [10/Feb/2026:20:22:14 +0200] "GET /n/worry60156925.html HTTP/1.1" 200 167161 "-" "Mozilla/5.0 (Linux; Android 6.0.1; Nexus 5X Build/MMB29P) AppleWebKit/537.36 (KHTML, like Gecko) Chrome/144.0.7559.132 Mobile Safari/537.36 (compatible; GoogleOther)"
66.249.77.194 - - [10/Feb/2026:20:23:37 +0200] "GET /?shop/pg/1005024086 HTTP/1.1" 200 168742 "-" "Mozilla/5.0 (Linux; Android 6.0.1; Nexus 5X Build/MMB29P) AppleWebKit/537.36 (KHTML, like Gecko) Chrome/144.0.7559.132 Mobile Safari/537.36 (compatible; GoogleOther)"
66.249.77.193 - - [10/Feb/2026:20:23:54 +0200] "GET /n/cuse20675921.html HTTP/1.1" 200 171940 "-" "Mozilla/5.0 (Linux; Android 6.0.1; Nexus 5X Build/MMB29P) AppleWebKit/537.36 (KHTML, like Gecko) Chrome/144.0.7559.132 Mobile Safari/537.36 (compatible; GoogleOther)"
66.249.77.193 - - [10/Feb/2026:20:25:49 +0200] "GET /n/bird50036868.html HTTP/1.1" 200 169995 "-" "Mozilla/5.0 (Linux; Android 6.0.1; Nexus 5X Build/MMB29P) AppleWebKit/537.36 (KHTML, like Gecko) Chrome/144.0.7559.132 Mobile Safari/537.36 (compatible; GoogleOther)"
40.77.167.156 - - [10/Feb/2026:20:27:24 +0200] "GET /wxcafe/e15111864707.shtm HTTP/1.1" 301 3662 "-" "Mozilla/5.0 AppleWebKit/537.36 (KHTML, like Gecko; compatible; bingbot/2.0; +http://www.bing.com/bingbot.htm) Chrome/116.0.1938.76 Safari/537.36"
66.249.77.195 - - [10/Feb/2026:20:27:35 +0200] "GET /n/take32593458.html HTTP/1.1" 200 169833 "-" "Mozilla/5.0 (Linux; Android 6.0.1; Nexus 5X Build/MMB29P) AppleWebKit/537.36 (KHTML, like Gecko) Chrome/144.0.7559.132 Mobile Safari/537.36 (compatible; GoogleOther)"
40.77.167.203 - - [10/Feb/2026:20:29:07 +0200] "GET /robots.txt HTTP/1.1" 200 3864 "-" "Mozilla/5.0 AppleWebKit/537.36 (KHTML, like Gecko; compatible; bingbot/2.0; +http://www.bing.com/bingbot.htm) Chrome/116.0.1938.76 Safari/537.36"
66.249.77.193 - - [10/Feb/2026:20:29:15 +0200] "GET /n/hands71972782.html HTTP/1.1" 200 169203 "-" "Mozilla/5.0 (Linux; Android 6.0.1; Nexus 5X Build/MMB29P) AppleWebKit/537.36 (KHTML, like Gecko) Chrome/144.0.7559.132 Mobile Safari/537.36 (compatible; GoogleOther)"
40.77.167.24 - - [10/Feb/2026:20:29:24 +0200] "GET /cvxtyt/u1221469346.html HTTP/1.1" 404 105912 "-" "Mozilla/5.0 AppleWebKit/537.36 (KHTML, like Gecko; compatible; bingbot/2.0; +http://www.bing.com/bingbot.htm) Chrome/116.0.1938.76 Safari/537.36"
66.249.77.194 - - [10/Feb/2026:20:30:10 +0200] "GET /n/chat81817423.html HTTP/1.1" 200 169429 "-" "Mozilla/5.0 (Linux; Android 6.0.1; Nexus 5X Build/MMB29P) AppleWebKit/537.36 (KHTML, like Gecko) Chrome/144.0.7559.132 Mobile Safari/537.36 (compatible; GoogleOther)"
66.249.77.194 - - [10/Feb/2026:20:30:55 +0200] "GET /n/afte71539998.html HTTP/1.1" 200 167672 "-" "Mozilla/5.0 (Linux; Android 6.0.1; Nexus 5X Build/MMB29P) AppleWebKit/537.36 (KHTML, like Gecko) Chrome/144.0.7559.132 Mobile Safari/537.36 (compatible; GoogleOther)"
66.249.68.128 - - [10/Feb/2026:20:31:00 +0200] "GET /?shop/pg/1SiteUse HTTP/1.1" 200 169937 "-" "Mozilla/5.0 (Linux; Android 6.0.1; Nexus 5X Build/MMB29P) AppleWebKit/537.36 (KHTML, like Gecko) Chrome/144.0.7559.132 Mobile Safari/537.36 (compatible; Googlebot/2.1; +http://www.google.com/bot.html)"
40.77.167.156 - - [10/Feb/2026:20:31:07 +0200] "GET /xcwvyb/w121892435.shtm HTTP/1.1" 301 3660 "-" "Mozilla/5.0 AppleWebKit/537.36 (KHTML, like Gecko; compatible; bingbot/2.0; +http://www.bing.com/bingbot.htm) Chrome/116.0.1938.76 Safari/537.36"
94.158.246.181 - - [10/Feb/2026:20:31:09 +0200] "POST /wp-cron.php?doing_wp_cron=1770748269.2125689983367919921875 HTTP/1.1" 200 3401 "-" "WordPress/6.9; https://iac.md"
40.77.167.70 - - [10/Feb/2026:20:32:10 +0200] "GET /czywwy/v15111725012.html HTTP/1.1" 404 105887 "-" "Mozilla/5.0 AppleWebKit/537.36 (KHTML, like Gecko; compatible; bingbot/2.0; +http://www.bing.com/bingbot.htm) Chrome/116.0.1938.76 Safari/537.36"
66.249.77.195 - - [10/Feb/2026:20:32:17 +0200] "GET /n/farew62679045.html HTTP/1.1" 200 169109 "-" "Mozilla/5.0 (Linux; Android 6.0.1; Nexus 5X Build/MMB29P) AppleWebKit/537.36 (KHTML, like Gecko) Chrome/144.0.7559.132 Mobile Safari/537.36 (compatible; GoogleOther)"
66.249.77.193 - - [10/Feb/2026:20:32:35 +0200] "GET /n/deaf81244591.html HTTP/1.1" 200 167771 "-" "Mozilla/5.0 (Linux; Android 6.0.1; Nexus 5X Build/MMB29P) AppleWebKit/537.36 (KHTML, like Gecko) Chrome/144.0.7559.132 Mobile Safari/537.36 (compatible; GoogleOther)"
66.249.77.193 - - [10/Feb/2026:20:34:15 +0200] "GET /n/dicta12117968.html HTTP/1.1" 200 167929 "-" "Mozilla/5.0 (Linux; Android 6.0.1; Nexus 5X Build/MMB29P) AppleWebKit/537.36 (KHTML, like Gecko) Chrome/144.0.7559.132 Mobile Safari/537.36 (compatible; GoogleOther)"
66.249.77.194 - - [10/Feb/2026:20:34:25 +0200] "GET /n/asham32406210.html HTTP/1.1" 200 169070 "-" "Mozilla/5.0 (Linux; Android 6.0.1; Nexus 5X Build/MMB29P) AppleWebKit/537.36 (KHTML, like Gecko) Chrome/144.0.7559.132 Mobile Safari/537.36 (compatible; GoogleOther)"
40.77.167.149 - - [10/Feb/2026:20:35:53 +0200] "GET /fyaxce/b1221486507.html HTTP/1.1" 404 105912 "-" "Mozilla/5.0 AppleWebKit/537.36 (KHTML, like Gecko; compatible; bingbot/2.0; +http://www.bing.com/bingbot.htm) Chrome/116.0.1938.76 Safari/537.36"
66.249.77.194 - - [10/Feb/2026:20:35:55 +0200] "GET /n/depth51295500.html HTTP/1.1" 200 168459 "-" "Mozilla/5.0 (Linux; Android 6.0.1; Nexus 5X Build/MMB29P) AppleWebKit/537.36 (KHTML, like Gecko) Chrome/144.0.7559.132 Mobile Safari/537.36 (compatible; GoogleOther)"
52.167.144.138 - - [10/Feb/2026:20:35:55 +0200] "GET /ywwywf/z1393753543.shtm HTTP/1.1" 301 3661 "-" "Mozilla/5.0 AppleWebKit/537.36 (KHTML, like Gecko; compatible; bingbot/2.0; +http://www.bing.com/bingbot.htm) Chrome/116.0.1938.76 Safari/537.36"
66.249.77.193 - - [10/Feb/2026:20:36:32 +0200] "GET /n/pea51351372.html HTTP/1.1" 200 168953 "-" "Mozilla/5.0 (Linux; Android 6.0.1; Nexus 5X Build/MMB29P) AppleWebKit/537.36 (KHTML, like Gecko) Chrome/144.0.7559.132 Mobile Safari/537.36 (compatible; GoogleOther)"
40.77.167.149 - - [10/Feb/2026:20:36:54 +0200] "GET /xxexwx/f1242445490.html HTTP/1.1" 404 105912 "-" "Mozilla/5.0 AppleWebKit/537.36 (KHTML, like Gecko; compatible; bingbot/2.0; +http://www.bing.com/bingbot.htm) Chrome/116.0.1938.76 Safari/537.36"
66.249.77.194 - - [10/Feb/2026:20:37:35 +0200] "GET /?toyu/top/CSfTop HTTP/1.1" 200 168681 "-" "Mozilla/5.0 (Linux; Android 6.0.1; Nexus 5X Build/MMB29P) AppleWebKit/537.36 (KHTML, like Gecko) Chrome/144.0.7559.132 Mobile Safari/537.36 (compatible; GoogleOther)"
74.208.174.68 - - [10/Feb/2026:20:37:51 +0200] "HEAD / HTTP/1.1" 200 3079 "https://iac.md/" "Mozilla/5.0 (Windows NT 10.0; Win64; x64) AppleWebKit/537.36 (KHTML, like Gecko) Chrome/91.0.4472.124 Safari/537.36"
74.208.174.68 - - [10/Feb/2026:20:37:54 +0200] "HEAD / HTTP/1.1" 200 3079 "https://iac.md/" "Mozilla/5.0 (Windows NT 10.0; Win64; x64) AppleWebKit/537.36 (KHTML, like Gecko) Chrome/91.0.4472.124 Safari/537.36"
74.208.174.68 - - [10/Feb/2026:20:37:55 +0200] "POST /wp-login.php HTTP/1.1" 200 13466 "https://www.google.com/" "Mozilla/5.0 (Windows NT 10.0; Win64; x64) AppleWebKit/537.36 (KHTML, like Gecko) Chrome/91.0.4472.124 Safari/537.36"
74.208.174.68 - - [10/Feb/2026:20:37:55 +0200] "POST /wp-login.php HTTP/1.1" 302 1410 "https://iac.md/wp-admin/" "Mozilla/5.0 (Windows NT 10.0; Win64; x64) AppleWebKit/537.36 (KHTML, like Gecko) Chrome/90.0.4430.85 Safari/537.36"
74.208.174.68 - - [10/Feb/2026:20:37:55 +0200] "GET /wp-admin/ HTTP/1.1" 200 167383 "https://iac.md/wp-admin/" "Mozilla/5.0 (Windows NT 10.0; Win64; x64) AppleWebKit/537.36 (KHTML, like Gecko) Chrome/90.0.4430.85 Safari/537.36"
74.208.174.68 - - [10/Feb/2026:20:37:58 +0200] "GET /wp-admin/ HTTP/1.1" 200 167111 "https://www.google.com/" "Mozilla/5.0 (Windows NT 10.0; Win64; x64) AppleWebKit/537.36 (KHTML, like Gecko) Chrome/91.0.4472.124 Safari/537.36"
74.208.174.68 - - [10/Feb/2026:20:37:59 +0200] "GET /wp-admin/plugin-install.php?tab=upload HTTP/1.1" 403 1152 "https://www.google.com/" "Mozilla/5.0 (Windows NT 10.0; Win64; x64) AppleWebKit/537.36 (KHTML, like Gecko) Chrome/91.0.4472.124 Safari/537.36"
74.208.174.68 - - [10/Feb/2026:20:37:59 +0200] "GET /wp-admin/ HTTP/1.1" 200 167111 "-" "Mozilla/5.0 (Windows NT 10.0; Win64; x64) AppleWebKit/537.36 (KHTML, like Gecko) Chrome/133.0.0.0 Safari/537.36"
74.208.174.68 - - [10/Feb/2026:20:38:01 +0200] "POST /wp-admin/admin-ajax.php HTTP/1.1" 200 913 "-" "Mozilla/5.0 (Windows NT 10.0; Win64; x64) AppleWebKit/537.36 (KHTML, like Gecko) Chrome/133.0.0.0 Safari/537.36"
74.208.174.68 - - [10/Feb/2026:20:38:09 +0200] "POST /wp-admin/admin-ajax.php HTTP/1.1" 200 996 "-" "Mozilla/5.0 (Windows NT 10.0; Win64; x64) AppleWebKit/537.36 (KHTML, like Gecko) Chrome/133.0.0.0 Safari/537.36"
74.208.174.68 - - [10/Feb/2026:20:38:10 +0200] "GET /wp-admin/plugins.php HTTP/1.1" 200 273907 "-" "Mozilla/5.0 (Windows NT 10.0; Win64; x64) AppleWebKit/537.36 (KHTML, like Gecko) Chrome/133.0.0.0 Safari/537.36"
74.208.174.68 - - [10/Feb/2026:20:38:13 +0200] "GET /wp-admin/plugins.php?action=activate&plugin=wp-file-manager%2Ffile_folder_manager.php&plugin_status=all&paged=1&s&_wpnonce=684ff4eb01 HTTP/1.1" 302 625 "-" "Mozilla/5.0 (Windows NT 10.0; Win64; x64) AppleWebKit/537.36 (KHTML, like Gecko) Chrome/133.0.0.0 Safari/537.36"
74.208.174.68 - - [10/Feb/2026:20:38:13 +0200] "GET /wp-admin/plugins.php?activate=true&plugin_status=all&paged=1&s= HTTP/1.1" 200 276835 "-" "Mozilla/5.0 (Windows NT 10.0; Win64; x64) AppleWebKit/537.36 (KHTML, like Gecko) Chrome/133.0.0.0 Safari/537.36"
74.208.174.68 - - [10/Feb/2026:20:38:14 +0200] "GET /wp-admin/admin.php?page=wp_file_manager HTTP/1.1" 200 151450 "https://www.google.com/" "Mozilla/5.0 (Windows NT 10.0; Win64; x64) AppleWebKit/537.36 (KHTML, like Gecko) Chrome/91.0.4472.124 Safari/537.36"
74.208.174.68 - - [10/Feb/2026:20:38:14 +0200] "POST /wp-admin/admin-ajax.php HTTP/1.1" 200 2209 "https://iac.md/wp-admin/admin.php?ssd" "Mozilla/5.0 (Windows NT 10.0; Win64; x64) AppleWebKit/537.36 (KHTML, like Gecko) Chrome/133.0.0.0 Safari/537.36"
74.208.174.68 - - [10/Feb/2026:20:38:15 +0200] "GET /qedye.php HTTP/1.1" 403 4232 "https://www.google.com/" "Mozilla/5.0 (Windows NT 10.0; Win64; x64) AppleWebKit/537.36 (KHTML, like Gecko) Chrome/91.0.4472.124 Safari/537.36"
74.208.174.68 - - [10/Feb/2026:20:38:16 +0200] "GET /wp-admin/theme-install.php?tab=upload HTTP/1.1" 403 1152 "https://www.google.com/" "Mozilla/5.0 (Windows NT 10.0; Win64; x64) AppleWebKit/537.36 (KHTML, like Gecko) Chrome/91.0.4472.124 Safari/537.36"
74.208.174.68 - - [10/Feb/2026:20:38:16 +0200] "GET /wp-admin/ HTTP/1.1" 200 169677 "-" "Mozilla/5.0 (Windows NT 10.0; Win64; x64) AppleWebKit/537.36 (KHTML, like Gecko) Chrome/133.0.0.0 Safari/537.36"
74.208.174.68 - - [10/Feb/2026:20:38:17 +0200] "GET /wp-admin/plugin-editor.php?plugin=wp-file-manager%2Ffile_folder_manager.php&Submit=Select HTTP/1.1" 200 508798 "-" "Mozilla/5.0 (Windows NT 10.0; Win64; x64) AppleWebKit/537.36 (KHTML, like Gecko) Chrome/133.0.0.0 Safari/537.36"
94.158.246.181 - - [10/Feb/2026:20:38:22 +0200] "GET /wp-admin/plugin-editor.php?plugin=wp-file-manager%2Ffile_folder_manager.php&file=wp-file-manager%2Ffile_folder_manager.php&wp_scrape_key=f7b92e1639521e41c330d89ce3213d6f&wp_scrape_nonce=407045169 HTTP/1.1" 200 173341 "-" "WordPress/6.9; https://iac.md"
94.158.246.181 - - [10/Feb/2026:20:38:24 +0200] "GET /?wp_scrape_key=f7b92e1639521e41c330d89ce3213d6f&wp_scrape_nonce=407045169 HTTP/1.1" 200 58127 "-" "WordPress/6.9; https://iac.md"
74.208.174.68 - - [10/Feb/2026:20:38:18 +0200] "POST /wp-admin/admin-ajax.php HTTP/1.1" 200 748 "-" "Mozilla/5.0 (Windows NT 10.0; Win64; x64) AppleWebKit/537.36 (KHTML, like Gecko) Chrome/133.0.0.0 Safari/537.36"
74.208.174.68 - - [10/Feb/2026:20:38:24 +0200] "GET /wp-content/plugins/wp-file-manager/file_folder_manager.php HTTP/1.1" 403 4232 "https://www.google.com/" "Mozilla/5.0 (Windows NT 10.0; Win64; x64) AppleWebKit/537.36 (KHTML, like Gecko) Chrome/91.0.4472.124 Safari/537.36"
74.208.174.68 - - [10/Feb/2026:20:38:25 +0200] "POST /wp-admin/admin-ajax.php HTTP/1.1" 200 170150 "https://iac.md/wp-admin/plugin-editor.php" "Mozilla/5.0 (Windows NT 10.0; Win64; x64) AppleWebKit/537.36 (KHTML, like Gecko) Chrome/138.0.0.0 Safari/537.36"
74.208.174.68 - - [10/Feb/2026:20:38:25 +0200] "GET /wp-admin/plugin-editor.php HTTP/1.1" 200 170150 "https://iac.md/wp-admin/plugin-editor.php" "Mozilla/5.0 (Windows NT 10.0; Win64; x64) AppleWebKit/537.36 (KHTML, like Gecko) Chrome/138.0.0.0 Safari/537.36"
66.249.77.193 - - [10/Feb/2026:20:38:40 +0200] "GET /n/prett71960582.html HTTP/1.1" 200 168360 "-" "Mozilla/5.0 (Linux; Android 6.0.1; Nexus 5X Build/MMB29P) AppleWebKit/537.36 (KHTML, like Gecko) Chrome/144.0.7559.132 Mobile Safari/537.36 (compatible; GoogleOther)"
66.249.77.194 - - [10/Feb/2026:20:39:15 +0200] "GET /n/rage10979768.html HTTP/1.1" 200 170806 "-" "Mozilla/5.0 (Linux; Android 6.0.1; Nexus 5X Build/MMB29P) AppleWebKit/537.36 (KHTML, like Gecko) Chrome/144.0.7559.132 Mobile Safari/537.36 (compatible; GoogleOther)"
66.249.77.193 - - [10/Feb/2026:20:39:31 +0200] "GET /?shop/order/make_estimate?locker_flg=true HTTP/1.1" 200 169043 "-" "Mozilla/5.0 (Linux; Android 6.0.1; Nexus 5X Build/MMB29P) AppleWebKit/537.36 (KHTML, like Gecko) Chrome/144.0.7559.132 Mobile Safari/537.36 (compatible; Googlebot/2.1; +http://www.google.com/bot.html)"
66.249.77.193 - - [10/Feb/2026:20:40:47 +0200] "GET /n/name80669239.html HTTP/1.1" 200 168482 "-" "Mozilla/5.0 (Linux; Android 6.0.1; Nexus 5X Build/MMB29P) AppleWebKit/537.36 (KHTML, like Gecko) Chrome/144.0.7559.132 Mobile Safari/537.36 (compatible; GoogleOther)"
66.249.77.193 - - [10/Feb/2026:20:40:55 +0200] "GET /n/exhau20293857.html HTTP/1.1" 200 168470 "-" "Mozilla/5.0 (Linux; Android 6.0.1; Nexus 5X Build/MMB29P) AppleWebKit/537.36 (KHTML, like Gecko) Chrome/144.0.7559.132 Mobile Safari/537.36 (compatible; GoogleOther)"
66.249.77.195 - - [10/Feb/2026:20:42:35 +0200] "GET /n/lette72808246.html HTTP/1.1" 200 170382 "-" "Mozilla/5.0 (Linux; Android 6.0.1; Nexus 5X Build/MMB29P) AppleWebKit/537.36 (KHTML, like Gecko) Chrome/144.0.7559.132 Mobile Safari/537.36 (compatible; GoogleOther)"
66.249.77.194 - - [10/Feb/2026:20:42:55 +0200] "GET /n/centr70180118.html HTTP/1.1" 200 169789 "-" "Mozilla/5.0 (Linux; Android 6.0.1; Nexus 5X Build/MMB29P) AppleWebKit/537.36 (KHTML, like Gecko) Chrome/144.0.7559.132 Mobile Safari/537.36 (compatible; GoogleOther)"
66.249.77.193 - - [10/Feb/2026:20:44:15 +0200] "GET /n/hero31241802.html HTTP/1.1" 200 168613 "-" "Mozilla/5.0 (Linux; Android 6.0.1; Nexus 5X Build/MMB29P) AppleWebKit/537.36 (KHTML, like Gecko) Chrome/144.0.7559.132 Mobile Safari/537.36 (compatible; GoogleOther)"
66.249.77.195 - - [10/Feb/2026:20:45:02 +0200] "GET /n/summe72557478.html HTTP/1.1" 200 168373 "-" "Mozilla/5.0 (Linux; Android 6.0.1; Nexus 5X Build/MMB29P) AppleWebKit/537.36 (KHTML, like Gecko) Chrome/144.0.7559.132 Mobile Safari/537.36 (compatible; GoogleOther)"
66.249.77.193 - - [10/Feb/2026:20:45:55 +0200] "GET /n/manly32283354.html HTTP/1.1" 200 168441 "-" "Mozilla/5.0 (Linux; Android 6.0.1; Nexus 5X Build/MMB29P) AppleWebKit/537.36 (KHTML, like Gecko) Chrome/144.0.7559.132 Mobile Safari/537.36 (compatible; GoogleOther)"
66.249.77.194 - - [10/Feb/2026:20:47:10 +0200] "GET /n/decem10085096.html HTTP/1.1" 200 167941 "-" "Mozilla/5.0 (Linux; Android 6.0.1; Nexus 5X Build/MMB29P) AppleWebKit/537.36 (KHTML, like Gecko) Chrome/144.0.7559.132 Mobile Safari/537.36 (compatible; GoogleOther)"
66.249.77.193 - - [10/Feb/2026:20:47:35 +0200] "GET /n/fund42677995.html HTTP/1.1" 200 169353 "-" "Mozilla/5.0 (Linux; Android 6.0.1; Nexus 5X Build/MMB29P) AppleWebKit/537.36 (KHTML, like Gecko) Chrome/144.0.7559.132 Mobile Safari/537.36 (compatible; GoogleOther)"
66.249.77.194 - - [10/Feb/2026:20:49:15 +0200] "GET /n/endle12870888.html HTTP/1.1" 200 169036 "-" "Mozilla/5.0 (Linux; Android 6.0.1; Nexus 5X Build/MMB29P) AppleWebKit/537.36 (KHTML, like Gecko) Chrome/144.0.7559.132 Mobile Safari/537.36 (compatible; GoogleOther)"
66.249.77.194 - - [10/Feb/2026:20:49:21 +0200] "GET /n/patch82914503.html HTTP/1.1" 200 165237 "-" "Mozilla/5.0 (Linux; Android 6.0.1; Nexus 5X Build/MMB29P) AppleWebKit/537.36 (KHTML, like Gecko) Chrome/144.0.7559.132 Mobile Safari/537.36 (compatible; GoogleOther)"
66.249.77.193 - - [10/Feb/2026:20:50:55 +0200] "GET /n/sent61343917.html HTTP/1.1" 200 169164 "-" "Mozilla/5.0 (Linux; Android 6.0.1; Nexus 5X Build/MMB29P) AppleWebKit/537.36 (KHTML, like Gecko) Chrome/144.0.7559.132 Mobile Safari/537.36 (compatible; GoogleOther)"
66.249.77.193 - - [10/Feb/2026:20:51:25 +0200] "GET /n/sleep52012932.html HTTP/1.1" 200 169204 "-" "Mozilla/5.0 (Linux; Android 6.0.1; Nexus 5X Build/MMB29P) AppleWebKit/537.36 (KHTML, like Gecko) Chrome/144.0.7559.132 Mobile Safari/537.36 (compatible; GoogleOther)"
66.249.77.194 - - [10/Feb/2026:20:52:35 +0200] "GET /n/thund12607504.html HTTP/1.1" 200 171272 "-" "Mozilla/5.0 (Linux; Android 6.0.1; Nexus 5X Build/MMB29P) AppleWebKit/537.36 (KHTML, like Gecko) Chrome/144.0.7559.132 Mobile Safari/537.36 (compatible; GoogleOther)"
66.249.77.195 - - [10/Feb/2026:20:53:33 +0200] "GET /n/troub52840836.html HTTP/1.1" 200 170736 "-" "Mozilla/5.0 (Linux; Android 6.0.1; Nexus 5X Build/MMB29P) AppleWebKit/537.36 (KHTML, like Gecko) Chrome/144.0.7559.132 Mobile Safari/537.36 (compatible; GoogleOther)"
66.249.77.193 - - [10/Feb/2026:20:54:15 +0200] "GET /n/dilig12482360.html HTTP/1.1" 200 168412 "-" "Mozilla/5.0 (Linux; Android 6.0.1; Nexus 5X Build/MMB29P) AppleWebKit/537.36 (KHTML, like Gecko) Chrome/144.0.7559.132 Mobile Safari/537.36 (compatible; GoogleOther)"
52.34.181.74 - - [10/Feb/2026:20:57:41 +0200] "GET / HTTP/1.1" 200 58195 "-" "Mozilla/5.0 (iPhone; CPU iPhone OS 14_6 like Mac OS X) AppleWebKit/605.1.15 (KHTML, like Gecko) Version/14.0.3 Mobile/15E148 Safari/604.1"
52.34.181.74 - - [10/Feb/2026:20:57:43 +0200] "GET /favicon.ico HTTP/1.1" 200 55041 "https://iac.md/" "Mozilla/5.0 (iPhone; CPU iPhone OS 14_6 like Mac OS X) AppleWebKit/605.1.15 (KHTML, like Gecko) Version/14.0.3 Mobile/15E148 Safari/604.1"
52.167.144.160 - - [10/Feb/2026:20:57:48 +0200] "GET /zvwxud/a1059047320.shtm HTTP/1.1" 200 58260 "-" "Mozilla/5.0 AppleWebKit/537.36 (KHTML, like Gecko; compatible; bingbot/2.0; +http://www.bing.com/bingbot.htm) Chrome/116.0.1938.76 Safari/537.36"
40.77.167.71 - - [10/Feb/2026:21:00:28 +0200] "GET /wwwdzb/x1069730312.html HTTP/1.1" 200 58244 "-" "Mozilla/5.0 AppleWebKit/537.36 (KHTML, like Gecko; compatible; bingbot/2.0; +http://www.bing.com/bingbot.htm) Chrome/116.0.1938.76 Safari/537.36"
66.249.77.195 - - [10/Feb/2026:21:02:35 +0200] "GET /n/fluid52626828.html HTTP/1.1" 200 169177 "-" "Mozilla/5.0 (Linux; Android 6.0.1; Nexus 5X Build/MMB29P) AppleWebKit/537.36 (KHTML, like Gecko) Chrome/144.0.7559.132 Mobile Safari/537.36 (compatible; GoogleOther)"
66.249.77.194 - - [10/Feb/2026:21:03:47 +0200] "GET /?shop/order/make_estimate HTTP/1.1" 200 168745 "-" "Mozilla/5.0 (Linux; Android 6.0.1; Nexus 5X Build/MMB29P) AppleWebKit/537.36 (KHTML, like Gecko) Chrome/144.0.7559.132 Mobile Safari/537.36 (compatible; Googlebot/2.1; +http://www.google.com/bot.html)"
66.249.77.193 - - [10/Feb/2026:21:04:10 +0200] "GET /n/miss80448375.html HTTP/1.1" 200 167511 "-" "Mozilla/5.0 (Linux; Android 6.0.1; Nexus 5X Build/MMB29P) AppleWebKit/537.36 (KHTML, like Gecko) Chrome/144.0.7559.132 Mobile Safari/537.36 (compatible; GoogleOther)"
66.249.77.193 - - [10/Feb/2026:21:04:19 +0200] "GET /n/lover10090736.html HTTP/1.1" 200 167689 "-" "Mozilla/5.0 (Linux; Android 6.0.1; Nexus 5X Build/MMB29P) AppleWebKit/537.36 (KHTML, like Gecko) Chrome/144.0.7559.132 Mobile Safari/537.36 (compatible; GoogleOther)"
52.167.144.158 - - [10/Feb/2026:21:04:37 +0200] "GET /azyaze/c1252715433.shtm HTTP/1.1" 200 58260 "-" "Mozilla/5.0 AppleWebKit/537.36 (KHTML, like Gecko; compatible; bingbot/2.0; +http://www.bing.com/bingbot.htm) Chrome/116.0.1938.76 Safari/537.36"
66.249.77.194 - - [10/Feb/2026:21:05:55 +0200] "GET /n/wides21993977.html HTTP/1.1" 200 169229 "-" "Mozilla/5.0 (Linux; Android 6.0.1; Nexus 5X Build/MMB29P) AppleWebKit/537.36 (KHTML, like Gecko) Chrome/144.0.7559.132 Mobile Safari/537.36 (compatible; GoogleOther)"
66.249.77.195 - - [10/Feb/2026:21:06:17 +0200] "GET /n/hire41182003.html HTTP/1.1" 200 170898 "-" "Mozilla/5.0 (Linux; Android 6.0.1; Nexus 5X Build/MMB29P) AppleWebKit/537.36 (KHTML, like Gecko) Chrome/144.0.7559.132 Mobile Safari/537.36 (compatible; GoogleOther)"
66.249.77.193 - - [10/Feb/2026:21:07:30 +0200] "GET /?shop/pg/1SiteUse/ HTTP/1.1" 200 168402 "-" "Mozilla/5.0 (Linux; Android 6.0.1; Nexus 5X Build/MMB29P) AppleWebKit/537.36 (KHTML, like Gecko) Chrome/144.0.7559.132 Mobile Safari/537.36 (compatible; Googlebot/2.1; +http://www.google.com/bot.html)"
66.249.77.194 - - [10/Feb/2026:21:07:35 +0200] "GET /n/attit51237444.html HTTP/1.1" 200 173170 "-" "Mozilla/5.0 (Linux; Android 6.0.1; Nexus 5X Build/MMB29P) AppleWebKit/537.36 (KHTML, like Gecko) Chrome/144.0.7559.132 Mobile Safari/537.36 (compatible; GoogleOther)"
66.249.77.195 - - [10/Feb/2026:21:08:25 +0200] "GET /n/ugly32988578.html HTTP/1.1" 200 169772 "-" "Mozilla/5.0 (Linux; Android 6.0.1; Nexus 5X Build/MMB29P) AppleWebKit/537.36 (KHTML, like Gecko) Chrome/144.0.7559.132 Mobile Safari/537.36 (compatible; GoogleOther)"
66.249.77.195 - - [10/Feb/2026:21:09:15 +0200] "GET /n/click60363653.html HTTP/1.1" 200 167407 "-" "Mozilla/5.0 (Linux; Android 6.0.1; Nexus 5X Build/MMB29P) AppleWebKit/537.36 (KHTML, like Gecko) Chrome/144.0.7559.132 Mobile Safari/537.36 (compatible; GoogleOther)"
40.77.167.151 - - [10/Feb/2026:21:09:38 +0200] "GET /evbawe/a10810683927.shtm HTTP/1.1" 200 58244 "-" "Mozilla/5.0 AppleWebKit/537.36 (KHTML, like Gecko; compatible; bingbot/2.0; +http://www.bing.com/bingbot.htm) Chrome/116.0.1938.76 Safari/537.36"
66.249.77.195 - - [10/Feb/2026:21:10:32 +0200] "GET /n/plast82728671.html HTTP/1.1" 200 168829 "-" "Mozilla/5.0 (Linux; Android 6.0.1; Nexus 5X Build/MMB29P) AppleWebKit/537.36 (KHTML, like Gecko) Chrome/144.0.7559.132 Mobile Safari/537.36 (compatible; GoogleOther)"
