216.73.216.169 - - [11/Feb/2026:03:30:23 +0200] "GET /?fileloc=%2Fvar%2Fwww%2Fvhosts%2Fiac.md%2F.ssh%2Fid_rsa.pub&path=%2Fvar%2Fwww%2Fvhosts%2Fiac.md%2F.ssh HTTP/1.1" 200 13420 "-" "Mozilla/5.0 AppleWebKit/537.36 (KHTML, like Gecko; compatible; ClaudeBot/1.0; +claudebot@anthropic.com)"
74.7.243.210 - - [11/Feb/2026:03:30:24 +0200] "GET /?fileloc=/var/www/vhosts/iac.md/httpdocs/wp-includes/sitemaps.php&path=/var/www/vhosts/iac.md/httpdocs/wp-includes HTTP/1.1" 200 16193 "https://iac.md/?path=/var/www/vhosts/iac.md/httpdocs/wp-includes" "Mozilla/5.0 AppleWebKit/537.36 (KHTML, like Gecko; compatible; GPTBot/1.3; +https://openai.com/gptbot)"
216.73.216.169 - - [11/Feb/2026:03:30:26 +0200] "GET /?fileloc=%2Fvar%2Fwww%2Fvhosts%2Fiac.md%2F.ssh%2Fid_rsa&path=%2Fvar%2Fwww%2Fvhosts%2Fiac.md%2F.ssh HTTP/1.1" 200 15960 "-" "Mozilla/5.0 AppleWebKit/537.36 (KHTML, like Gecko; compatible; ClaudeBot/1.0; +claudebot@anthropic.com)"
74.7.243.210 - - [11/Feb/2026:03:30:27 +0200] "GET /?fileloc=/var/www/vhosts/iac.md/httpdocs/wp-includes/Requests/src/Exception/Http/.htaccess&path=/var/www/vhosts/iac.md/httpdocs/wp-includes/Requests/src/Exception/Http HTTP/1.1" 200 13329 "https://iac.md/?path=/var/www/vhosts/iac.md/httpdocs/wp-includes/Requests/src/Exception/Http" "Mozilla/5.0 AppleWebKit/537.36 (KHTML, like Gecko; compatible; GPTBot/1.3; +https://openai.com/gptbot)"
216.73.216.169 - - [11/Feb/2026:03:30:29 +0200] "GET /?fileloc=%2Fvar%2Fwww%2Fvhosts%2Fiac.md%2Fhttpdocs%2Fwp-admin%2Fjs%2Fsite-health.min.js&path=%2Fvar%2Fwww%2Fvhosts%2Fiac.md%2Fhttpdocs%2Fwp-admin%2Fjs HTTP/1.1" 200 20732 "-" "Mozilla/5.0 AppleWebKit/537.36 (KHTML, like Gecko; compatible; ClaudeBot/1.0; +claudebot@anthropic.com)"
74.7.243.210 - - [11/Feb/2026:03:30:30 +0200] "GET /?fileloc=/var/www/vhosts/iac.md/httpdocs/wp-includes/Requests/src/Exception/Http/Status418.php&path=/var/www/vhosts/iac.md/httpdocs/wp-includes/Requests/src/Exception/Http HTTP/1.1" 200 13768 "https://iac.md/?path=/var/www/vhosts/iac.md/httpdocs/wp-includes/Requests/src/Exception/Http" "Mozilla/5.0 AppleWebKit/537.36 (KHTML, like Gecko; compatible; GPTBot/1.3; +https://openai.com/gptbot)"
66.249.77.193 - - [11/Feb/2026:03:30:29 +0200] "GET /n/beef41656723.html HTTP/1.1" 200 169206 "-" "Mozilla/5.0 (Linux; Android 6.0.1; Nexus 5X Build/MMB29P) AppleWebKit/537.36 (KHTML, like Gecko) Chrome/144.0.7559.132 Mobile Safari/537.36 (compatible; GoogleOther)"
216.73.216.169 - - [11/Feb/2026:03:30:32 +0200] "GET /?fileloc=%2Fvar%2Fwww%2Fvhosts%2Fiac.md%2Fhttpdocs%2Fwp-admin%2Fjs%2Fsite-health.js&path=%2Fvar%2Fwww%2Fvhosts%2Fiac.md%2Fhttpdocs%2Fwp-admin%2Fjs HTTP/1.1" 200 28140 "-" "Mozilla/5.0 AppleWebKit/537.36 (KHTML, like Gecko; compatible; ClaudeBot/1.0; +claudebot@anthropic.com)"
74.7.243.210 - - [11/Feb/2026:03:30:34 +0200] "GET /?fileloc=/var/www/vhosts/iac.md/httpdocs/wp-includes/Requests/src/Exception/Http/Status413.php&path=/var/www/vhosts/iac.md/httpdocs/wp-includes/Requests/src/Exception/Http HTTP/1.1" 200 13693 "https://iac.md/?path=/var/www/vhosts/iac.md/httpdocs/wp-includes/Requests/src/Exception/Http" "Mozilla/5.0 AppleWebKit/537.36 (KHTML, like Gecko; compatible; GPTBot/1.3; +https://openai.com/gptbot)"
216.73.216.169 - - [11/Feb/2026:03:30:35 +0200] "GET /?fileloc=%2Fvar%2Fwww%2Fvhosts%2Fiac.md%2Fhttpdocs%2Fwp-admin%2Fjs%2Finline-edit-tax.min.js&path=%2Fvar%2Fwww%2Fvhosts%2Fiac.md%2Fhttpdocs%2Fwp-admin%2Fjs HTTP/1.1" 200 16878 "-" "Mozilla/5.0 AppleWebKit/537.36 (KHTML, like Gecko; compatible; ClaudeBot/1.0; +claudebot@anthropic.com)"
74.7.243.210 - - [11/Feb/2026:03:30:37 +0200] "GET /?fileloc=/var/www/vhosts/iac.md/httpdocs/wp-includes/Requests/src/Exception/Http/Status405.php&path=/var/www/vhosts/iac.md/httpdocs/wp-includes/Requests/src/Exception/Http HTTP/1.1" 200 13675 "https://iac.md/?path=/var/www/vhosts/iac.md/httpdocs/wp-includes/Requests/src/Exception/Http" "Mozilla/5.0 AppleWebKit/537.36 (KHTML, like Gecko; compatible; GPTBot/1.3; +https://openai.com/gptbot)"
216.73.216.169 - - [11/Feb/2026:03:30:38 +0200] "GET /?fileloc=%2Fvar%2Fwww%2Fvhosts%2Fiac.md%2Fhttpdocs%2Fwp-admin%2Fjs%2Faccordion.min.js&path=%2Fvar%2Fwww%2Fvhosts%2Fiac.md%2Fhttpdocs%2Fwp-admin%2Fjs HTTP/1.1" 200 13839 "-" "Mozilla/5.0 AppleWebKit/537.36 (KHTML, like Gecko; compatible; ClaudeBot/1.0; +claudebot@anthropic.com)"
74.7.243.210 - - [11/Feb/2026:03:30:40 +0200] "GET /?fileloc=/var/www/vhosts/iac.md/httpdocs/wp-includes/Requests/src/Exception/Http/Status500.php&path=/var/www/vhosts/iac.md/httpdocs/wp-includes/Requests/src/Exception/Http HTTP/1.1" 200 13684 "https://iac.md/?path=/var/www/vhosts/iac.md/httpdocs/wp-includes/Requests/src/Exception/Http" "Mozilla/5.0 AppleWebKit/537.36 (KHTML, like Gecko; compatible; GPTBot/1.3; +https://openai.com/gptbot)"
74.7.243.210 - - [11/Feb/2026:03:30:43 +0200] "GET /?fileloc=/var/www/vhosts/iac.md/httpdocs/wp-includes/Requests/src/Exception/Http/Status502.php&path=/var/www/vhosts/iac.md/httpdocs/wp-includes/Requests/src/Exception/Http HTTP/1.1" 200 13654 "https://iac.md/?path=/var/www/vhosts/iac.md/httpdocs/wp-includes/Requests/src/Exception/Http" "Mozilla/5.0 AppleWebKit/537.36 (KHTML, like Gecko; compatible; GPTBot/1.3; +https://openai.com/gptbot)"
216.73.216.169 - - [11/Feb/2026:03:30:44 +0200] "GET /?fileloc=%2Fvar%2Fwww%2Fvhosts%2Fiac.md%2Flogs%2Ferror_log.1.gz&path=%2Fvar%2Fwww%2Fvhosts%2Fiac.md%2Flogs HTTP/1.1" 200 18423 "-" "Mozilla/5.0 AppleWebKit/537.36 (KHTML, like Gecko; compatible; ClaudeBot/1.0; +claudebot@anthropic.com)"
74.7.243.210 - - [11/Feb/2026:03:30:46 +0200] "GET /?fileloc=/var/www/vhosts/iac.md/httpdocs/wp-includes/Requests/src/Exception/Http/Status401.php&path=/var/www/vhosts/iac.md/httpdocs/wp-includes/Requests/src/Exception/Http HTTP/1.1" 200 13657 "https://iac.md/?path=/var/www/vhosts/iac.md/httpdocs/wp-includes/Requests/src/Exception/Http" "Mozilla/5.0 AppleWebKit/537.36 (KHTML, like Gecko; compatible; GPTBot/1.3; +https://openai.com/gptbot)"
216.73.216.169 - - [11/Feb/2026:03:30:47 +0200] "GET /?fileloc=%2Fvar%2Fwww%2Fvhosts%2Fiac.md%2Flogs%2F.htaccess&path=%2Fvar%2Fwww%2Fvhosts%2Fiac.md%2Flogs HTTP/1.1" 200 12904 "-" "Mozilla/5.0 AppleWebKit/537.36 (KHTML, like Gecko; compatible; ClaudeBot/1.0; +claudebot@anthropic.com)"
74.7.243.210 - - [11/Feb/2026:03:30:49 +0200] "GET /?fileloc=/var/www/vhosts/iac.md/httpdocs/wp-includes/Requests/src/Exception/Http/Status403.php&path=/var/www/vhosts/iac.md/httpdocs/wp-includes/Requests/src/Exception/Http HTTP/1.1" 200 13648 "https://iac.md/?path=/var/www/vhosts/iac.md/httpdocs/wp-includes/Requests/src/Exception/Http" "Mozilla/5.0 AppleWebKit/537.36 (KHTML, like Gecko; compatible; GPTBot/1.3; +https://openai.com/gptbot)"
216.73.216.169 - - [11/Feb/2026:03:30:50 +0200] "GET /?fileloc=%2Fvar%2Fwww%2Fvhosts%2Fiac.md%2Flogs%2Ferror_log.6.gz&path=%2Fvar%2Fwww%2Fvhosts%2Fiac.md%2Flogs HTTP/1.1" 200 14882 "-" "Mozilla/5.0 AppleWebKit/537.36 (KHTML, like Gecko; compatible; ClaudeBot/1.0; +claudebot@anthropic.com)"
74.7.243.210 - - [11/Feb/2026:03:30:52 +0200] "GET /?fileloc=/var/www/vhosts/iac.md/httpdocs/wp-includes/Requests/src/Exception/Http/Status503.php&path=/var/www/vhosts/iac.md/httpdocs/wp-includes/Requests/src/Exception/Http HTTP/1.1" 200 13678 "https://iac.md/?path=/var/www/vhosts/iac.md/httpdocs/wp-includes/Requests/src/Exception/Http" "Mozilla/5.0 AppleWebKit/537.36 (KHTML, like Gecko; compatible; GPTBot/1.3; +https://openai.com/gptbot)"
216.73.216.169 - - [11/Feb/2026:03:30:53 +0200] "GET /?fileloc=%2Fvar%2Fwww%2Fvhosts%2Fiac.md%2Flogs%2Ferror_log.5.gz&path=%2Fvar%2Fwww%2Fvhosts%2Fiac.md%2Flogs HTTP/1.1" 200 20333 "-" "Mozilla/5.0 AppleWebKit/537.36 (KHTML, like Gecko; compatible; ClaudeBot/1.0; +claudebot@anthropic.com)"
74.7.243.210 - - [11/Feb/2026:03:30:55 +0200] "GET /?fileloc=/var/www/vhosts/iac.md/httpdocs/wp-includes/Requests/src/Exception/Http/Status411.php&path=/var/www/vhosts/iac.md/httpdocs/wp-includes/Requests/src/Exception/Http HTTP/1.1" 200 13666 "https://iac.md/?path=/var/www/vhosts/iac.md/httpdocs/wp-includes/Requests/src/Exception/Http" "Mozilla/5.0 AppleWebKit/537.36 (KHTML, like Gecko; compatible; GPTBot/1.3; +https://openai.com/gptbot)"
216.73.216.169 - - [11/Feb/2026:03:30:56 +0200] "GET /?fileloc=%2Fvar%2Fwww%2Fvhosts%2Fiac.md%2Flogs%2Faccess_log&path=%2Fvar%2Fwww%2Fvhosts%2Fiac.md%2Flogs HTTP/1.1" 200 50921 "-" "Mozilla/5.0 AppleWebKit/537.36 (KHTML, like Gecko; compatible; ClaudeBot/1.0; +claudebot@anthropic.com)"
74.7.243.210 - - [11/Feb/2026:03:30:59 +0200] "GET /?fileloc=/var/www/vhosts/iac.md/httpdocs/wp-includes/Requests/src/Exception/Http/Status414.php&path=/var/www/vhosts/iac.md/httpdocs/wp-includes/Requests/src/Exception/Http HTTP/1.1" 200 13684 "https://iac.md/?path=/var/www/vhosts/iac.md/httpdocs/wp-includes/Requests/src/Exception/Http" "Mozilla/5.0 AppleWebKit/537.36 (KHTML, like Gecko; compatible; GPTBot/1.3; +https://openai.com/gptbot)"
216.73.216.169 - - [11/Feb/2026:03:30:59 +0200] "GET /?fileloc=%2Fvar%2Fwww%2Fvhosts%2Fiac.md%2Flogs%2Ferror_log.7.gz&path=%2Fvar%2Fwww%2Fvhosts%2Fiac.md%2Flogs HTTP/1.1" 200 15290 "-" "Mozilla/5.0 AppleWebKit/537.36 (KHTML, like Gecko; compatible; ClaudeBot/1.0; +claudebot@anthropic.com)"
74.7.243.210 - - [11/Feb/2026:03:31:02 +0200] "GET /?fileloc=/var/www/vhosts/iac.md/httpdocs/wp-includes/Requests/src/Exception/Http/Status511.php&path=/var/www/vhosts/iac.md/httpdocs/wp-includes/Requests/src/Exception/Http HTTP/1.1" 200 13810 "https://iac.md/?path=/var/www/vhosts/iac.md/httpdocs/wp-includes/Requests/src/Exception/Http" "Mozilla/5.0 AppleWebKit/537.36 (KHTML, like Gecko; compatible; GPTBot/1.3; +https://openai.com/gptbot)"
216.73.216.169 - - [11/Feb/2026:03:31:02 +0200] "GET /?fileloc=%2Fvar%2Fwww%2Fvhosts%2Fiac.md%2Flogs%2Ferror_log.4.gz&path=%2Fvar%2Fwww%2Fvhosts%2Fiac.md%2Flogs HTTP/1.1" 200 14234 "-" "Mozilla/5.0 AppleWebKit/537.36 (KHTML, like Gecko; compatible; ClaudeBot/1.0; +claudebot@anthropic.com)"
216.73.216.169 - - [11/Feb/2026:03:31:05 +0200] "GET /?fileloc=%2Fvar%2Fwww%2Fvhosts%2Fiac.md%2Flogs%2Faccess_ssl_log&path=%2Fvar%2Fwww%2Fvhosts%2Fiac.md%2Flogs HTTP/1.1" 200 2113079 "-" "Mozilla/5.0 AppleWebKit/537.36 (KHTML, like Gecko; compatible; ClaudeBot/1.0; +claudebot@anthropic.com)"
74.7.243.210 - - [11/Feb/2026:03:31:05 +0200] "GET /?fileloc=/var/www/vhosts/iac.md/httpdocs/wp-includes/Requests/src/Exception/Http/Status305.php&path=/var/www/vhosts/iac.md/httpdocs/wp-includes/Requests/src/Exception/Http HTTP/1.1" 200 13648 "https://iac.md/?path=/var/www/vhosts/iac.md/httpdocs/wp-includes/Requests/src/Exception/Http" "Mozilla/5.0 AppleWebKit/537.36 (KHTML, like Gecko; compatible; GPTBot/1.3; +https://openai.com/gptbot)"
216.73.216.169 - - [11/Feb/2026:03:31:08 +0200] "GET /?fileloc=%2Fvar%2Fwww%2Fvhosts%2Fiac.md%2Flogs%2Ferror_log.3.gz&path=%2Fvar%2Fwww%2Fvhosts%2Fiac.md%2Flogs HTTP/1.1" 200 14634 "-" "Mozilla/5.0 AppleWebKit/537.36 (KHTML, like Gecko; compatible; ClaudeBot/1.0; +claudebot@anthropic.com)"
74.7.243.210 - - [11/Feb/2026:03:31:08 +0200] "GET /?fileloc=/var/www/vhosts/iac.md/httpdocs/wp-includes/Requests/src/Exception/Http/Status501.php&path=/var/www/vhosts/iac.md/httpdocs/wp-includes/Requests/src/Exception/Http HTTP/1.1" 200 13666 "https://iac.md/?path=/var/www/vhosts/iac.md/httpdocs/wp-includes/Requests/src/Exception/Http" "Mozilla/5.0 AppleWebKit/537.36 (KHTML, like Gecko; compatible; GPTBot/1.3; +https://openai.com/gptbot)"
66.249.77.194 - - [11/Feb/2026:03:31:09 +0200] "GET /n/devel11668808.html HTTP/1.1" 200 169307 "-" "Mozilla/5.0 (Linux; Android 6.0.1; Nexus 5X Build/MMB29P) AppleWebKit/537.36 (KHTML, like Gecko) Chrome/144.0.7559.132 Mobile Safari/537.36 (compatible; GoogleOther)"
216.73.216.169 - - [11/Feb/2026:03:31:11 +0200] "GET /?fileloc=%2Fvar%2Fwww%2Fvhosts%2Fiac.md%2Flogs%2Faccess_log.processed.1.gz&path=%2Fvar%2Fwww%2Fvhosts%2Fiac.md%2Flogs HTTP/1.1" 200 26821 "-" "Mozilla/5.0 AppleWebKit/537.36 (KHTML, like Gecko; compatible; ClaudeBot/1.0; +claudebot@anthropic.com)"
74.7.243.210 - - [11/Feb/2026:03:31:11 +0200] "GET /?fileloc=/var/www/vhosts/iac.md/httpdocs/wp-includes/Requests/src/Exception/Http/Status407.php&path=/var/www/vhosts/iac.md/httpdocs/wp-includes/Requests/src/Exception/Http HTTP/1.1" 200 13708 "https://iac.md/?path=/var/www/vhosts/iac.md/httpdocs/wp-includes/Requests/src/Exception/Http" "Mozilla/5.0 AppleWebKit/537.36 (KHTML, like Gecko; compatible; GPTBot/1.3; +https://openai.com/gptbot)"
216.73.216.169 - - [11/Feb/2026:03:31:14 +0200] "GET /?fileloc=%2Fvar%2Fwww%2Fvhosts%2Fiac.md%2Flogs%2Faccess_log.processed.6.gz&path=%2Fvar%2Fwww%2Fvhosts%2Fiac.md%2Flogs HTTP/1.1" 200 18118 "-" "Mozilla/5.0 AppleWebKit/537.36 (KHTML, like Gecko; compatible; ClaudeBot/1.0; +claudebot@anthropic.com)"
74.7.243.210 - - [11/Feb/2026:03:31:15 +0200] "GET /?fileloc=/var/www/vhosts/iac.md/httpdocs/wp-includes/Requests/src/Exception/Http/Status306.php&path=/var/www/vhosts/iac.md/httpdocs/wp-includes/Requests/src/Exception/Http HTTP/1.1" 200 13657 "https://iac.md/?path=/var/www/vhosts/iac.md/httpdocs/wp-includes/Requests/src/Exception/Http" "Mozilla/5.0 AppleWebKit/537.36 (KHTML, like Gecko; compatible; GPTBot/1.3; +https://openai.com/gptbot)"
216.73.216.169 - - [11/Feb/2026:03:31:17 +0200] "GET /?fileloc=%2Fvar%2Fwww%2Fvhosts%2Fiac.md%2Flogs%2Faccess_log.processed.5.gz&path=%2Fvar%2Fwww%2Fvhosts%2Fiac.md%2Flogs HTTP/1.1" 200 38752 "-" "Mozilla/5.0 AppleWebKit/537.36 (KHTML, like Gecko; compatible; ClaudeBot/1.0; +claudebot@anthropic.com)"
74.7.243.210 - - [11/Feb/2026:03:31:18 +0200] "GET /?fileloc=/var/www/vhosts/iac.md/httpdocs/wp-includes/Requests/src/Exception/Http/Status416.php&path=/var/www/vhosts/iac.md/httpdocs/wp-includes/Requests/src/Exception/Http HTTP/1.1" 200 13714 "https://iac.md/?path=/var/www/vhosts/iac.md/httpdocs/wp-includes/Requests/src/Exception/Http" "Mozilla/5.0 AppleWebKit/537.36 (KHTML, like Gecko; compatible; GPTBot/1.3; +https://openai.com/gptbot)"
216.73.216.169 - - [11/Feb/2026:03:31:20 +0200] "GET /?fileloc=%2Fvar%2Fwww%2Fvhosts%2Fiac.md%2Flogs%2Ferror_log.2.gz&path=%2Fvar%2Fwww%2Fvhosts%2Fiac.md%2Flogs HTTP/1.1" 200 14253 "-" "Mozilla/5.0 AppleWebKit/537.36 (KHTML, like Gecko; compatible; ClaudeBot/1.0; +claudebot@anthropic.com)"
74.7.243.210 - - [11/Feb/2026:03:31:21 +0200] "GET /?fileloc=/var/www/vhosts/iac.md/httpdocs/wp-includes/Requests/src/Exception/Http/Status415.php&path=/var/www/vhosts/iac.md/httpdocs/wp-includes/Requests/src/Exception/Http HTTP/1.1" 200 13687 "https://iac.md/?path=/var/www/vhosts/iac.md/httpdocs/wp-includes/Requests/src/Exception/Http" "Mozilla/5.0 AppleWebKit/537.36 (KHTML, like Gecko; compatible; GPTBot/1.3; +https://openai.com/gptbot)"
216.73.216.169 - - [11/Feb/2026:03:31:23 +0200] "GET /?fileloc=%2Fvar%2Fwww%2Fvhosts%2Fiac.md%2Flogs%2Faccess_ssl_log.processed.1.gz&path=%2Fvar%2Fwww%2Fvhosts%2Fiac.md%2Flogs HTTP/1.1" 200 79403 "-" "Mozilla/5.0 AppleWebKit/537.36 (KHTML, like Gecko; compatible; ClaudeBot/1.0; +claudebot@anthropic.com)"
74.7.243.210 - - [11/Feb/2026:03:31:24 +0200] "GET /?fileloc=/var/www/vhosts/iac.md/httpdocs/wp-includes/Requests/src/Exception/Http/Status417.php&path=/var/www/vhosts/iac.md/httpdocs/wp-includes/Requests/src/Exception/Http HTTP/1.1" 200 13675 "https://iac.md/?path=/var/www/vhosts/iac.md/httpdocs/wp-includes/Requests/src/Exception/Http" "Mozilla/5.0 AppleWebKit/537.36 (KHTML, like Gecko; compatible; GPTBot/1.3; +https://openai.com/gptbot)"
216.73.216.169 - - [11/Feb/2026:03:31:27 +0200] "GET /?fileloc=%2Fvar%2Fwww%2Fvhosts%2Fiac.md%2Fhttpdocs%2Fwp-admin%2Fjs%2Fmedia-upload.js&path=%2Fvar%2Fwww%2Fvhosts%2Fiac.md%2Fhttpdocs%2Fwp-admin%2Fjs HTTP/1.1" 200 19894 "-" "Mozilla/5.0 AppleWebKit/537.36 (KHTML, like Gecko; compatible; ClaudeBot/1.0; +claudebot@anthropic.com)"
74.7.243.210 - - [11/Feb/2026:03:31:27 +0200] "GET /?fileloc=/var/www/vhosts/iac.md/httpdocs/wp-includes/Requests/src/Exception/Http/Status409.php&path=/var/www/vhosts/iac.md/httpdocs/wp-includes/Requests/src/Exception/Http HTTP/1.1" 200 13645 "https://iac.md/?path=/var/www/vhosts/iac.md/httpdocs/wp-includes/Requests/src/Exception/Http" "Mozilla/5.0 AppleWebKit/537.36 (KHTML, like Gecko; compatible; GPTBot/1.3; +https://openai.com/gptbot)"
216.73.216.169 - - [11/Feb/2026:03:31:29 +0200] "GET /?fileloc=%2Fvar%2Fwww%2Fvhosts%2Fiac.md%2Fhttpdocs%2Fwp-admin%2Fjs%2Fprivacy-tools.min.js&path=%2Fvar%2Fwww%2Fvhosts%2Fiac.md%2Fhttpdocs%2Fwp-admin%2Fjs HTTP/1.1" 200 19342 "-" "Mozilla/5.0 AppleWebKit/537.36 (KHTML, like Gecko; compatible; ClaudeBot/1.0; +claudebot@anthropic.com)"
74.7.243.210 - - [11/Feb/2026:03:31:31 +0200] "GET /?fileloc=/var/www/vhosts/iac.md/httpdocs/wp-includes/Requests/src/Exception/Http/Status505.php&path=/var/www/vhosts/iac.md/httpdocs/wp-includes/Requests/src/Exception/Http HTTP/1.1" 200 13699 "https://iac.md/?path=/var/www/vhosts/iac.md/httpdocs/wp-includes/Requests/src/Exception/Http" "Mozilla/5.0 AppleWebKit/537.36 (KHTML, like Gecko; compatible; GPTBot/1.3; +https://openai.com/gptbot)"
216.73.216.169 - - [11/Feb/2026:03:31:32 +0200] "GET /?fileloc=%2Fvar%2Fwww%2Fvhosts%2Fiac.md%2Ferror_docs%2Fbad_gateway.html&path=%2Fvar%2Fwww%2Fvhosts%2Fiac.md%2Ferror_docs HTTP/1.1" 200 13931 "-" "Mozilla/5.0 AppleWebKit/537.36 (KHTML, like Gecko; compatible; ClaudeBot/1.0; +claudebot@anthropic.com)"
74.7.243.210 - - [11/Feb/2026:03:31:34 +0200] "GET /?fileloc=/var/www/vhosts/iac.md/httpdocs/wp-includes/Requests/src/Exception/Http/Status406.php&path=/var/www/vhosts/iac.md/httpdocs/wp-includes/Requests/src/Exception/Http HTTP/1.1" 200 13663 "https://iac.md/?path=/var/www/vhosts/iac.md/httpdocs/wp-includes/Requests/src/Exception/Http" "Mozilla/5.0 AppleWebKit/537.36 (KHTML, like Gecko; compatible; GPTBot/1.3; +https://openai.com/gptbot)"
216.73.216.169 - - [11/Feb/2026:03:31:35 +0200] "GET /?fileloc=%2Fvar%2Fwww%2Fvhosts%2Fiac.md%2Fhttpdocs%2Fwp-admin%2Fjs%2Flink.min.js&path=%2Fvar%2Fwww%2Fvhosts%2Fiac.md%2Fhttpdocs%2Fwp-admin%2Fjs HTTP/1.1" 200 15308 "-" "Mozilla/5.0 AppleWebKit/537.36 (KHTML, like Gecko; compatible; ClaudeBot/1.0; +claudebot@anthropic.com)"
74.7.243.210 - - [11/Feb/2026:03:31:37 +0200] "GET /?fileloc=/var/www/vhosts/iac.md/httpdocs/wp-includes/Requests/src/Exception/Http/Status429.php&path=/var/www/vhosts/iac.md/httpdocs/wp-includes/Requests/src/Exception/Http HTTP/1.1" 200 13824 "https://iac.md/?path=/var/www/vhosts/iac.md/httpdocs/wp-includes/Requests/src/Exception/Http" "Mozilla/5.0 AppleWebKit/537.36 (KHTML, like Gecko; compatible; GPTBot/1.3; +https://openai.com/gptbot)"
66.249.77.194 - - [11/Feb/2026:03:31:38 +0200] "GET /n/conqu10702472.html HTTP/1.1" 200 169453 "-" "Mozilla/5.0 (Linux; Android 6.0.1; Nexus 5X Build/MMB29P) AppleWebKit/537.36 (KHTML, like Gecko) Chrome/144.0.7559.132 Mobile Safari/537.36 (compatible; GoogleOther)"
74.7.243.210 - - [11/Feb/2026:03:31:40 +0200] "GET /?fileloc=/var/www/vhosts/iac.md/httpdocs/wp-includes/Requests/src/Exception/Http/Status402.php&path=/var/www/vhosts/iac.md/httpdocs/wp-includes/Requests/src/Exception/Http HTTP/1.1" 200 13669 "https://iac.md/?path=/var/www/vhosts/iac.md/httpdocs/wp-includes/Requests/src/Exception/Http" "Mozilla/5.0 AppleWebKit/537.36 (KHTML, like Gecko; compatible; GPTBot/1.3; +https://openai.com/gptbot)"
216.73.216.169 - - [11/Feb/2026:03:31:38 +0200] "GET /?fileloc=%2Fvar%2Fwww%2Fvhosts%2Fiac.md%2Fhttpdocs%2Fwp-admin%2Fincludes%2Fclass-wp-ajax-upgrader-skin.php&path=%2Fvar%2Fwww%2Fvhosts%2Fiac.md%2Fhttpdocs%2Fwp-admin%2Fincludes HTTP/1.1" 200 17258 "-" "Mozilla/5.0 AppleWebKit/537.36 (KHTML, like Gecko; compatible; ClaudeBot/1.0; +claudebot@anthropic.com)"
216.73.216.169 - - [11/Feb/2026:03:31:41 +0200] "GET /?fileloc=%2Fvar%2Fwww%2Fvhosts%2Fiac.md%2Fhttpdocs%2Fwp-admin%2Fmaint%2F.htaccess&path=%2Fvar%2Fwww%2Fvhosts%2Fiac.md%2Fhttpdocs%2Fwp-admin%2Fmaint HTTP/1.1" 200 13014 "-" "Mozilla/5.0 AppleWebKit/537.36 (KHTML, like Gecko; compatible; ClaudeBot/1.0; +claudebot@anthropic.com)"
74.7.243.210 - - [11/Feb/2026:03:31:43 +0200] "GET /?fileloc=/var/www/vhosts/iac.md/httpdocs/wp-includes/Requests/src/Exception/Http/Status431.php&path=/var/www/vhosts/iac.md/httpdocs/wp-includes/Requests/src/Exception/Http HTTP/1.1" 200 13810 "https://iac.md/?path=/var/www/vhosts/iac.md/httpdocs/wp-includes/Requests/src/Exception/Http" "Mozilla/5.0 AppleWebKit/537.36 (KHTML, like Gecko; compatible; GPTBot/1.3; +https://openai.com/gptbot)"
74.7.243.210 - - [11/Feb/2026:03:31:46 +0200] "GET /?fileloc=/var/www/vhosts/iac.md/httpdocs/wp-includes/Requests/src/Exception/Http/Status428.php&path=/var/www/vhosts/iac.md/httpdocs/wp-includes/Requests/src/Exception/Http HTTP/1.1" 200 13780 "https://iac.md/?path=/var/www/vhosts/iac.md/httpdocs/wp-includes/Requests/src/Exception/Http" "Mozilla/5.0 AppleWebKit/537.36 (KHTML, like Gecko; compatible; GPTBot/1.3; +https://openai.com/gptbot)"
216.73.216.169 - - [11/Feb/2026:03:31:47 +0200] "GET /?fileloc=%2Fvar%2Fwww%2Fvhosts%2Fiac.md%2Fhttpdocs%2Fwp-admin%2Fincludes%2Fwidgets.php&path=%2Fvar%2Fwww%2Fvhosts%2Fiac.md%2Fhttpdocs%2Fwp-admin%2Fincludes HTTP/1.1" 200 30082 "-" "Mozilla/5.0 AppleWebKit/537.36 (KHTML, like Gecko; compatible; ClaudeBot/1.0; +claudebot@anthropic.com)"
74.7.243.210 - - [11/Feb/2026:03:31:49 +0200] "GET /?fileloc=/var/www/vhosts/iac.md/httpdocs/wp-includes/Requests/src/Exception/Http/Status410.php&path=/var/www/vhosts/iac.md/httpdocs/wp-includes/Requests/src/Exception/Http HTTP/1.1" 200 13633 "https://iac.md/?path=/var/www/vhosts/iac.md/httpdocs/wp-includes/Requests/src/Exception/Http" "Mozilla/5.0 AppleWebKit/537.36 (KHTML, like Gecko; compatible; GPTBot/1.3; +https://openai.com/gptbot)"
216.73.216.169 - - [11/Feb/2026:03:31:50 +0200] "GET /?path=%2Fvar%2Fwww%2Fvhosts%2Fiac.md%2F.composer HTTP/1.1" 200 17523 "-" "Mozilla/5.0 AppleWebKit/537.36 (KHTML, like Gecko; compatible; ClaudeBot/1.0; +claudebot@anthropic.com)"
74.7.243.210 - - [11/Feb/2026:03:31:53 +0200] "GET /?fileloc=/var/www/vhosts/iac.md/httpdocs/wp-includes/Requests/src/Exception/Http/Status408.php&path=/var/www/vhosts/iac.md/httpdocs/wp-includes/Requests/src/Exception/Http HTTP/1.1" 200 13666 "https://iac.md/?path=/var/www/vhosts/iac.md/httpdocs/wp-includes/Requests/src/Exception/Http" "Mozilla/5.0 AppleWebKit/537.36 (KHTML, like Gecko; compatible; GPTBot/1.3; +https://openai.com/gptbot)"
216.73.216.169 - - [11/Feb/2026:03:31:53 +0200] "GET /?fileloc=%2Fvar%2Fwww%2Fvhosts%2Fiac.md%2Fhttpdocs%2Fwp-admin%2Fincludes%2Fnetwork.php&path=%2Fvar%2Fwww%2Fvhosts%2Fiac.md%2Fhttpdocs%2Fwp-admin%2Fincludes HTTP/1.1" 200 47012 "-" "Mozilla/5.0 AppleWebKit/537.36 (KHTML, like Gecko; compatible; ClaudeBot/1.0; +claudebot@anthropic.com)"
74.7.243.210 - - [11/Feb/2026:03:31:56 +0200] "GET /?fileloc=/var/www/vhosts/iac.md/httpdocs/wp-includes/Requests/src/Exception/Http/Status504.php&path=/var/www/vhosts/iac.md/httpdocs/wp-includes/Requests/src/Exception/Http HTTP/1.1" 200 13666 "https://iac.md/?path=/var/www/vhosts/iac.md/httpdocs/wp-includes/Requests/src/Exception/Http" "Mozilla/5.0 AppleWebKit/537.36 (KHTML, like Gecko; compatible; GPTBot/1.3; +https://openai.com/gptbot)"
216.73.216.169 - - [11/Feb/2026:03:31:56 +0200] "GET /?fileloc=%2Fvar%2Fwww%2Fvhosts%2Fiac.md%2Fhttpdocs%2Fwp-admin%2Fnetwork%2Ftheme-install.php&path=%2Fvar%2Fwww%2Fvhosts%2Fiac.md%2Fhttpdocs%2Fwp-admin%2Fnetwork HTTP/1.1" 200 13324 "-" "Mozilla/5.0 AppleWebKit/537.36 (KHTML, like Gecko; compatible; ClaudeBot/1.0; +claudebot@anthropic.com)"
216.73.216.169 - - [11/Feb/2026:03:31:59 +0200] "GET /?fileloc=%2Fvar%2Fwww%2Fvhosts%2Fiac.md%2Fhttpdocs%2Fwp-admin%2Fcomment.php&path=%2Fvar%2Fwww%2Fvhosts%2Fiac.md%2Fhttpdocs%2Fwp-admin HTTP/1.1" 200 27680 "-" "Mozilla/5.0 AppleWebKit/537.36 (KHTML, like Gecko; compatible; ClaudeBot/1.0; +claudebot@anthropic.com)"
74.7.243.210 - - [11/Feb/2026:03:31:59 +0200] "GET /?fileloc=/var/www/vhosts/iac.md/httpdocs/wp-includes/Requests/src/Exception/Http/Status404.php&path=/var/www/vhosts/iac.md/httpdocs/wp-includes/Requests/src/Exception/Http HTTP/1.1" 200 13648 "https://iac.md/?path=/var/www/vhosts/iac.md/httpdocs/wp-includes/Requests/src/Exception/Http" "Mozilla/5.0 AppleWebKit/537.36 (KHTML, like Gecko; compatible; GPTBot/1.3; +https://openai.com/gptbot)"
216.73.216.169 - - [11/Feb/2026:03:32:02 +0200] "GET /?fileloc=%2Fvar%2Fwww%2Fvhosts%2Fiac.md%2Fhttpdocs%2Fwp-admin%2Fincludes%2Fmisc.php&path=%2Fvar%2Fwww%2Fvhosts%2Fiac.md%2Fhttpdocs%2Fwp-admin%2Fincludes HTTP/1.1" 200 63847 "-" "Mozilla/5.0 AppleWebKit/537.36 (KHTML, like Gecko; compatible; ClaudeBot/1.0; +claudebot@anthropic.com)"
66.249.77.194 - - [11/Feb/2026:03:32:02 +0200] "GET /n/bee41996179.html HTTP/1.1" 200 168762 "-" "Mozilla/5.0 (Linux; Android 6.0.1; Nexus 5X Build/MMB29P) AppleWebKit/537.36 (KHTML, like Gecko) Chrome/144.0.7559.132 Mobile Safari/537.36 (compatible; GoogleOther)"
74.7.243.210 - - [11/Feb/2026:03:32:02 +0200] "GET /?fileloc=/var/www/vhosts/iac.md/httpdocs/wp-includes/Requests/src/Exception/Http/Status412.php&path=/var/www/vhosts/iac.md/httpdocs/wp-includes/Requests/src/Exception/Http HTTP/1.1" 200 13678 "https://iac.md/?path=/var/www/vhosts/iac.md/httpdocs/wp-includes/Requests/src/Exception/Http" "Mozilla/5.0 AppleWebKit/537.36 (KHTML, like Gecko; compatible; GPTBot/1.3; +https://openai.com/gptbot)"
216.73.216.169 - - [11/Feb/2026:03:32:05 +0200] "GET /?fileloc=%2Fvar%2Fwww%2Fvhosts%2Fiac.md%2Fhttpdocs%2Fwp-admin%2Fincludes%2Fcomment.php&path=%2Fvar%2Fwww%2Fvhosts%2Fiac.md%2Fhttpdocs%2Fwp-admin%2Fincludes HTTP/1.1" 200 19956 "-" "Mozilla/5.0 AppleWebKit/537.36 (KHTML, like Gecko; compatible; ClaudeBot/1.0; +claudebot@anthropic.com)"
74.7.243.210 - - [11/Feb/2026:03:32:05 +0200] "GET /?fileloc=/var/www/vhosts/iac.md/httpdocs/wp-includes/Requests/src/Exception/Http/Status304.php&path=/var/www/vhosts/iac.md/httpdocs/wp-includes/Requests/src/Exception/Http HTTP/1.1" 200 13657 "https://iac.md/?path=/var/www/vhosts/iac.md/httpdocs/wp-includes/Requests/src/Exception/Http" "Mozilla/5.0 AppleWebKit/537.36 (KHTML, like Gecko; compatible; GPTBot/1.3; +https://openai.com/gptbot)"
216.73.216.169 - - [11/Feb/2026:03:32:08 +0200] "GET /?fileloc=%2Fvar%2Fwww%2Fvhosts%2Fiac.md%2Fhttpdocs%2Fwp-admin%2Fjs%2Fcode-editor.min.js&path=%2Fvar%2Fwww%2Fvhosts%2Fiac.md%2Fhttpdocs%2Fwp-admin%2Fjs HTTP/1.1" 200 16765 "-" "Mozilla/5.0 AppleWebKit/537.36 (KHTML, like Gecko; compatible; ClaudeBot/1.0; +claudebot@anthropic.com)"
74.7.243.210 - - [11/Feb/2026:03:32:08 +0200] "GET /?fileloc=/var/www/vhosts/iac.md/httpdocs/wp-includes/Requests/src/Exception/Http/Status400.php&path=/var/www/vhosts/iac.md/httpdocs/wp-includes/Requests/src/Exception/Http HTTP/1.1" 200 13654 "https://iac.md/?path=/var/www/vhosts/iac.md/httpdocs/wp-includes/Requests/src/Exception/Http" "Mozilla/5.0 AppleWebKit/537.36 (KHTML, like Gecko; compatible; GPTBot/1.3; +https://openai.com/gptbot)"
216.73.216.169 - - [11/Feb/2026:03:32:11 +0200] "GET /?fileloc=%2Fvar%2Fwww%2Fvhosts%2Fiac.md%2Fhttpdocs%2Fwp-admin%2Fincludes%2Ftheme.php&path=%2Fvar%2Fwww%2Fvhosts%2Fiac.md%2Fhttpdocs%2Fwp-admin%2Fincludes HTTP/1.1" 200 69034 "-" "Mozilla/5.0 AppleWebKit/537.36 (KHTML, like Gecko; compatible; ClaudeBot/1.0; +claudebot@anthropic.com)"
74.7.243.210 - - [11/Feb/2026:03:32:11 +0200] "GET /?fileloc=/var/www/vhosts/iac.md/httpdocs/wp-includes/class-wp-http.php&path=/var/www/vhosts/iac.md/httpdocs/wp-includes HTTP/1.1" 200 58354 "https://iac.md/?path=/var/www/vhosts/iac.md/httpdocs/wp-includes" "Mozilla/5.0 AppleWebKit/537.36 (KHTML, like Gecko; compatible; GPTBot/1.3; +https://openai.com/gptbot)"
216.73.216.169 - - [11/Feb/2026:03:32:14 +0200] "GET /?fileloc=%2Fvar%2Fwww%2Fvhosts%2Fiac.md%2Fhttpdocs%2Fwp-admin%2Fincludes%2Fclass-wp-posts-list-table.php&path=%2Fvar%2Fwww%2Fvhosts%2Fiac.md%2Fhttpdocs%2Fwp-admin%2Fincludes HTTP/1.1" 200 90999 "-" "Mozilla/5.0 AppleWebKit/537.36 (KHTML, like Gecko; compatible; ClaudeBot/1.0; +claudebot@anthropic.com)"
74.7.243.210 - - [11/Feb/2026:03:32:15 +0200] "GET /?fileloc=/var/www/vhosts/iac.md/httpdocs/wp-includes/class-wp-block-pattern-categories-registry.php&path=/var/www/vhosts/iac.md/httpdocs/wp-includes HTTP/1.1" 200 18431 "https://iac.md/?path=/var/www/vhosts/iac.md/httpdocs/wp-includes" "Mozilla/5.0 AppleWebKit/537.36 (KHTML, like Gecko; compatible; GPTBot/1.3; +https://openai.com/gptbot)"
216.73.216.169 - - [11/Feb/2026:03:32:17 +0200] "GET /?fileloc=%2Fvar%2Fwww%2Fvhosts%2Fiac.md%2Fhttpdocs%2Fwp-admin%2Fincludes%2Fexport.php&path=%2Fvar%2Fwww%2Fvhosts%2Fiac.md%2Fhttpdocs%2Fwp-admin%2Fincludes HTTP/1.1" 200 43208 "-" "Mozilla/5.0 AppleWebKit/537.36 (KHTML, like Gecko; compatible; ClaudeBot/1.0; +claudebot@anthropic.com)"
74.7.243.210 - - [11/Feb/2026:03:32:18 +0200] "GET /?fileloc=/var/www/vhosts/iac.md/httpdocs/wp-admin/js/word-count.js&path=/var/www/vhosts/iac.md/httpdocs/wp-admin/js HTTP/1.1" 200 20938 "https://iac.md/?path=/var/www/vhosts/iac.md/httpdocs/wp-admin/js" "Mozilla/5.0 AppleWebKit/537.36 (KHTML, like Gecko; compatible; GPTBot/1.3; +https://openai.com/gptbot)"
216.73.216.169 - - [11/Feb/2026:03:32:20 +0200] "GET /?fileloc=%2Fvar%2Fwww%2Fvhosts%2Fiac.md%2Fhttpdocs%2Fwp-admin%2Fincludes%2Fclass-wp-filesystem-ssh2.php&path=%2Fvar%2Fwww%2Fvhosts%2Fiac.md%2Fhttpdocs%2Fwp-admin%2Fincludes HTTP/1.1" 200 38005 "-" "Mozilla/5.0 AppleWebKit/537.36 (KHTML, like Gecko; compatible; ClaudeBot/1.0; +claudebot@anthropic.com)"
74.7.243.210 - - [11/Feb/2026:03:32:21 +0200] "GET /?fileloc=/var/www/vhosts/iac.md/httpdocs/wp-admin/js/postbox.js&path=/var/www/vhosts/iac.md/httpdocs/wp-admin/js HTTP/1.1" 200 33701 "https://iac.md/?path=/var/www/vhosts/iac.md/httpdocs/wp-admin/js" "Mozilla/5.0 AppleWebKit/537.36 (KHTML, like Gecko; compatible; GPTBot/1.3; +https://openai.com/gptbot)"
216.73.216.169 - - [11/Feb/2026:03:32:23 +0200] "GET /?fileloc=%2Fvar%2Fwww%2Fvhosts%2Fiac.md%2Fhttpdocs%2Fwp-admin%2Fnetwork%2Fusers.php&path=%2Fvar%2Fwww%2Fvhosts%2Fiac.md%2Fhttpdocs%2Fwp-admin%2Fnetwork HTTP/1.1" 200 24675 "-" "Mozilla/5.0 AppleWebKit/537.36 (KHTML, like Gecko; compatible; ClaudeBot/1.0; +claudebot@anthropic.com)"
74.7.243.210 - - [11/Feb/2026:03:32:24 +0200] "GET /?fileloc=/var/www/vhosts/iac.md/httpdocs/wp-admin/js/link.min.js&path=/var/www/vhosts/iac.md/httpdocs/wp-admin/js HTTP/1.1" 200 15308 "https://iac.md/?path=/var/www/vhosts/iac.md/httpdocs/wp-admin/js" "Mozilla/5.0 AppleWebKit/537.36 (KHTML, like Gecko; compatible; GPTBot/1.3; +https://openai.com/gptbot)"
216.73.216.169 - - [11/Feb/2026:03:32:26 +0200] "GET /?fileloc=%2Fvar%2Fwww%2Fvhosts%2Fiac.md%2Fhttpdocs%2Fwp-admin%2Fuser%2Fadmin.php&path=%2Fvar%2Fwww%2Fvhosts%2Fiac.md%2Fhttpdocs%2Fwp-admin%2Fuser HTTP/1.1" 200 13772 "-" "Mozilla/5.0 AppleWebKit/537.36 (KHTML, like Gecko; compatible; ClaudeBot/1.0; +claudebot@anthropic.com)"
74.7.243.210 - - [11/Feb/2026:03:32:27 +0200] "GET /?fileloc=/var/www/vhosts/iac.md/httpdocs/wp-admin/js/link.js&path=/var/www/vhosts/iac.md/httpdocs/wp-admin/js HTTP/1.1" 200 17567 "https://iac.md/?path=/var/www/vhosts/iac.md/httpdocs/wp-admin/js" "Mozilla/5.0 AppleWebKit/537.36 (KHTML, like Gecko; compatible; GPTBot/1.3; +https://openai.com/gptbot)"
216.73.216.169 - - [11/Feb/2026:03:32:29 +0200] "GET /?fileloc=%2Fvar%2Fwww%2Fvhosts%2Fiac.md%2Fhttpdocs%2Fwp-admin%2Fincludes%2Fclass-wp-plugins-list-table.php&path=%2Fvar%2Fwww%2Fvhosts%2Fiac.md%2Fhttpdocs%2Fwp-admin%2Fincludes HTTP/1.1" 200 82220 "-" "Mozilla/5.0 AppleWebKit/537.36 (KHTML, like Gecko; compatible; ClaudeBot/1.0; +claudebot@anthropic.com)"
74.7.243.210 - - [11/Feb/2026:03:32:30 +0200] "GET /?fileloc=/var/www/vhosts/iac.md/httpdocs/wp-admin/js/xfn.min.js&path=/var/www/vhosts/iac.md/httpdocs/wp-admin/js HTTP/1.1" 200 13501 "https://iac.md/?path=/var/www/vhosts/iac.md/httpdocs/wp-admin/js" "Mozilla/5.0 AppleWebKit/537.36 (KHTML, like Gecko; compatible; GPTBot/1.3; +https://openai.com/gptbot)"
216.73.216.169 - - [11/Feb/2026:03:32:32 +0200] "GET /?fileloc=%2Fvar%2Fwww%2Fvhosts%2Fiac.md%2Fhttpdocs%2Fwp-admin%2Fincludes%2Fplugin-install.php&path=%2Fvar%2Fwww%2Fvhosts%2Fiac.md%2Fhttpdocs%2Fwp-admin%2Fincludes HTTP/1.1" 200 60195 "-" "Mozilla/5.0 AppleWebKit/537.36 (KHTML, like Gecko; compatible; ClaudeBot/1.0; +claudebot@anthropic.com)"
74.7.243.210 - - [11/Feb/2026:03:32:34 +0200] "GET /?fileloc=/var/www/vhosts/iac.md/httpdocs/wp-admin/js/xfn.js&path=/var/www/vhosts/iac.md/httpdocs/wp-admin/js HTTP/1.1" 200 13781 "https://iac.md/?path=/var/www/vhosts/iac.md/httpdocs/wp-admin/js" "Mozilla/5.0 AppleWebKit/537.36 (KHTML, like Gecko; compatible; GPTBot/1.3; +https://openai.com/gptbot)"
216.73.216.169 - - [11/Feb/2026:03:32:35 +0200] "GET /?fileloc=%2Fvar%2Fwww%2Fvhosts%2Fiac.md%2Fhttpdocs%2Fwp-admin%2Fincludes%2Fadmin.php&path=%2Fvar%2Fwww%2Fvhosts%2Fiac.md%2Fhttpdocs%2Fwp-admin%2Fincludes HTTP/1.1" 200 16884 "-" "Mozilla/5.0 AppleWebKit/537.36 (KHTML, like Gecko; compatible; ClaudeBot/1.0; +claudebot@anthropic.com)"
74.7.243.210 - - [11/Feb/2026:03:32:37 +0200] "GET /?fileloc=/var/www/vhosts/iac.md/httpdocs/wp-admin/js/image-edit.js&path=/var/www/vhosts/iac.md/httpdocs/wp-admin/js HTTP/1.1" 200 58713 "https://iac.md/?path=/var/www/vhosts/iac.md/httpdocs/wp-admin/js" "Mozilla/5.0 AppleWebKit/537.36 (KHTML, like Gecko; compatible; GPTBot/1.3; +https://openai.com/gptbot)"
216.73.216.169 - - [11/Feb/2026:03:32:38 +0200] "GET /?fileloc=%2Fvar%2Fwww%2Fvhosts%2Fiac.md%2Fhttpdocs%2Fwp-admin%2Fnetwork%2Fedit.php&path=%2Fvar%2Fwww%2Fvhosts%2Fiac.md%2Fhttpdocs%2Fwp-admin%2Fnetwork HTTP/1.1" 200 13841 "-" "Mozilla/5.0 AppleWebKit/537.36 (KHTML, like Gecko; compatible; ClaudeBot/1.0; +claudebot@anthropic.com)"
74.7.243.210 - - [11/Feb/2026:03:32:40 +0200] "GET /?fileloc=/var/www/vhosts/iac.md/httpdocs/wp-admin/js/nav-menu.js&path=/var/www/vhosts/iac.md/httpdocs/wp-admin/js HTTP/1.1" 200 83318 "https://iac.md/?path=/var/www/vhosts/iac.md/httpdocs/wp-admin/js" "Mozilla/5.0 AppleWebKit/537.36 (KHTML, like Gecko; compatible; GPTBot/1.3; +https://openai.com/gptbot)"
216.73.216.169 - - [11/Feb/2026:03:32:41 +0200] "GET /?fileloc=%2Fvar%2Fwww%2Fvhosts%2Fiac.md%2Fhttpdocs%2Fwp-admin%2Fjs%2Fcode-editor.js&path=%2Fvar%2Fwww%2Fvhosts%2Fiac.md%2Fhttpdocs%2Fwp-admin%2Fjs HTTP/1.1" 200 25229 "-" "Mozilla/5.0 AppleWebKit/537.36 (KHTML, like Gecko; compatible; ClaudeBot/1.0; +claudebot@anthropic.com)"
74.7.243.210 - - [11/Feb/2026:03:32:43 +0200] "GET /?path=/var/www/vhosts/iac.md/httpdocs/wp-content/plugins/elementor/modules/landing-pages HTTP/1.1" 200 20097 "https://iac.md/?path=/var/www/vhosts/iac.md/httpdocs/wp-content/plugins/elementor/modules" "Mozilla/5.0 AppleWebKit/537.36 (KHTML, like Gecko; compatible; GPTBot/1.3; +https://openai.com/gptbot)"
216.73.216.169 - - [11/Feb/2026:03:32:44 +0200] "GET /?fileloc=%2Fvar%2Fwww%2Fvhosts%2Fiac.md%2Fhttpdocs%2Fwp-admin%2Fnetwork%2Fplugin-install.php&path=%2Fvar%2Fwww%2Fvhosts%2Fiac.md%2Fhttpdocs%2Fwp-admin%2Fnetwork HTTP/1.1" 200 13328 "-" "Mozilla/5.0 AppleWebKit/537.36 (KHTML, like Gecko; compatible; ClaudeBot/1.0; +claudebot@anthropic.com)"
74.7.243.210 - - [11/Feb/2026:03:32:46 +0200] "GET /?path=/var/www/vhosts/iac.md/httpdocs/wp-content/plugins/elementor/modules/favorites/types HTTP/1.1" 200 17105 "https://iac.md/?path=/var/www/vhosts/iac.md/httpdocs/wp-content/plugins/elementor/modules/favorites" "Mozilla/5.0 AppleWebKit/537.36 (KHTML, like Gecko; compatible; GPTBot/1.3; +https://openai.com/gptbot)"
216.73.216.169 - - [11/Feb/2026:03:32:47 +0200] "GET /?fileloc=%2Fvar%2Fwww%2Fvhosts%2Fiac.md%2Fhttpdocs%2Fwp-admin%2Fnetwork%2Fadmin.php&path=%2Fvar%2Fwww%2Fvhosts%2Fiac.md%2Fhttpdocs%2Fwp-admin%2Fnetwork HTTP/1.1" 200 13950 "-" "Mozilla/5.0 AppleWebKit/537.36 (KHTML, like Gecko; compatible; ClaudeBot/1.0; +claudebot@anthropic.com)"
66.249.77.194 - - [11/Feb/2026:03:32:46 +0200] "GET /n/scarf22397041.html HTTP/1.1" 200 170702 "-" "Mozilla/5.0 (Linux; Android 6.0.1; Nexus 5X Build/MMB29P) AppleWebKit/537.36 (KHTML, like Gecko) Chrome/144.0.7559.132 Mobile Safari/537.36 (compatible; GoogleOther)"
74.7.243.210 - - [11/Feb/2026:03:32:49 +0200] "GET /?fileloc=/var/www/vhosts/iac.md/httpdocs/wp-content/plugins/custom-facebook-feed-pro/README.txt&path=/var/www/vhosts/iac.md/httpdocs/wp-content/plugins/custom-facebook-feed-pro HTTP/1.1" 200 146752 "https://iac.md/?path=/var/www/vhosts/iac.md/httpdocs/wp-content/plugins/custom-facebook-feed-pro" "Mozilla/5.0 AppleWebKit/537.36 (KHTML, like Gecko; compatible; GPTBot/1.3; +https://openai.com/gptbot)"
216.73.216.169 - - [11/Feb/2026:03:32:50 +0200] "GET /?fileloc=%2Fvar%2Fwww%2Fvhosts%2Fiac.md%2Fhttpdocs%2Fwp-admin%2Fnetwork%2Fsetup.php&path=%2Fvar%2Fwww%2Fvhosts%2Fiac.md%2Fhttpdocs%2Fwp-admin%2Fnetwork HTTP/1.1" 200 13141 "-" "Mozilla/5.0 AppleWebKit/537.36 (KHTML, like Gecko; compatible; ClaudeBot/1.0; +claudebot@anthropic.com)"
216.73.216.169 - - [11/Feb/2026:03:32:53 +0200] "GET /?fileloc=%2Fvar%2Fwww%2Fvhosts%2Fiac.md%2Fhttpdocs%2Fwp-admin%2Fincludes%2Fplugin.php&path=%2Fvar%2Fwww%2Fvhosts%2Fiac.md%2Fhttpdocs%2Fwp-admin%2Fincludes HTTP/1.1" 200 113379 "-" "Mozilla/5.0 AppleWebKit/537.36 (KHTML, like Gecko; compatible; ClaudeBot/1.0; +claudebot@anthropic.com)"
74.7.243.210 - - [11/Feb/2026:03:32:52 +0200] "GET /?fileloc=/var/www/vhosts/iac.md/httpdocs/wp-content/uploads/2023/02/iac-drona-45-1536x865.jpg&path=/var/www/vhosts/iac.md/httpdocs/wp-content/uploads/2023/02 HTTP/1.1" 200 924717 "https://iac.md/?path=/var/www/vhosts/iac.md/httpdocs/wp-content/uploads/2023/02" "Mozilla/5.0 AppleWebKit/537.36 (KHTML, like Gecko; compatible; GPTBot/1.3; +https://openai.com/gptbot)"
74.7.243.210 - - [11/Feb/2026:03:32:55 +0200] "GET /?fileloc=/var/www/vhosts/iac.md/httpdocs/wp-content/uploads/2023/02/iac-drona-45-1630x860.jpg&path=/var/www/vhosts/iac.md/httpdocs/wp-content/uploads/2023/02 HTTP/1.1" 200 952654 "https://iac.md/?path=/var/www/vhosts/iac.md/httpdocs/wp-content/uploads/2023/02" "Mozilla/5.0 AppleWebKit/537.36 (KHTML, like Gecko; compatible; GPTBot/1.3; +https://openai.com/gptbot)"
216.73.216.169 - - [11/Feb/2026:03:32:56 +0200] "GET /?fileloc=%2Fvar%2Fwww%2Fvhosts%2Fiac.md%2Fhttpdocs%2Fwp-admin%2Fnetwork%2Ftheme-editor.php&path=%2Fvar%2Fwww%2Fvhosts%2Fiac.md%2Fhttpdocs%2Fwp-admin%2Fnetwork HTTP/1.1" 200 13165 "-" "Mozilla/5.0 AppleWebKit/537.36 (KHTML, like Gecko; compatible; ClaudeBot/1.0; +claudebot@anthropic.com)"
66.249.77.193 - - [11/Feb/2026:03:32:54 +0200] "GET /n/educa42488555.html HTTP/1.1" 200 169753 "-" "Mozilla/5.0 (Linux; Android 6.0.1; Nexus 5X Build/MMB29P) AppleWebKit/537.36 (KHTML, like Gecko) Chrome/144.0.7559.132 Mobile Safari/537.36 (compatible; GoogleOther)"
216.73.216.169 - - [11/Feb/2026:03:32:59 +0200] "GET /?fileloc=%2Fvar%2Fwww%2Fvhosts%2Fiac.md%2Fhttpdocs%2Fwp-admin%2Fnetwork%2Fplugins.php&path=%2Fvar%2Fwww%2Fvhosts%2Fiac.md%2Fhttpdocs%2Fwp-admin%2Fnetwork HTTP/1.1" 200 13145 "-" "Mozilla/5.0 AppleWebKit/537.36 (KHTML, like Gecko; compatible; ClaudeBot/1.0; +claudebot@anthropic.com)"
74.7.243.210 - - [11/Feb/2026:03:32:59 +0200] "GET /?fileloc=/var/www/vhosts/iac.md/httpdocs/wp-content/uploads/2023/02/dcs_5561-scaled-2-85x85.jpg&path=/var/www/vhosts/iac.md/httpdocs/wp-content/uploads/2023/02 HTTP/1.1" 200 17267 "https://iac.md/?path=/var/www/vhosts/iac.md/httpdocs/wp-content/uploads/2023/02" "Mozilla/5.0 AppleWebKit/537.36 (KHTML, like Gecko; compatible; GPTBot/1.3; +https://openai.com/gptbot)"
176.31.139.16 - - [11/Feb/2026:03:33:00 +0200] "GET /en/despre-noi/?fileloc=/var/www/vhosts/iac.md/httpdocs/license.txt&path=/var/www/vhosts/iac.md/httpdocs HTTP/1.1" 200 36091 "-" "Mozilla/5.0 (compatible; AhrefsBot/7.0; +http://ahrefs.com/robot/)"
216.73.216.169 - - [11/Feb/2026:03:33:02 +0200] "GET /?fileloc=%2Fvar%2Fwww%2Fvhosts%2Fiac.md%2Fhttpdocs%2Fwp-admin%2Fincludes%2Fclass-wp-internal-pointers.php&path=%2Fvar%2Fwww%2Fvhosts%2Fiac.md%2Fhttpdocs%2Fwp-admin%2Fincludes HTTP/1.1" 200 17889 "-" "Mozilla/5.0 AppleWebKit/537.36 (KHTML, like Gecko; compatible; ClaudeBot/1.0; +claudebot@anthropic.com)"
74.7.243.210 - - [11/Feb/2026:03:33:02 +0200] "GET /?fileloc=/var/www/vhosts/iac.md/httpdocs/wp-content/uploads/2023/02/iac-drona-45-1-960x720.jpg&path=/var/www/vhosts/iac.md/httpdocs/wp-content/uploads/2023/02 HTTP/1.1" 200 484910 "https://iac.md/?path=/var/www/vhosts/iac.md/httpdocs/wp-content/uploads/2023/02" "Mozilla/5.0 AppleWebKit/537.36 (KHTML, like Gecko; compatible; GPTBot/1.3; +https://openai.com/gptbot)"
216.73.216.169 - - [11/Feb/2026:03:33:05 +0200] "GET /?fileloc=%2Fvar%2Fwww%2Fvhosts%2Fiac.md%2Fhttpdocs%2Fwp-admin%2Fnetwork%2Fplugin-editor.php&path=%2Fvar%2Fwww%2Fvhosts%2Fiac.md%2Fhttpdocs%2Fwp-admin%2Fnetwork HTTP/1.1" 200 13168 "-" "Mozilla/5.0 AppleWebKit/537.36 (KHTML, like Gecko; compatible; ClaudeBot/1.0; +claudebot@anthropic.com)"
74.7.243.210 - - [11/Feb/2026:03:33:05 +0200] "GET /?fileloc=/var/www/vhosts/iac.md/httpdocs/wp-content/uploads/2023/02/iac-drona-45-1-768x432.jpg&path=/var/www/vhosts/iac.md/httpdocs/wp-content/uploads/2023/02 HTTP/1.1" 200 247615 "https://iac.md/?path=/var/www/vhosts/iac.md/httpdocs/wp-content/uploads/2023/02" "Mozilla/5.0 AppleWebKit/537.36 (KHTML, like Gecko; compatible; GPTBot/1.3; +https://openai.com/gptbot)"
216.73.216.169 - - [11/Feb/2026:03:33:08 +0200] "GET /?fileloc=%2Fvar%2Fwww%2Fvhosts%2Fiac.md%2Fhttpdocs%2Fwp-admin%2Fincludes%2Fclass-wp-debug-data.php&path=%2Fvar%2Fwww%2Fvhosts%2Fiac.md%2Fhttpdocs%2Fwp-admin%2Fincludes HTTP/1.1" 200 94917 "-" "Mozilla/5.0 AppleWebKit/537.36 (KHTML, like Gecko; compatible; ClaudeBot/1.0; +claudebot@anthropic.com)"
74.7.243.210 - - [11/Feb/2026:03:33:08 +0200] "GET /?fileloc=/var/www/vhosts/iac.md/httpdocs/wp-content/uploads/2023/02/dcs_5561-scaled-1-80x80.jpg&path=/var/www/vhosts/iac.md/httpdocs/wp-content/uploads/2023/02 HTTP/1.1" 200 16793 "https://iac.md/?path=/var/www/vhosts/iac.md/httpdocs/wp-content/uploads/2023/02" "Mozilla/5.0 AppleWebKit/537.36 (KHTML, like Gecko; compatible; GPTBot/1.3; +https://openai.com/gptbot)"
216.73.216.169 - - [11/Feb/2026:03:33:11 +0200] "GET /?path=%2Fvar%2Fwww%2Fvhosts%2Fiac.md%2Fhttpdocs%2Fwp-admin%2Fjs%2Fjs HTTP/1.1" 200 19603 "-" "Mozilla/5.0 AppleWebKit/537.36 (KHTML, like Gecko; compatible; ClaudeBot/1.0; +claudebot@anthropic.com)"
74.7.243.210 - - [11/Feb/2026:03:33:11 +0200] "GET /?fileloc=/var/www/vhosts/iac.md/httpdocs/wp-content/uploads/2023/02/dcs_5561-scaled-1-85x85.jpg&path=/var/www/vhosts/iac.md/httpdocs/wp-content/uploads/2023/02 HTTP/1.1" 200 17267 "https://iac.md/?path=/var/www/vhosts/iac.md/httpdocs/wp-content/uploads/2023/02" "Mozilla/5.0 AppleWebKit/537.36 (KHTML, like Gecko; compatible; GPTBot/1.3; +https://openai.com/gptbot)"
216.73.216.169 - - [11/Feb/2026:03:33:14 +0200] "GET /?path=%2Fvar%2Fwww%2Fvhosts%2Fiac.md%2Fhttpdocs%2Fwp-admin%2Fjs%2Fwidgets HTTP/1.1" 200 37785 "-" "Mozilla/5.0 AppleWebKit/537.36 (KHTML, like Gecko; compatible; ClaudeBot/1.0; +claudebot@anthropic.com)"
74.7.243.210 - - [11/Feb/2026:03:33:14 +0200] "GET /?fileloc=/var/www/vhosts/iac.md/httpdocs/wp-content/uploads/2023/02/iac-drona-45-1-300x169.jpg&path=/var/www/vhosts/iac.md/httpdocs/wp-content/uploads/2023/02 HTTP/1.1" 200 50813 "https://iac.md/?path=/var/www/vhosts/iac.md/httpdocs/wp-content/uploads/2023/02" "Mozilla/5.0 AppleWebKit/537.36 (KHTML, like Gecko; compatible; GPTBot/1.3; +https://openai.com/gptbot)"
74.7.243.210 - - [11/Feb/2026:03:33:17 +0200] "GET /?fileloc=/var/www/vhosts/iac.md/httpdocs/wp-content/plugins/elementor/modules/landing-pages/.htaccess&path=/var/www/vhosts/iac.md/httpdocs/wp-content/plugins/elementor/modules/landing-pages HTTP/1.1" 200 13365 "https://iac.md/?path=/var/www/vhosts/iac.md/httpdocs/wp-content/plugins/elementor/modules/landing-pages" "Mozilla/5.0 AppleWebKit/537.36 (KHTML, like Gecko; compatible; GPTBot/1.3; +https://openai.com/gptbot)"
216.73.216.169 - - [11/Feb/2026:03:33:18 +0200] "GET /?fileloc=%2Fvar%2Fwww%2Fvhosts%2Fiac.md%2Fhttpdocs%2Fwp-admin%2Fcss%2Fcustomize-nav-menus-rtl.min.css&path=%2Fvar%2Fwww%2Fvhosts%2Fiac.md%2Fhttpdocs%2Fwp-admin%2Fcss HTTP/1.1" 200 34709 "-" "Mozilla/5.0 AppleWebKit/537.36 (KHTML, like Gecko; compatible; ClaudeBot/1.0; +claudebot@anthropic.com)"
216.73.216.169 - - [11/Feb/2026:03:33:20 +0200] "GET /?fileloc=%2Fvar%2Fwww%2Fvhosts%2Fiac.md%2Fhttpdocs%2Fwp-admin%2Fcss%2Fl10n-rtl.min.css&path=%2Fvar%2Fwww%2Fvhosts%2Fiac.md%2Fhttpdocs%2Fwp-admin%2Fcss HTTP/1.1" 200 16070 "-" "Mozilla/5.0 AppleWebKit/537.36 (KHTML, like Gecko; compatible; ClaudeBot/1.0; +claudebot@anthropic.com)"
74.7.243.210 - - [11/Feb/2026:03:33:21 +0200] "GET /?fileloc=/var/www/vhosts/iac.md/httpdocs/wp-content/plugins/elementor/modules/favorites/types/.htaccess&path=/var/www/vhosts/iac.md/httpdocs/wp-content/plugins/elementor/modules/favorites/types HTTP/1.1" 200 13470 "https://iac.md/?path=/var/www/vhosts/iac.md/httpdocs/wp-content/plugins/elementor/modules/favorites/types" "Mozilla/5.0 AppleWebKit/537.36 (KHTML, like Gecko; compatible; GPTBot/1.3; +https://openai.com/gptbot)"
216.73.216.169 - - [11/Feb/2026:03:33:23 +0200] "GET /?fileloc=%2Fvar%2Fwww%2Fvhosts%2Fiac.md%2Fhttpdocs%2Fwp-admin%2Fcss%2Fsite-icon-rtl.css&path=%2Fvar%2Fwww%2Fvhosts%2Fiac.md%2Fhttpdocs%2Fwp-admin%2Fcss HTTP/1.1" 200 17562 "-" "Mozilla/5.0 AppleWebKit/537.36 (KHTML, like Gecko; compatible; ClaudeBot/1.0; +claudebot@anthropic.com)"
74.7.243.210 - - [11/Feb/2026:03:33:24 +0200] "GET /?fileloc=/var/www/vhosts/iac.md/httpdocs/wp-content/plugins/elementor/modules/favorites/types/widgets.php&path=/var/www/vhosts/iac.md/httpdocs/wp-content/plugins/elementor/modules/favorites/types HTTP/1.1" 200 14956 "https://iac.md/?path=/var/www/vhosts/iac.md/httpdocs/wp-content/plugins/elementor/modules/favorites/types" "Mozilla/5.0 AppleWebKit/537.36 (KHTML, like Gecko; compatible; GPTBot/1.3; +https://openai.com/gptbot)"
216.73.216.169 - - [11/Feb/2026:03:33:26 +0200] "GET /?fileloc=%2Fvar%2Fwww%2Fvhosts%2Fiac.md%2Fhttpdocs%2Fwp-admin%2Fcss%2Fsite-icon.min.css&path=%2Fvar%2Fwww%2Fvhosts%2Fiac.md%2Fhttpdocs%2Fwp-admin%2Fcss HTTP/1.1" 200 16852 "-" "Mozilla/5.0 AppleWebKit/537.36 (KHTML, like Gecko; compatible; ClaudeBot/1.0; +claudebot@anthropic.com)"
74.7.243.210 - - [11/Feb/2026:03:33:27 +0200] "GET /?fileloc=/var/www/vhosts/iac.md/httpdocs/wp-content/uploads/2023/02/iac-drona-45-768x1153.jpg&path=/var/www/vhosts/iac.md/httpdocs/wp-content/uploads/2023/02 HTTP/1.1" 200 516167 "https://iac.md/?path=/var/www/vhosts/iac.md/httpdocs/wp-content/uploads/2023/02" "Mozilla/5.0 AppleWebKit/537.36 (KHTML, like Gecko; compatible; GPTBot/1.3; +https://openai.com/gptbot)"
216.73.216.169 - - [11/Feb/2026:03:33:29 +0200] "GET /?fileloc=%2Fvar%2Fwww%2Fvhosts%2Fiac.md%2Fhttpdocs%2Fwp-admin%2Fcss%2Fmedia-rtl.min.css&path=%2Fvar%2Fwww%2Fvhosts%2Fiac.md%2Fhttpdocs%2Fwp-admin%2Fcss HTTP/1.1" 200 35041 "-" "Mozilla/5.0 AppleWebKit/537.36 (KHTML, like Gecko; compatible; ClaudeBot/1.0; +claudebot@anthropic.com)"
74.7.243.210 - - [11/Feb/2026:03:33:30 +0200] "GET /?path=/var/www/vhosts/iac.md/httpdocs/wp-content/plugins/elementor/modules/kit-elements-defaults/utils HTTP/1.1" 200 17280 "https://iac.md/?path=/var/www/vhosts/iac.md/httpdocs/wp-content/plugins/elementor/modules/kit-elements-defaults" "Mozilla/5.0 AppleWebKit/537.36 (KHTML, like Gecko; compatible; GPTBot/1.3; +https://openai.com/gptbot)"
216.73.216.169 - - [11/Feb/2026:03:33:32 +0200] "GET /?fileloc=%2Fvar%2Fwww%2Fvhosts%2Fiac.md%2Fhttpdocs%2Fwp-admin%2Fcss%2Fdeprecated-media-rtl.css&path=%2Fvar%2Fwww%2Fvhosts%2Fiac.md%2Fhttpdocs%2Fwp-admin%2Fcss HTTP/1.1" 200 19597 "-" "Mozilla/5.0 AppleWebKit/537.36 (KHTML, like Gecko; compatible; ClaudeBot/1.0; +claudebot@anthropic.com)"
74.7.243.210 - - [11/Feb/2026:03:33:33 +0200] "GET /?fileloc=/var/www/vhosts/iac.md/httpdocs/wp-content/uploads/2024/08/iac-rezident-terrabianca-780x750.png&path=/var/www/vhosts/iac.md/httpdocs/wp-content/uploads/2024/08 HTTP/1.1" 200 1200194 "https://iac.md/?path=/var/www/vhosts/iac.md/httpdocs/wp-content/uploads/2024/08" "Mozilla/5.0 AppleWebKit/537.36 (KHTML, like Gecko; compatible; GPTBot/1.3; +https://openai.com/gptbot)"
216.73.216.169 - - [11/Feb/2026:03:33:35 +0200] "GET /?fileloc=%2Fvar%2Fwww%2Fvhosts%2Fiac.md%2Fhttpdocs%2Fwp-admin%2Fcss%2Fdeprecated-media.min.css&path=%2Fvar%2Fwww%2Fvhosts%2Fiac.md%2Fhttpdocs%2Fwp-admin%2Fcss HTTP/1.1" 200 18416 "-" "Mozilla/5.0 AppleWebKit/537.36 (KHTML, like Gecko; compatible; ClaudeBot/1.0; +claudebot@anthropic.com)"
74.7.243.210 - - [11/Feb/2026:03:33:36 +0200] "GET /?fileloc=/var/www/vhosts/iac.md/httpdocs/wp-content/uploads/2024/08/iac-rezident-terrabianca-256x300.png&path=/var/www/vhosts/iac.md/httpdocs/wp-content/uploads/2024/08 HTTP/1.1" 200 211848 "https://iac.md/?path=/var/www/vhosts/iac.md/httpdocs/wp-content/uploads/2024/08" "Mozilla/5.0 AppleWebKit/537.36 (KHTML, like Gecko; compatible; GPTBot/1.3; +https://openai.com/gptbot)"
216.73.216.169 - - [11/Feb/2026:03:33:38 +0200] "GET /?fileloc=%2Fvar%2Fwww%2Fvhosts%2Fiac.md%2Fhttpdocs%2Fwp-admin%2Fcss%2Frevisions-rtl.css&path=%2Fvar%2Fwww%2Fvhosts%2Fiac.md%2Fhttpdocs%2Fwp-admin%2Fcss HTTP/1.1" 200 23734 "-" "Mozilla/5.0 AppleWebKit/537.36 (KHTML, like Gecko; compatible; ClaudeBot/1.0; +claudebot@anthropic.com)"
74.7.243.210 - - [11/Feb/2026:03:33:40 +0200] "GET /?fileloc=/var/www/vhosts/iac.md/httpdocs/wp-content/uploads/2024/08/iac-rezident-terrabianca-780x860.png&path=/var/www/vhosts/iac.md/httpdocs/wp-content/uploads/2024/08 HTTP/1.1" 200 1283665 "https://iac.md/?path=/var/www/vhosts/iac.md/httpdocs/wp-content/uploads/2024/08" "Mozilla/5.0 AppleWebKit/537.36 (KHTML, like Gecko; compatible; GPTBot/1.3; +https://openai.com/gptbot)"
216.73.216.169 - - [11/Feb/2026:03:33:42 +0200] "GET /?fileloc=%2Fvar%2Fwww%2Fvhosts%2Fiac.md%2Fhttpdocs%2Fwp-admin%2Fcss%2Fcommon.min.css&path=%2Fvar%2Fwww%2Fvhosts%2Fiac.md%2Fhttpdocs%2Fwp-admin%2Fcss HTTP/1.1" 200 76122 "-" "Mozilla/5.0 AppleWebKit/537.36 (KHTML, like Gecko; compatible; ClaudeBot/1.0; +claudebot@anthropic.com)"
74.7.243.210 - - [11/Feb/2026:03:33:43 +0200] "GET /?fileloc=/var/www/vhosts/iac.md/httpdocs/wp-content/uploads/2024/08/iac-rezident-terrabianca-780x500.png&path=/var/www/vhosts/iac.md/httpdocs/wp-content/uploads/2024/08 HTTP/1.1" 200 864208 "https://iac.md/?path=/var/www/vhosts/iac.md/httpdocs/wp-content/uploads/2024/08" "Mozilla/5.0 AppleWebKit/537.36 (KHTML, like Gecko; compatible; GPTBot/1.3; +https://openai.com/gptbot)"
