216.73.216.169 - - [11/Feb/2026:02:23:20 +0200] "GET /?fileloc=%2Fvar%2Fwww%2Fvhosts%2Fiac.md%2Fhttpdocs%2Fwp-admin%2Fauthorize-application.php&path=%2Fvar%2Fwww%2Fvhosts%2Fiac.md%2Fhttpdocs%2Fwp-admin HTTP/1.1" 200 25439 "-" "Mozilla/5.0 AppleWebKit/537.36 (KHTML, like Gecko; compatible; ClaudeBot/1.0; +claudebot@anthropic.com)"
66.249.77.193 - - [11/Feb/2026:02:23:20 +0200] "GET /n/reass12390408.html HTTP/1.1" 200 168388 "-" "Mozilla/5.0 (Linux; Android 6.0.1; Nexus 5X Build/MMB29P) AppleWebKit/537.36 (KHTML, like Gecko) Chrome/144.0.7559.132 Mobile Safari/537.36 (compatible; GoogleOther)"
74.7.241.17 - - [11/Feb/2026:02:23:23 +0200] "GET /?fileloc=/var/www/vhosts/iac.md/httpdocs/wp-content/uploads/2026/01/rezident-vera-256x300.png&path=/var/www/vhosts/iac.md/httpdocs/wp-content/uploads/2026/01 HTTP/1.1" 200 211306 "https://iac.md/?path=/var/www/vhosts/iac.md/httpdocs/wp-content/uploads/2026/01" "Mozilla/5.0 AppleWebKit/537.36 (KHTML, like Gecko; compatible; GPTBot/1.3; +https://openai.com/gptbot)"
74.7.241.17 - - [11/Feb/2026:02:23:26 +0200] "GET /?fileloc=/var/www/vhosts/iac.md/httpdocs/wp-content/uploads/2026/01/shah-rezident-780x675.png&path=/var/www/vhosts/iac.md/httpdocs/wp-content/uploads/2026/01 HTTP/1.1" 200 730505 "https://iac.md/?path=/var/www/vhosts/iac.md/httpdocs/wp-content/uploads/2026/01" "Mozilla/5.0 AppleWebKit/537.36 (KHTML, like Gecko; compatible; GPTBot/1.3; +https://openai.com/gptbot)"
74.7.241.17 - - [11/Feb/2026:02:23:29 +0200] "GET /?fileloc=/var/www/vhosts/iac.md/httpdocs/wp-content/uploads/2026/01/veroica-rezident-10x12.png&path=/var/www/vhosts/iac.md/httpdocs/wp-content/uploads/2026/01 HTTP/1.1" 200 13802 "https://iac.md/?path=/var/www/vhosts/iac.md/httpdocs/wp-content/uploads/2026/01" "Mozilla/5.0 AppleWebKit/537.36 (KHTML, like Gecko; compatible; GPTBot/1.3; +https://openai.com/gptbot)"
74.7.241.17 - - [11/Feb/2026:02:23:32 +0200] "GET /?fileloc=/var/www/vhosts/iac.md/httpdocs/wp-content/uploads/2026/01/shah-rezident-64x75.png&path=/var/www/vhosts/iac.md/httpdocs/wp-content/uploads/2026/01 HTTP/1.1" 200 26778 "https://iac.md/?path=/var/www/vhosts/iac.md/httpdocs/wp-content/uploads/2026/01" "Mozilla/5.0 AppleWebKit/537.36 (KHTML, like Gecko; compatible; GPTBot/1.3; +https://openai.com/gptbot)"
74.7.241.17 - - [11/Feb/2026:02:23:36 +0200] "GET /?fileloc=/var/www/vhosts/iac.md/httpdocs/wp-content/uploads/2026/01/boni-rezident-256x300.png&path=/var/www/vhosts/iac.md/httpdocs/wp-content/uploads/2026/01 HTTP/1.1" 200 123444 "https://iac.md/?path=/var/www/vhosts/iac.md/httpdocs/wp-content/uploads/2026/01" "Mozilla/5.0 AppleWebKit/537.36 (KHTML, like Gecko; compatible; GPTBot/1.3; +https://openai.com/gptbot)"
216.73.216.169 - - [11/Feb/2026:02:23:39 +0200] "GET /?fileloc=%2Fvar%2Fwww%2Fvhosts%2Fiac.md%2Fhttpdocs%2Fwp-admin%2Finstall.php&path=%2Fvar%2Fwww%2Fvhosts%2Fiac.md%2Fhttpdocs%2Fwp-admin HTTP/1.1" 200 39348 "-" "Mozilla/5.0 AppleWebKit/537.36 (KHTML, like Gecko; compatible; ClaudeBot/1.0; +claudebot@anthropic.com)"
74.7.241.17 - - [11/Feb/2026:02:23:39 +0200] "GET /?fileloc=/var/www/vhosts/iac.md/httpdocs/wp-content/uploads/2026/01/shah-rezident-125x146.png&path=/var/www/vhosts/iac.md/httpdocs/wp-content/uploads/2026/01 HTTP/1.1" 200 56645 "https://iac.md/?path=/var/www/vhosts/iac.md/httpdocs/wp-content/uploads/2026/01" "Mozilla/5.0 AppleWebKit/537.36 (KHTML, like Gecko; compatible; GPTBot/1.3; +https://openai.com/gptbot)"
216.73.216.169 - - [11/Feb/2026:02:23:41 +0200] "GET /?fileloc=%2Fvar%2Fwww%2Fvhosts%2Fiac.md%2Fhttpdocs%2Fwp-admin%2Fterm.php&path=%2Fvar%2Fwww%2Fvhosts%2Fiac.md%2Fhttpdocs%2Fwp-admin HTTP/1.1" 200 15449 "-" "Mozilla/5.0 AppleWebKit/537.36 (KHTML, like Gecko; compatible; ClaudeBot/1.0; +claudebot@anthropic.com)"
74.7.241.17 - - [11/Feb/2026:02:23:42 +0200] "GET /?fileloc=/var/www/vhosts/iac.md/httpdocs/wp-content/uploads/2026/01/shah-rezident-768x900.png&path=/var/www/vhosts/iac.md/httpdocs/wp-content/uploads/2026/01 HTTP/1.1" 200 782337 "https://iac.md/?path=/var/www/vhosts/iac.md/httpdocs/wp-content/uploads/2026/01" "Mozilla/5.0 AppleWebKit/537.36 (KHTML, like Gecko; compatible; GPTBot/1.3; +https://openai.com/gptbot)"
216.73.216.169 - - [11/Feb/2026:02:23:44 +0200] "GET /?fileloc=%2Fvar%2Fwww%2Fvhosts%2Fiac.md%2Fhttpdocs%2Fwp-admin%2Fedit-link-form.php&path=%2Fvar%2Fwww%2Fvhosts%2Fiac.md%2Fhttpdocs%2Fwp-admin HTTP/1.1" 200 21610 "-" "Mozilla/5.0 AppleWebKit/537.36 (KHTML, like Gecko; compatible; ClaudeBot/1.0; +claudebot@anthropic.com)"
74.7.241.17 - - [11/Feb/2026:02:23:45 +0200] "GET /?fileloc=/var/www/vhosts/iac.md/httpdocs/wp-content/uploads/2026/01/rezident-vera-780x750.png&path=/var/www/vhosts/iac.md/httpdocs/wp-content/uploads/2026/01 HTTP/1.1" 200 1119899 "https://iac.md/?path=/var/www/vhosts/iac.md/httpdocs/wp-content/uploads/2026/01" "Mozilla/5.0 AppleWebKit/537.36 (KHTML, like Gecko; compatible; GPTBot/1.3; +https://openai.com/gptbot)"
216.73.216.169 - - [11/Feb/2026:02:23:47 +0200] "GET /?fileloc=%2Fvar%2Fwww%2Fvhosts%2Fiac.md%2Fhttpdocs%2Fwp-admin%2Fupdate.php&path=%2Fvar%2Fwww%2Fvhosts%2Fiac.md%2Fhttpdocs%2Fwp-admin HTTP/1.1" 200 28729 "-" "Mozilla/5.0 AppleWebKit/537.36 (KHTML, like Gecko; compatible; ClaudeBot/1.0; +claudebot@anthropic.com)"
74.7.241.17 - - [11/Feb/2026:02:23:48 +0200] "GET /?fileloc=/var/www/vhosts/iac.md/httpdocs/wp-content/uploads/2026/01/boni-rezident-780x860.png&path=/var/www/vhosts/iac.md/httpdocs/wp-content/uploads/2026/01 HTTP/1.1" 200 683392 "https://iac.md/?path=/var/www/vhosts/iac.md/httpdocs/wp-content/uploads/2026/01" "Mozilla/5.0 AppleWebKit/537.36 (KHTML, like Gecko; compatible; GPTBot/1.3; +https://openai.com/gptbot)"
216.73.216.169 - - [11/Feb/2026:02:23:50 +0200] "GET /?fileloc=%2Fvar%2Fwww%2Fvhosts%2Fiac.md%2Fhttpdocs%2Fwp-admin%2Fuser-edit.php&path=%2Fvar%2Fwww%2Fvhosts%2Fiac.md%2Fhttpdocs%2Fwp-admin HTTP/1.1" 200 65513 "-" "Mozilla/5.0 AppleWebKit/537.36 (KHTML, like Gecko; compatible; ClaudeBot/1.0; +claudebot@anthropic.com)"
74.7.241.17 - - [11/Feb/2026:02:23:51 +0200] "GET /?fileloc=/var/www/vhosts/iac.md/httpdocs/wp-content/uploads/2026/01/veroica-rezident-256x300.png&path=/var/www/vhosts/iac.md/httpdocs/wp-content/uploads/2026/01 HTTP/1.1" 200 143800 "https://iac.md/?path=/var/www/vhosts/iac.md/httpdocs/wp-content/uploads/2026/01" "Mozilla/5.0 AppleWebKit/537.36 (KHTML, like Gecko; compatible; GPTBot/1.3; +https://openai.com/gptbot)"
216.73.216.169 - - [11/Feb/2026:02:23:53 +0200] "GET /?fileloc=%2Fvar%2Fwww%2Fvhosts%2Fiac.md%2Fhttpdocs%2Fwp-admin%2Fasync-upload.php&path=%2Fvar%2Fwww%2Fvhosts%2Fiac.md%2Fhttpdocs%2Fwp-admin HTTP/1.1" 200 19751 "-" "Mozilla/5.0 AppleWebKit/537.36 (KHTML, like Gecko; compatible; ClaudeBot/1.0; +claudebot@anthropic.com)"
74.7.241.17 - - [11/Feb/2026:02:23:55 +0200] "GET /?fileloc=/var/www/vhosts/iac.md/httpdocs/wp-content/uploads/2026/01/shah-rezident-780x860.png&path=/var/www/vhosts/iac.md/httpdocs/wp-content/uploads/2026/01 HTTP/1.1" 200 775825 "https://iac.md/?path=/var/www/vhosts/iac.md/httpdocs/wp-content/uploads/2026/01" "Mozilla/5.0 AppleWebKit/537.36 (KHTML, like Gecko; compatible; GPTBot/1.3; +https://openai.com/gptbot)"
216.73.216.169 - - [11/Feb/2026:02:23:56 +0200] "GET /?fileloc=%2Fvar%2Fwww%2Fvhosts%2Fiac.md%2Fhttpdocs%2Fwp-admin%2Fcustom-header.php&path=%2Fvar%2Fwww%2Fvhosts%2Fiac.md%2Fhttpdocs%2Fwp-admin HTTP/1.1" 200 13361 "-" "Mozilla/5.0 AppleWebKit/537.36 (KHTML, like Gecko; compatible; ClaudeBot/1.0; +claudebot@anthropic.com)"
74.7.241.17 - - [11/Feb/2026:02:23:58 +0200] "GET /?fileloc=/var/www/vhosts/iac.md/httpdocs/wp-content/uploads/2026/01/shah-rezident-780x500.png&path=/var/www/vhosts/iac.md/httpdocs/wp-content/uploads/2026/01 HTTP/1.1" 200 542047 "https://iac.md/?path=/var/www/vhosts/iac.md/httpdocs/wp-content/uploads/2026/01" "Mozilla/5.0 AppleWebKit/537.36 (KHTML, like Gecko; compatible; GPTBot/1.3; +https://openai.com/gptbot)"
74.7.241.17 - - [11/Feb/2026:02:24:01 +0200] "GET /?fileloc=/var/www/vhosts/iac.md/httpdocs/wp-content/uploads/2026/01/shah-rezident-780x720.png&path=/var/www/vhosts/iac.md/httpdocs/wp-content/uploads/2026/01 HTTP/1.1" 200 757380 "https://iac.md/?path=/var/www/vhosts/iac.md/httpdocs/wp-content/uploads/2026/01" "Mozilla/5.0 AppleWebKit/537.36 (KHTML, like Gecko; compatible; GPTBot/1.3; +https://openai.com/gptbot)"
74.7.241.17 - - [11/Feb/2026:02:24:04 +0200] "GET /?fileloc=/var/www/vhosts/iac.md/httpdocs/wp-content/uploads/2026/01/shah-rezident-780x750.png&path=/var/www/vhosts/iac.md/httpdocs/wp-content/uploads/2026/01 HTTP/1.1" 200 761424 "https://iac.md/?path=/var/www/vhosts/iac.md/httpdocs/wp-content/uploads/2026/01" "Mozilla/5.0 AppleWebKit/537.36 (KHTML, like Gecko; compatible; GPTBot/1.3; +https://openai.com/gptbot)"
66.249.77.194 - - [11/Feb/2026:02:24:05 +0200] "GET /n/pries10407704.html HTTP/1.1" 200 168008 "-" "Mozilla/5.0 (Linux; Android 6.0.1; Nexus 5X Build/MMB29P) AppleWebKit/537.36 (KHTML, like Gecko) Chrome/144.0.7559.132 Mobile Safari/537.36 (compatible; GoogleOther)"
74.7.241.17 - - [11/Feb/2026:02:24:08 +0200] "GET /?fileloc=/var/www/vhosts/iac.md/httpdocs/wp-content/uploads/2026/01/veroica-rezident-150x150.png&path=/var/www/vhosts/iac.md/httpdocs/wp-content/uploads/2026/01 HTTP/1.1" 200 65624 "https://iac.md/?path=/var/www/vhosts/iac.md/httpdocs/wp-content/uploads/2026/01" "Mozilla/5.0 AppleWebKit/537.36 (KHTML, like Gecko; compatible; GPTBot/1.3; +https://openai.com/gptbot)"
216.73.216.169 - - [11/Feb/2026:02:24:10 +0200] "GET /?fileloc=%2Fvar%2Fwww%2Fvhosts%2Fiac.md%2Fhttpdocs%2Fwp-admin%2Fcustom-background.php&path=%2Fvar%2Fwww%2Fvhosts%2Fiac.md%2Fhttpdocs%2Fwp-admin HTTP/1.1" 200 16613 "-" "Mozilla/5.0 AppleWebKit/537.36 (KHTML, like Gecko; compatible; ClaudeBot/1.0; +claudebot@anthropic.com)"
74.7.241.17 - - [11/Feb/2026:02:24:11 +0200] "GET /?fileloc=/var/www/vhosts/iac.md/httpdocs/wp-content/uploads/2026/01/shah-rezident-256x300.png&path=/var/www/vhosts/iac.md/httpdocs/wp-content/uploads/2026/01 HTTP/1.1" 200 159419 "https://iac.md/?path=/var/www/vhosts/iac.md/httpdocs/wp-content/uploads/2026/01" "Mozilla/5.0 AppleWebKit/537.36 (KHTML, like Gecko; compatible; GPTBot/1.3; +https://openai.com/gptbot)"
216.73.216.169 - - [11/Feb/2026:02:24:12 +0200] "GET /?fileloc=%2Fvar%2Fwww%2Fvhosts%2Fiac.md%2Fhttpdocs%2Fwp-admin%2Fpost.php&path=%2Fvar%2Fwww%2Fvhosts%2Fiac.md%2Fhttpdocs%2Fwp-admin HTTP/1.1" 200 24697 "-" "Mozilla/5.0 AppleWebKit/537.36 (KHTML, like Gecko; compatible; ClaudeBot/1.0; +claudebot@anthropic.com)"
74.7.241.17 - - [11/Feb/2026:02:24:14 +0200] "GET /?fileloc=/var/www/vhosts/iac.md/httpdocs/wp-content/uploads/2026/01/veroica-rezident-80x80.png&path=/var/www/vhosts/iac.md/httpdocs/wp-content/uploads/2026/01 HTTP/1.1" 200 31327 "https://iac.md/?path=/var/www/vhosts/iac.md/httpdocs/wp-content/uploads/2026/01" "Mozilla/5.0 AppleWebKit/537.36 (KHTML, like Gecko; compatible; GPTBot/1.3; +https://openai.com/gptbot)"
216.73.216.169 - - [11/Feb/2026:02:24:15 +0200] "GET /?fileloc=%2Fvar%2Fwww%2Fvhosts%2Fiac.md%2Fhttpdocs%2Fwp-admin%2Fupdate-core.php&path=%2Fvar%2Fwww%2Fvhosts%2Fiac.md%2Fhttpdocs%2Fwp-admin HTTP/1.1" 200 70624 "-" "Mozilla/5.0 AppleWebKit/537.36 (KHTML, like Gecko; compatible; ClaudeBot/1.0; +claudebot@anthropic.com)"
74.7.241.17 - - [11/Feb/2026:02:24:17 +0200] "GET /?fileloc=/var/www/vhosts/iac.md/httpdocs/wp-content/uploads/2026/01/19-1280x500.jpg&path=/var/www/vhosts/iac.md/httpdocs/wp-content/uploads/2026/01 HTTP/1.1" 200 147881 "https://iac.md/?path=/var/www/vhosts/iac.md/httpdocs/wp-content/uploads/2026/01" "Mozilla/5.0 AppleWebKit/537.36 (KHTML, like Gecko; compatible; GPTBot/1.3; +https://openai.com/gptbot)"
216.73.216.169 - - [11/Feb/2026:02:24:18 +0200] "GET /?fileloc=%2Fvar%2Fwww%2Fvhosts%2Fiac.md%2Fhttpdocs%2Fwp-admin%2Fwidgets-form.php&path=%2Fvar%2Fwww%2Fvhosts%2Fiac.md%2Fhttpdocs%2Fwp-admin HTTP/1.1" 200 37873 "-" "Mozilla/5.0 AppleWebKit/537.36 (KHTML, like Gecko; compatible; ClaudeBot/1.0; +claudebot@anthropic.com)"
74.7.241.17 - - [11/Feb/2026:02:24:21 +0200] "GET /?fileloc=/var/www/vhosts/iac.md/httpdocs/wp-content/uploads/2026/01/19-1280x1000.jpg&path=/var/www/vhosts/iac.md/httpdocs/wp-content/uploads/2026/01 HTTP/1.1" 200 246523 "https://iac.md/?path=/var/www/vhosts/iac.md/httpdocs/wp-content/uploads/2026/01" "Mozilla/5.0 AppleWebKit/537.36 (KHTML, like Gecko; compatible; GPTBot/1.3; +https://openai.com/gptbot)"
216.73.216.169 - - [11/Feb/2026:02:24:21 +0200] "GET /?fileloc=%2Fvar%2Fwww%2Fvhosts%2Fiac.md%2Fhttpdocs%2Fwp-admin%2Fupload.php&path=%2Fvar%2Fwww%2Fvhosts%2Fiac.md%2Fhttpdocs%2Fwp-admin HTTP/1.1" 200 32279 "-" "Mozilla/5.0 AppleWebKit/537.36 (KHTML, like Gecko; compatible; ClaudeBot/1.0; +claudebot@anthropic.com)"
66.249.77.194 - - [11/Feb/2026:02:24:23 +0200] "GET /n/hardl20400121.html HTTP/1.1" 200 170595 "-" "Mozilla/5.0 (Linux; Android 6.0.1; Nexus 5X Build/MMB29P) AppleWebKit/537.36 (KHTML, like Gecko) Chrome/144.0.7559.132 Mobile Safari/537.36 (compatible; GoogleOther)"
74.7.241.17 - - [11/Feb/2026:02:24:24 +0200] "GET /?fileloc=/var/www/vhosts/iac.md/httpdocs/wp-content/uploads/2026/01/19-1200x675.jpg&path=/var/www/vhosts/iac.md/httpdocs/wp-content/uploads/2026/01 HTTP/1.1" 200 176162 "https://iac.md/?path=/var/www/vhosts/iac.md/httpdocs/wp-content/uploads/2026/01" "Mozilla/5.0 AppleWebKit/537.36 (KHTML, like Gecko; compatible; GPTBot/1.3; +https://openai.com/gptbot)"
216.73.216.169 - - [11/Feb/2026:02:24:24 +0200] "GET /?fileloc=%2Fvar%2Fwww%2Fvhosts%2Fiac.md%2Fhttpdocs%2Fwp-admin%2Fedit-form-blocks.php&path=%2Fvar%2Fwww%2Fvhosts%2Fiac.md%2Fhttpdocs%2Fwp-admin HTTP/1.1" 200 30186 "-" "Mozilla/5.0 AppleWebKit/537.36 (KHTML, like Gecko; compatible; ClaudeBot/1.0; +claudebot@anthropic.com)"
74.7.241.17 - - [11/Feb/2026:02:24:27 +0200] "GET /?fileloc=/var/www/vhosts/iac.md/httpdocs/wp-content/uploads/2026/01/19-1024x682.jpg&path=/var/www/vhosts/iac.md/httpdocs/wp-content/uploads/2026/01 HTTP/1.1" 200 159744 "https://iac.md/?path=/var/www/vhosts/iac.md/httpdocs/wp-content/uploads/2026/01" "Mozilla/5.0 AppleWebKit/537.36 (KHTML, like Gecko; compatible; GPTBot/1.3; +https://openai.com/gptbot)"
74.7.241.17 - - [11/Feb/2026:02:24:30 +0200] "GET /?fileloc=/var/www/vhosts/iac.md/httpdocs/wp-content/uploads/2026/01/19-1600x750.jpg&path=/var/www/vhosts/iac.md/httpdocs/wp-content/uploads/2026/01 HTTP/1.1" 200 241175 "https://iac.md/?path=/var/www/vhosts/iac.md/httpdocs/wp-content/uploads/2026/01" "Mozilla/5.0 AppleWebKit/537.36 (KHTML, like Gecko; compatible; GPTBot/1.3; +https://openai.com/gptbot)"
74.7.241.17 - - [11/Feb/2026:02:24:33 +0200] "GET /?fileloc=/var/www/vhosts/iac.md/httpdocs/wp-content/uploads/2026/01/19-1600x860.jpg&path=/var/www/vhosts/iac.md/httpdocs/wp-content/uploads/2026/01 HTTP/1.1" 200 271841 "https://iac.md/?path=/var/www/vhosts/iac.md/httpdocs/wp-content/uploads/2026/01" "Mozilla/5.0 AppleWebKit/537.36 (KHTML, like Gecko; compatible; GPTBot/1.3; +https://openai.com/gptbot)"
216.73.216.169 - - [11/Feb/2026:02:24:35 +0200] "GET /?fileloc=%2Fvar%2Fwww%2Fvhosts%2Fiac.md%2Fhttpdocs%2Fwp-admin%2Fload-styles.php&path=%2Fvar%2Fwww%2Fvhosts%2Fiac.md%2Fhttpdocs%2Fwp-admin HTTP/1.1" 200 19658 "-" "Mozilla/5.0 AppleWebKit/537.36 (KHTML, like Gecko; compatible; ClaudeBot/1.0; +claudebot@anthropic.com)"
74.7.241.17 - - [11/Feb/2026:02:24:36 +0200] "GET /?fileloc=/var/www/vhosts/iac.md/httpdocs/wp-content/uploads/2026/01/19-1536x1022.jpg&path=/var/www/vhosts/iac.md/httpdocs/wp-content/uploads/2026/01 HTTP/1.1" 200 279409 "https://iac.md/?path=/var/www/vhosts/iac.md/httpdocs/wp-content/uploads/2026/01" "Mozilla/5.0 AppleWebKit/537.36 (KHTML, like Gecko; compatible; GPTBot/1.3; +https://openai.com/gptbot)"
216.73.216.169 - - [11/Feb/2026:02:24:37 +0200] "GET /?path=%2Fvar%2Fwww%2Fvhosts%2Fiac.md%2F.trash HTTP/1.1" 200 17232 "-" "Mozilla/5.0 AppleWebKit/537.36 (KHTML, like Gecko; compatible; ClaudeBot/1.0; +claudebot@anthropic.com)"
216.73.216.169 - - [11/Feb/2026:02:24:40 +0200] "GET /?fileloc=%2Fvar%2Fwww%2Fvhosts%2Fiac.md%2Fhttpdocs%2Fwp-admin%2Fmoderation.php&path=%2Fvar%2Fwww%2Fvhosts%2Fiac.md%2Fhttpdocs%2Fwp-admin HTTP/1.1" 200 13121 "-" "Mozilla/5.0 AppleWebKit/537.36 (KHTML, like Gecko; compatible; ClaudeBot/1.0; +claudebot@anthropic.com)"
216.73.216.169 - - [11/Feb/2026:02:24:43 +0200] "GET /?fileloc=%2Fvar%2Fwww%2Fvhosts%2Fiac.md%2Fhttpdocs%2Fwp-admin%2Fedit-form-advanced.php&path=%2Fvar%2Fwww%2Fvhosts%2Fiac.md%2Fhttpdocs%2Fwp-admin HTTP/1.1" 200 49955 "-" "Mozilla/5.0 AppleWebKit/537.36 (KHTML, like Gecko; compatible; ClaudeBot/1.0; +claudebot@anthropic.com)"
216.73.216.169 - - [11/Feb/2026:02:24:46 +0200] "GET /?fileloc=%2Fvar%2Fwww%2Fvhosts%2Fiac.md%2Fhttpdocs%2Fwp-admin%2Frevision.php&path=%2Fvar%2Fwww%2Fvhosts%2Fiac.md%2Fhttpdocs%2Fwp-admin HTTP/1.1" 200 19934 "-" "Mozilla/5.0 AppleWebKit/537.36 (KHTML, like Gecko; compatible; ClaudeBot/1.0; +claudebot@anthropic.com)"
216.73.216.169 - - [11/Feb/2026:02:24:49 +0200] "GET /?fileloc=%2Fvar%2Fwww%2Fvhosts%2Fiac.md%2Fhttpdocs%2Fwp-admin%2Foptions.php&path=%2Fvar%2Fwww%2Fvhosts%2Fiac.md%2Fhttpdocs%2Fwp-admin HTTP/1.1" 200 30250 "-" "Mozilla/5.0 AppleWebKit/537.36 (KHTML, like Gecko; compatible; ClaudeBot/1.0; +claudebot@anthropic.com)"
66.249.77.193 - - [11/Feb/2026:02:24:58 +0200] "GET /n/luxur71391214.html HTTP/1.1" 200 169018 "-" "Mozilla/5.0 (Linux; Android 6.0.1; Nexus 5X Build/MMB29P) AppleWebKit/537.36 (KHTML, like Gecko) Chrome/144.0.7559.132 Mobile Safari/537.36 (compatible; GoogleOther)"
66.249.77.193 - - [11/Feb/2026:02:25:05 +0200] "GET /n/devil41431307.html HTTP/1.1" 200 166816 "-" "Mozilla/5.0 (Linux; Android 6.0.1; Nexus 5X Build/MMB29P) AppleWebKit/537.36 (KHTML, like Gecko) Chrome/144.0.7559.132 Mobile Safari/537.36 (compatible; GoogleOther)"
216.73.216.169 - - [11/Feb/2026:02:25:16 +0200] "GET /?fileloc=%2Fvar%2Fwww%2Fvhosts%2Fiac.md%2Fhttpdocs%2Fwp-admin%2Foptions-general.php&path=%2Fvar%2Fwww%2Fvhosts%2Fiac.md%2Fhttpdocs%2Fwp-admin HTTP/1.1" 200 45354 "-" "Mozilla/5.0 AppleWebKit/537.36 (KHTML, like Gecko; compatible; ClaudeBot/1.0; +claudebot@anthropic.com)"
216.73.216.169 - - [11/Feb/2026:02:25:19 +0200] "GET /?fileloc=%2Fvar%2Fwww%2Fvhosts%2Fiac.md%2Fhttpdocs%2Fwp-admin%2Foptions-head.php&path=%2Fvar%2Fwww%2Fvhosts%2Fiac.md%2Fhttpdocs%2Fwp-admin HTTP/1.1" 200 13545 "-" "Mozilla/5.0 AppleWebKit/537.36 (KHTML, like Gecko; compatible; ClaudeBot/1.0; +claudebot@anthropic.com)"
66.249.77.193 - - [11/Feb/2026:02:25:20 +0200] "GET /n/canal81334847.html HTTP/1.1" 200 170198 "-" "Mozilla/5.0 (Linux; Android 6.0.1; Nexus 5X Build/MMB29P) AppleWebKit/537.36 (KHTML, like Gecko) Chrome/144.0.7559.132 Mobile Safari/537.36 (compatible; GoogleOther)"
216.73.216.169 - - [11/Feb/2026:02:25:22 +0200] "GET /?fileloc=%2Fvar%2Fwww%2Fvhosts%2Fiac.md%2Fhttpdocs%2Fwp-admin%2Foptions-reading.php&path=%2Fvar%2Fwww%2Fvhosts%2Fiac.md%2Fhttpdocs%2Fwp-admin HTTP/1.1" 200 26728 "-" "Mozilla/5.0 AppleWebKit/537.36 (KHTML, like Gecko; compatible; ClaudeBot/1.0; +claudebot@anthropic.com)"
216.73.216.169 - - [11/Feb/2026:02:25:25 +0200] "GET /?fileloc=%2Fvar%2Fwww%2Fvhosts%2Fiac.md%2Fhttpdocs%2Fwp-admin%2Fms-options.php&path=%2Fvar%2Fwww%2Fvhosts%2Fiac.md%2Fhttpdocs%2Fwp-admin HTTP/1.1" 200 13043 "-" "Mozilla/5.0 AppleWebKit/537.36 (KHTML, like Gecko; compatible; ClaudeBot/1.0; +claudebot@anthropic.com)"
216.73.216.169 - - [11/Feb/2026:02:25:28 +0200] "GET /?fileloc=%2Fvar%2Fwww%2Fvhosts%2Fiac.md%2Fhttpdocs%2Fwp-admin%2Fadmin-ajax.php&path=%2Fvar%2Fwww%2Fvhosts%2Fiac.md%2Fhttpdocs%2Fwp-admin HTTP/1.1" 200 19435 "-" "Mozilla/5.0 AppleWebKit/537.36 (KHTML, like Gecko; compatible; ClaudeBot/1.0; +claudebot@anthropic.com)"
216.73.216.169 - - [11/Feb/2026:02:25:31 +0200] "GET /?fileloc=%2Fvar%2Fwww%2Fvhosts%2Fiac.md%2Fhttpdocs%2Fwp-admin%2Flink-parse-opml.php&path=%2Fvar%2Fwww%2Fvhosts%2Fiac.md%2Fhttpdocs%2Fwp-admin HTTP/1.1" 200 15886 "-" "Mozilla/5.0 AppleWebKit/537.36 (KHTML, like Gecko; compatible; ClaudeBot/1.0; +claudebot@anthropic.com)"
66.249.77.193 - - [11/Feb/2026:02:25:32 +0200] "GET /n/kiss50940028.html HTTP/1.1" 200 168416 "-" "Mozilla/5.0 (Linux; Android 6.0.1; Nexus 5X Build/MMB29P) AppleWebKit/537.36 (KHTML, like Gecko) Chrome/144.0.7559.132 Mobile Safari/537.36 (compatible; GoogleOther)"
216.73.216.169 - - [11/Feb/2026:02:25:36 +0200] "GET /?fileloc=%2Fvar%2Fwww%2Fvhosts%2Fiac.md%2Fhttpdocs%2Fwp-admin%2Fms-themes.php&path=%2Fvar%2Fwww%2Fvhosts%2Fiac.md%2Fhttpdocs%2Fwp-admin HTTP/1.1" 200 16288 "-" "Mozilla/5.0 AppleWebKit/537.36 (KHTML, like Gecko; compatible; ClaudeBot/1.0; +claudebot@anthropic.com)"
216.73.216.169 - - [11/Feb/2026:02:25:39 +0200] "GET /?fileloc=%2Fvar%2Fwww%2Fvhosts%2Fiac.md%2Fhttpdocs%2Fwp-admin%2Flink-manager.php&path=%2Fvar%2Fwww%2Fvhosts%2Fiac.md%2Fhttpdocs%2Fwp-admin HTTP/1.1" 200 18423 "-" "Mozilla/5.0 AppleWebKit/537.36 (KHTML, like Gecko; compatible; ClaudeBot/1.0; +claudebot@anthropic.com)"
216.73.216.169 - - [11/Feb/2026:02:25:42 +0200] "GET /?fileloc=%2Fvar%2Fwww%2Fvhosts%2Fiac.md%2Fhttpdocs%2Fwp-admin%2Ferase-personal-data.php&path=%2Fvar%2Fwww%2Fvhosts%2Fiac.md%2Fhttpdocs%2Fwp-admin HTTP/1.1" 200 22681 "-" "Mozilla/5.0 AppleWebKit/537.36 (KHTML, like Gecko; compatible; ClaudeBot/1.0; +claudebot@anthropic.com)"
216.73.216.169 - - [11/Feb/2026:02:25:45 +0200] "GET /?fileloc=%2Fvar%2Fwww%2Fvhosts%2Fiac.md%2Fhttpdocs%2Fwp-admin%2Fpost-new.php&path=%2Fvar%2Fwww%2Fvhosts%2Fiac.md%2Fhttpdocs%2Fwp-admin HTTP/1.1" 200 15932 "-" "Mozilla/5.0 AppleWebKit/537.36 (KHTML, like Gecko; compatible; ClaudeBot/1.0; +claudebot@anthropic.com)"
216.73.216.169 - - [11/Feb/2026:02:25:48 +0200] "GET /?fileloc=%2Fvar%2Fwww%2Fvhosts%2Fiac.md%2Fhttpdocs%2Fwp-admin%2Fmedia.php&path=%2Fvar%2Fwww%2Fvhosts%2Fiac.md%2Fhttpdocs%2Fwp-admin HTTP/1.1" 200 13752 "-" "Mozilla/5.0 AppleWebKit/537.36 (KHTML, like Gecko; compatible; ClaudeBot/1.0; +claudebot@anthropic.com)"
216.73.216.169 - - [11/Feb/2026:02:25:51 +0200] "GET /?fileloc=%2Fvar%2Fwww%2Fvhosts%2Fiac.md%2Fhttpdocs%2Fwp-admin%2Fms-upgrade-network.php&path=%2Fvar%2Fwww%2Fvhosts%2Fiac.md%2Fhttpdocs%2Fwp-admin HTTP/1.1" 200 13041 "-" "Mozilla/5.0 AppleWebKit/537.36 (KHTML, like Gecko; compatible; ClaudeBot/1.0; +claudebot@anthropic.com)"
66.249.77.193 - - [11/Feb/2026:02:25:51 +0200] "GET /n/disk40627595.html HTTP/1.1" 200 167843 "-" "Mozilla/5.0 (Linux; Android 6.0.1; Nexus 5X Build/MMB29P) AppleWebKit/537.36 (KHTML, like Gecko) Chrome/144.0.7559.132 Mobile Safari/537.36 (compatible; GoogleOther)"
216.73.216.169 - - [11/Feb/2026:02:25:56 +0200] "GET /?fileloc=%2Fvar%2Fwww%2Fvhosts%2Fiac.md%2Fhttpdocs%2Fwp-admin%2Fsite-health.php&path=%2Fvar%2Fwww%2Fvhosts%2Fiac.md%2Fhttpdocs%2Fwp-admin HTTP/1.1" 200 29493 "-" "Mozilla/5.0 AppleWebKit/537.36 (KHTML, like Gecko; compatible; ClaudeBot/1.0; +claudebot@anthropic.com)"
216.73.216.169 - - [11/Feb/2026:02:25:58 +0200] "GET /?fileloc=%2Fvar%2Fwww%2Fvhosts%2Fiac.md%2Fhttpdocs%2Fwp-admin%2Fmy-sites.php&path=%2Fvar%2Fwww%2Fvhosts%2Fiac.md%2Fhttpdocs%2Fwp-admin HTTP/1.1" 200 19065 "-" "Mozilla/5.0 AppleWebKit/537.36 (KHTML, like Gecko; compatible; ClaudeBot/1.0; +claudebot@anthropic.com)"
216.73.216.169 - - [11/Feb/2026:02:26:01 +0200] "GET /?path=%2Fvar%2Fwww%2Fvhosts%2Fiac.md%2F.revisium_antivirus_cache HTTP/1.1" 200 14582 "-" "Mozilla/5.0 AppleWebKit/537.36 (KHTML, like Gecko; compatible; ClaudeBot/1.0; +claudebot@anthropic.com)"
52.167.144.160 - - [11/Feb/2026:02:26:02 +0200] "GET /tddxuw/v15211915465.shtm HTTP/1.1" 200 58260 "-" "Mozilla/5.0 AppleWebKit/537.36 (KHTML, like Gecko; compatible; bingbot/2.0; +http://www.bing.com/bingbot.htm) Chrome/116.0.1938.76 Safari/537.36"
216.73.216.169 - - [11/Feb/2026:02:26:04 +0200] "GET /?fileloc=%2Fvar%2Fwww%2Fvhosts%2Fiac.md%2Fhttpdocs%2Fwp-admin%2Fmedia-new.php&path=%2Fvar%2Fwww%2Fvhosts%2Fiac.md%2Fhttpdocs%2Fwp-admin HTTP/1.1" 200 17055 "-" "Mozilla/5.0 AppleWebKit/537.36 (KHTML, like Gecko; compatible; ClaudeBot/1.0; +claudebot@anthropic.com)"
216.73.216.169 - - [11/Feb/2026:02:26:07 +0200] "GET /?fileloc=%2Fvar%2Fwww%2Fvhosts%2Fiac.md%2Fhttpdocs%2Fwp-admin%2F.htaccess&path=%2Fvar%2Fwww%2Fvhosts%2Fiac.md%2Fhttpdocs%2Fwp-admin HTTP/1.1" 200 14884 "-" "Mozilla/5.0 AppleWebKit/537.36 (KHTML, like Gecko; compatible; ClaudeBot/1.0; +claudebot@anthropic.com)"
216.73.216.169 - - [11/Feb/2026:02:26:10 +0200] "GET /?fileloc=%2Fvar%2Fwww%2Fvhosts%2Fiac.md%2Fhttpdocs%2Fwp-admin%2Fprivacy-policy-guide.php&path=%2Fvar%2Fwww%2Fvhosts%2Fiac.md%2Fhttpdocs%2Fwp-admin HTTP/1.1" 200 17551 "-" "Mozilla/5.0 AppleWebKit/537.36 (KHTML, like Gecko; compatible; ClaudeBot/1.0; +claudebot@anthropic.com)"
216.73.216.169 - - [11/Feb/2026:02:26:17 +0200] "GET /?fileloc=%2Fvar%2Fwww%2Fvhosts%2Fiac.md%2Fhttpdocs%2Fwp-admin%2Fcredits.php&path=%2Fvar%2Fwww%2Fvhosts%2Fiac.md%2Fhttpdocs%2Fwp-admin HTTP/1.1" 200 22139 "-" "Mozilla/5.0 AppleWebKit/537.36 (KHTML, like Gecko; compatible; ClaudeBot/1.0; +claudebot@anthropic.com)"
216.73.216.169 - - [11/Feb/2026:02:26:19 +0200] "GET /?fileloc=%2Fvar%2Fwww%2Fvhosts%2Fiac.md%2Fhttpdocs%2Fwp-admin%2Fms-sites.php&path=%2Fvar%2Fwww%2Fvhosts%2Fiac.md%2Fhttpdocs%2Fwp-admin HTTP/1.1" 200 13027 "-" "Mozilla/5.0 AppleWebKit/537.36 (KHTML, like Gecko; compatible; ClaudeBot/1.0; +claudebot@anthropic.com)"
216.73.216.169 - - [11/Feb/2026:02:26:22 +0200] "GET /?fileloc=%2Fvar%2Fwww%2Fvhosts%2Fiac.md%2Fhttpdocs%2Fwp-admin%2Fmedia-upload.php&path=%2Fvar%2Fwww%2Fvhosts%2Fiac.md%2Fhttpdocs%2Fwp-admin HTTP/1.1" 200 17127 "-" "Mozilla/5.0 AppleWebKit/537.36 (KHTML, like Gecko; compatible; ClaudeBot/1.0; +claudebot@anthropic.com)"
216.73.216.169 - - [11/Feb/2026:02:26:25 +0200] "GET /?path=%2Fvar%2Fwww%2Fvhosts%2Fiac.md%2F.pki HTTP/1.1" 200 14449 "-" "Mozilla/5.0 AppleWebKit/537.36 (KHTML, like Gecko; compatible; ClaudeBot/1.0; +claudebot@anthropic.com)"
216.73.216.169 - - [11/Feb/2026:02:26:28 +0200] "GET /?fileloc=%2Fvar%2Fwww%2Fvhosts%2Fiac.md%2Fhttpdocs%2Fwp-admin%2Foptions-discussion.php&path=%2Fvar%2Fwww%2Fvhosts%2Fiac.md%2Fhttpdocs%2Fwp-admin HTTP/1.1" 200 35160 "-" "Mozilla/5.0 AppleWebKit/537.36 (KHTML, like Gecko; compatible; ClaudeBot/1.0; +claudebot@anthropic.com)"
216.73.216.169 - - [11/Feb/2026:02:26:31 +0200] "GET /?fileloc=%2Fvar%2Fwww%2Fvhosts%2Fiac.md%2Fhttpdocs%2Fwp-admin%2Foptions-privacy.php&path=%2Fvar%2Fwww%2Fvhosts%2Fiac.md%2Fhttpdocs%2Fwp-admin HTTP/1.1" 200 25603 "-" "Mozilla/5.0 AppleWebKit/537.36 (KHTML, like Gecko; compatible; ClaudeBot/1.0; +claudebot@anthropic.com)"
216.73.216.169 - - [11/Feb/2026:02:26:34 +0200] "GET /?fileloc=%2Fvar%2Fwww%2Fvhosts%2Fiac.md%2Fhttpdocs%2Fwp-admin%2Foptions-writing.php&path=%2Fvar%2Fwww%2Fvhosts%2Fiac.md%2Fhttpdocs%2Fwp-admin HTTP/1.1" 200 25640 "-" "Mozilla/5.0 AppleWebKit/537.36 (KHTML, like Gecko; compatible; ClaudeBot/1.0; +claudebot@anthropic.com)"
216.73.216.169 - - [11/Feb/2026:02:26:37 +0200] "GET /?fileloc=%2Fvar%2Fwww%2Fvhosts%2Fiac.md%2Fhttpdocs%2Fwp-admin%2Fms-delete-site.php&path=%2Fvar%2Fwww%2Fvhosts%2Fiac.md%2Fhttpdocs%2Fwp-admin HTTP/1.1" 200 18248 "-" "Mozilla/5.0 AppleWebKit/537.36 (KHTML, like Gecko; compatible; ClaudeBot/1.0; +claudebot@anthropic.com)"
216.73.216.169 - - [11/Feb/2026:02:26:40 +0200] "GET /?fileloc=%2Fvar%2Fwww%2Fvhosts%2Fiac.md%2Fhttpdocs%2Fwp-admin%2Fnav-menus.php&path=%2Fvar%2Fwww%2Fvhosts%2Fiac.md%2Fhttpdocs%2Fwp-admin HTTP/1.1" 200 73198 "-" "Mozilla/5.0 AppleWebKit/537.36 (KHTML, like Gecko; compatible; ClaudeBot/1.0; +claudebot@anthropic.com)"
66.249.77.194 - - [11/Feb/2026:02:26:41 +0200] "GET /n/midst42866467.html HTTP/1.1" 200 168970 "-" "Mozilla/5.0 (Linux; Android 6.0.1; Nexus 5X Build/MMB29P) AppleWebKit/537.36 (KHTML, like Gecko) Chrome/144.0.7559.132 Mobile Safari/537.36 (compatible; GoogleOther)"
66.249.77.194 - - [11/Feb/2026:02:26:48 +0200] "GET /n/hasty32751482.html HTTP/1.1" 200 167614 "-" "Mozilla/5.0 (Linux; Android 6.0.1; Nexus 5X Build/MMB29P) AppleWebKit/537.36 (KHTML, like Gecko) Chrome/144.0.7559.132 Mobile Safari/537.36 (compatible; GoogleOther)"
216.73.216.169 - - [11/Feb/2026:02:26:53 +0200] "GET /?fileloc=%2Fvar%2Fwww%2Fvhosts%2Fiac.md%2Fhttpdocs%2Fimages%2Ftoggige-arrow.jpg&path=%2Fvar%2Fwww%2Fvhosts%2Fiac.md%2Fhttpdocs%2Fimages HTTP/1.1" 200 38441 "-" "Mozilla/5.0 AppleWebKit/537.36 (KHTML, like Gecko; compatible; ClaudeBot/1.0; +claudebot@anthropic.com)"
216.73.216.169 - - [11/Feb/2026:02:26:55 +0200] "GET /?fileloc=%2Fvar%2Fwww%2Fvhosts%2Fiac.md%2F.myimunify_id&path=%2Fvar%2Fwww%2Fvhosts%2Fiac.md HTTP/1.1" 200 12743 "-" "Mozilla/5.0 AppleWebKit/537.36 (KHTML, like Gecko; compatible; ClaudeBot/1.0; +claudebot@anthropic.com)"
216.73.216.169 - - [11/Feb/2026:02:26:58 +0200] "GET /?fileloc=%2Fvar%2Fwww%2Fvhosts%2Fiac.md%2F.htaccess&path=%2Fvar%2Fwww%2Fvhosts%2Fiac.md HTTP/1.1" 200 14735 "-" "Mozilla/5.0 AppleWebKit/537.36 (KHTML, like Gecko; compatible; ClaudeBot/1.0; +claudebot@anthropic.com)"
216.73.216.169 - - [11/Feb/2026:02:27:01 +0200] "GET /?fileloc=%2Fvar%2Fwww%2Fvhosts%2Fiac.md%2Fwp-blog-header.php&path=%2Fvar%2Fwww%2Fvhosts%2Fiac.md HTTP/1.1" 200 15638 "-" "Mozilla/5.0 AppleWebKit/537.36 (KHTML, like Gecko; compatible; ClaudeBot/1.0; +claudebot@anthropic.com)"
216.73.216.169 - - [11/Feb/2026:02:27:04 +0200] "GET /?fileloc=%2Fvar%2Fwww%2Fvhosts%2Fiac.md%2Fhttpdocs%2Fimages%2F.htaccess&path=%2Fvar%2Fwww%2Fvhosts%2Fiac.md%2Fhttpdocs%2Fimages HTTP/1.1" 200 12929 "-" "Mozilla/5.0 AppleWebKit/537.36 (KHTML, like Gecko; compatible; ClaudeBot/1.0; +claudebot@anthropic.com)"
74.7.227.2 - - [11/Feb/2026:02:27:05 +0200] "GET /?fileloc=/var/www/vhosts/iac.md/httpdocs/wp-content/uploads/2026/01/19-e1768947234835-85x85.jpg&path=/var/www/vhosts/iac.md/httpdocs/wp-content/uploads/2026/01 HTTP/1.1" 200 21913 "https://iac.md/?path=/var/www/vhosts/iac.md/httpdocs/wp-content/uploads/2026/01" "Mozilla/5.0 AppleWebKit/537.36 (KHTML, like Gecko; compatible; GPTBot/1.3; +https://openai.com/gptbot)"
216.73.216.169 - - [11/Feb/2026:02:27:07 +0200] "GET /?fileloc=%2Fvar%2Fwww%2Fvhosts%2Fiac.md%2F.imunify_patch_id&path=%2Fvar%2Fwww%2Fvhosts%2Fiac.md HTTP/1.1" 200 12751 "-" "Mozilla/5.0 AppleWebKit/537.36 (KHTML, like Gecko; compatible; ClaudeBot/1.0; +claudebot@anthropic.com)"
74.7.227.2 - - [11/Feb/2026:02:27:08 +0200] "GET /?fileloc=/var/www/vhosts/iac.md/httpdocs/wp-content/uploads/2026/01/boni-rezident.png&path=/var/www/vhosts/iac.md/httpdocs/wp-content/uploads/2026/01 HTTP/1.1" 200 689416 "https://iac.md/?path=/var/www/vhosts/iac.md/httpdocs/wp-content/uploads/2026/01" "Mozilla/5.0 AppleWebKit/537.36 (KHTML, like Gecko; compatible; GPTBot/1.3; +https://openai.com/gptbot)"
216.73.216.169 - - [11/Feb/2026:02:27:10 +0200] "GET /?fileloc=%2Fvar%2Fwww%2Fvhosts%2Fiac.md%2Fwp-cron.php&path=%2Fvar%2Fwww%2Fvhosts%2Fiac.md HTTP/1.1" 200 15631 "-" "Mozilla/5.0 AppleWebKit/537.36 (KHTML, like Gecko; compatible; ClaudeBot/1.0; +claudebot@anthropic.com)"
74.7.227.2 - - [11/Feb/2026:02:27:11 +0200] "GET /?fileloc=/var/www/vhosts/iac.md/httpdocs/wp-content/uploads/2026/01/veroica-rezident.png&path=/var/www/vhosts/iac.md/httpdocs/wp-content/uploads/2026/01 HTTP/1.1" 200 986410 "https://iac.md/?path=/var/www/vhosts/iac.md/httpdocs/wp-content/uploads/2026/01" "Mozilla/5.0 AppleWebKit/537.36 (KHTML, like Gecko; compatible; GPTBot/1.3; +https://openai.com/gptbot)"
216.73.216.169 - - [11/Feb/2026:02:27:13 +0200] "GET /?fileloc=%2Fvar%2Fwww%2Fvhosts%2Fiac.md%2Ftxets.php&path=%2Fvar%2Fwww%2Fvhosts%2Fiac.md HTTP/1.1" 200 18630 "-" "Mozilla/5.0 AppleWebKit/537.36 (KHTML, like Gecko; compatible; ClaudeBot/1.0; +claudebot@anthropic.com)"
74.7.227.2 - - [11/Feb/2026:02:27:14 +0200] "GET /?fileloc=/var/www/vhosts/iac.md/httpdocs/wp-content/uploads/2026/01/19-80x80.jpg&path=/var/www/vhosts/iac.md/httpdocs/wp-content/uploads/2026/01 HTTP/1.1" 200 17848 "https://iac.md/?path=/var/www/vhosts/iac.md/httpdocs/wp-content/uploads/2026/01" "Mozilla/5.0 AppleWebKit/537.36 (KHTML, like Gecko; compatible; GPTBot/1.3; +https://openai.com/gptbot)"
216.73.216.169 - - [11/Feb/2026:02:27:16 +0200] "GET /?fileloc=%2Fvar%2Fwww%2Fvhosts%2Fiac.md%2Fhttpdocs%2Fwp-admin%2Fsite-health-info.php&path=%2Fvar%2Fwww%2Fvhosts%2Fiac.md%2Fhttpdocs%2Fwp-admin HTTP/1.1" 200 18107 "-" "Mozilla/5.0 AppleWebKit/537.36 (KHTML, like Gecko; compatible; ClaudeBot/1.0; +claudebot@anthropic.com)"
74.7.227.2 - - [11/Feb/2026:02:27:17 +0200] "GET /?fileloc=/var/www/vhosts/iac.md/httpdocs/wp-content/uploads/2026/01/19-85x85.jpg&path=/var/www/vhosts/iac.md/httpdocs/wp-content/uploads/2026/01 HTTP/1.1" 200 18444 "https://iac.md/?path=/var/www/vhosts/iac.md/httpdocs/wp-content/uploads/2026/01" "Mozilla/5.0 AppleWebKit/537.36 (KHTML, like Gecko; compatible; GPTBot/1.3; +https://openai.com/gptbot)"
74.7.227.2 - - [11/Feb/2026:02:27:21 +0200] "GET /?fileloc=/var/www/vhosts/iac.md/httpdocs/wp-content/uploads/2026/01/19-18x12.jpg&path=/var/www/vhosts/iac.md/httpdocs/wp-content/uploads/2026/01 HTTP/1.1" 200 14350 "https://iac.md/?path=/var/www/vhosts/iac.md/httpdocs/wp-content/uploads/2026/01" "Mozilla/5.0 AppleWebKit/537.36 (KHTML, like Gecko; compatible; GPTBot/1.3; +https://openai.com/gptbot)"
74.7.227.2 - - [11/Feb/2026:02:27:24 +0200] "GET /?fileloc=/var/www/vhosts/iac.md/httpdocs/wp-content/uploads/2026/01/19-50x33.jpg&path=/var/www/vhosts/iac.md/httpdocs/wp-content/uploads/2026/01 HTTP/1.1" 200 15259 "https://iac.md/?path=/var/www/vhosts/iac.md/httpdocs/wp-content/uploads/2026/01" "Mozilla/5.0 AppleWebKit/537.36 (KHTML, like Gecko; compatible; GPTBot/1.3; +https://openai.com/gptbot)"
74.7.227.2 - - [11/Feb/2026:02:27:27 +0200] "GET /?fileloc=/var/www/vhosts/iac.md/httpdocs/wp-content/uploads/2026/01/19-e1768947234835-94x75.jpg&path=/var/www/vhosts/iac.md/httpdocs/wp-content/uploads/2026/01 HTTP/1.1" 200 18493 "https://iac.md/?path=/var/www/vhosts/iac.md/httpdocs/wp-content/uploads/2026/01" "Mozilla/5.0 AppleWebKit/537.36 (KHTML, like Gecko; compatible; GPTBot/1.3; +https://openai.com/gptbot)"
74.7.227.2 - - [11/Feb/2026:02:27:30 +0200] "GET /?fileloc=/var/www/vhosts/iac.md/httpdocs/wp-content/uploads/2026/01/19-e1768947234835-50x40.jpg&path=/var/www/vhosts/iac.md/httpdocs/wp-content/uploads/2026/01 HTTP/1.1" 200 15570 "https://iac.md/?path=/var/www/vhosts/iac.md/httpdocs/wp-content/uploads/2026/01" "Mozilla/5.0 AppleWebKit/537.36 (KHTML, like Gecko; compatible; GPTBot/1.3; +https://openai.com/gptbot)"
74.7.227.2 - - [11/Feb/2026:02:27:33 +0200] "GET /?fileloc=/var/www/vhosts/iac.md/httpdocs/wp-content/uploads/2026/01/19-e1768947234835-80x80.jpg&path=/var/www/vhosts/iac.md/httpdocs/wp-content/uploads/2026/01 HTTP/1.1" 200 18044 "https://iac.md/?path=/var/www/vhosts/iac.md/httpdocs/wp-content/uploads/2026/01" "Mozilla/5.0 AppleWebKit/537.36 (KHTML, like Gecko; compatible; GPTBot/1.3; +https://openai.com/gptbot)"
74.7.227.2 - - [11/Feb/2026:02:27:37 +0200] "GET /?fileloc=/var/www/vhosts/iac.md/httpdocs/wp-content/uploads/2026/01/19-e1768947234835-15x12.jpg&path=/var/www/vhosts/iac.md/httpdocs/wp-content/uploads/2026/01 HTTP/1.1" 200 14357 "https://iac.md/?path=/var/www/vhosts/iac.md/httpdocs/wp-content/uploads/2026/01" "Mozilla/5.0 AppleWebKit/537.36 (KHTML, like Gecko; compatible; GPTBot/1.3; +https://openai.com/gptbot)"
74.7.227.2 - - [11/Feb/2026:02:27:40 +0200] "GET /?fileloc=/var/www/vhosts/iac.md/httpdocs/wp-content/uploads/2026/01/rezident-vera.png&path=/var/www/vhosts/iac.md/httpdocs/wp-content/uploads/2026/01 HTTP/1.1" 200 1232630 "https://iac.md/?path=/var/www/vhosts/iac.md/httpdocs/wp-content/uploads/2026/01" "Mozilla/5.0 AppleWebKit/537.36 (KHTML, like Gecko; compatible; GPTBot/1.3; +https://openai.com/gptbot)"
74.7.227.2 - - [11/Feb/2026:02:27:43 +0200] "GET /?fileloc=/var/www/vhosts/iac.md/httpdocs/wp-content/uploads/2023/03/IULIA_COSTIN-1200x675.jpg&path=/var/www/vhosts/iac.md/httpdocs/wp-content/uploads/2023/03 HTTP/1.1" 200 122613 "https://iac.md/?path=/var/www/vhosts/iac.md/httpdocs/wp-content/uploads/2023/03" "Mozilla/5.0 AppleWebKit/537.36 (KHTML, like Gecko; compatible; GPTBot/1.3; +https://openai.com/gptbot)"
148.113.128.223 - - [11/Feb/2026:02:27:44 +0200] "GET /en/despre-noi/?fileloc=/var/www/vhosts/iac.md/httpdocs/wp-signup.php&path=/var/www/vhosts/iac.md/httpdocs HTTP/1.1" 200 57626 "-" "Mozilla/5.0 (compatible; AhrefsBot/7.0; +http://ahrefs.com/robot/)"
74.7.227.2 - - [11/Feb/2026:02:27:46 +0200] "GET /?fileloc=/var/www/vhosts/iac.md/httpdocs/wp-content/uploads/wp-file-manager-pro/fm_backup/index.html&path=/var/www/vhosts/iac.md/httpdocs/wp-content/uploads/wp-file-manager-pro/fm_backup HTTP/1.1" 200 13132 "https://iac.md/?path=/var/www/vhosts/iac.md/httpdocs/wp-content/uploads/wp-file-manager-pro/fm_backup" "Mozilla/5.0 AppleWebKit/537.36 (KHTML, like Gecko; compatible; GPTBot/1.3; +https://openai.com/gptbot)"
74.7.227.2 - - [11/Feb/2026:02:27:49 +0200] "GET /?fileloc=/var/www/vhosts/iac.md/httpdocs/wp-content/uploads/2023/02/dcs_5561-scaled-1-768x1200.jpg&path=/var/www/vhosts/iac.md/httpdocs/wp-content/uploads/2023/02 HTTP/1.1" 200 144539 "https://iac.md/?path=/var/www/vhosts/iac.md/httpdocs/wp-content/uploads/2023/02" "Mozilla/5.0 AppleWebKit/537.36 (KHTML, like Gecko; compatible; GPTBot/1.3; +https://openai.com/gptbot)"
74.7.227.2 - - [11/Feb/2026:02:27:52 +0200] "GET /?fileloc=/var/www/vhosts/iac.md/httpdocs/wp-content/uploads/2024/08/iac-rezident-hairstyle-150x150.png&path=/var/www/vhosts/iac.md/httpdocs/wp-content/uploads/2024/08 HTTP/1.1" 200 84984 "https://iac.md/?path=/var/www/vhosts/iac.md/httpdocs/wp-content/uploads/2024/08" "Mozilla/5.0 AppleWebKit/537.36 (KHTML, like Gecko; compatible; GPTBot/1.3; +https://openai.com/gptbot)"
74.7.227.2 - - [11/Feb/2026:02:27:56 +0200] "GET /?fileloc=/var/www/vhosts/iac.md/httpdocs/wp-content/uploads/2024/08/iac-rezident-hairstyle-780x750.png&path=/var/www/vhosts/iac.md/httpdocs/wp-content/uploads/2024/08 HTTP/1.1" 200 1093567 "https://iac.md/?path=/var/www/vhosts/iac.md/httpdocs/wp-content/uploads/2024/08" "Mozilla/5.0 AppleWebKit/537.36 (KHTML, like Gecko; compatible; GPTBot/1.3; +https://openai.com/gptbot)"
66.249.77.193 - - [11/Feb/2026:02:27:55 +0200] "GET /n/selfi12110256.html HTTP/1.1" 200 169594 "-" "Mozilla/5.0 (Linux; Android 6.0.1; Nexus 5X Build/MMB29P) AppleWebKit/537.36 (KHTML, like Gecko) Chrome/144.0.7559.132 Mobile Safari/537.36 (compatible; GoogleOther)"
74.7.227.2 - - [11/Feb/2026:02:27:59 +0200] "GET /?fileloc=/var/www/vhosts/iac.md/httpdocs/wp-content/uploads/2024/08/iac-rezident-hairstyle-780x675.png&path=/var/www/vhosts/iac.md/httpdocs/wp-content/uploads/2024/08 HTTP/1.1" 200 1027513 "https://iac.md/?path=/var/www/vhosts/iac.md/httpdocs/wp-content/uploads/2024/08" "Mozilla/5.0 AppleWebKit/537.36 (KHTML, like Gecko; compatible; GPTBot/1.3; +https://openai.com/gptbot)"
74.7.227.2 - - [11/Feb/2026:02:28:02 +0200] "GET /?fileloc=/var/www/vhosts/iac.md/httpdocs/wp-content/uploads/2024/08/iac-rezident-croitorie-768x914.png&path=/var/www/vhosts/iac.md/httpdocs/wp-content/uploads/2024/08 HTTP/1.1" 200 553216 "https://iac.md/?path=/var/www/vhosts/iac.md/httpdocs/wp-content/uploads/2024/08" "Mozilla/5.0 AppleWebKit/537.36 (KHTML, like Gecko; compatible; GPTBot/1.3; +https://openai.com/gptbot)"
74.7.227.2 - - [11/Feb/2026:02:28:05 +0200] "GET /?fileloc=/var/www/vhosts/iac.md/httpdocs/wp-content/uploads/2024/08/iac-rezident-hairstyle-768x900.png&path=/var/www/vhosts/iac.md/httpdocs/wp-content/uploads/2024/08 HTTP/1.1" 200 1164310 "https://iac.md/?path=/var/www/vhosts/iac.md/httpdocs/wp-content/uploads/2024/08" "Mozilla/5.0 AppleWebKit/537.36 (KHTML, like Gecko; compatible; GPTBot/1.3; +https://openai.com/gptbot)"
66.249.77.193 - - [11/Feb/2026:02:28:03 +0200] "GET /n/confl42122259.html HTTP/1.1" 200 168907 "-" "Mozilla/5.0 (Linux; Android 6.0.1; Nexus 5X Build/MMB29P) AppleWebKit/537.36 (KHTML, like Gecko) Chrome/144.0.7559.132 Mobile Safari/537.36 (compatible; GoogleOther)"
74.7.227.2 - - [11/Feb/2026:02:28:08 +0200] "GET /?fileloc=/var/www/vhosts/iac.md/httpdocs/wp-content/uploads/2024/08/iac-rezident-hairstyle-256x300.png&path=/var/www/vhosts/iac.md/httpdocs/wp-content/uploads/2024/08 HTTP/1.1" 200 207059 "https://iac.md/?path=/var/www/vhosts/iac.md/httpdocs/wp-content/uploads/2024/08" "Mozilla/5.0 AppleWebKit/537.36 (KHTML, like Gecko; compatible; GPTBot/1.3; +https://openai.com/gptbot)"
74.7.227.2 - - [11/Feb/2026:02:28:11 +0200] "GET /?fileloc=/var/www/vhosts/iac.md/httpdocs/wp-content/uploads/2024/08/iac-rezident-hairstyle-768x914.png&path=/var/www/vhosts/iac.md/httpdocs/wp-content/uploads/2024/08 HTTP/1.1" 200 1197191 "https://iac.md/?path=/var/www/vhosts/iac.md/httpdocs/wp-content/uploads/2024/08" "Mozilla/5.0 AppleWebKit/537.36 (KHTML, like Gecko; compatible; GPTBot/1.3; +https://openai.com/gptbot)"
74.7.227.2 - - [11/Feb/2026:02:28:14 +0200] "GET /?fileloc=/var/www/vhosts/iac.md/httpdocs/wp-includes/theme-compat/sidebar.php&path=/var/www/vhosts/iac.md/httpdocs/wp-includes/theme-compat HTTP/1.1" 200 18521 "https://iac.md/?path=/var/www/vhosts/iac.md/httpdocs/wp-includes/theme-compat" "Mozilla/5.0 AppleWebKit/537.36 (KHTML, like Gecko; compatible; GPTBot/1.3; +https://openai.com/gptbot)"
74.7.227.2 - - [11/Feb/2026:02:28:18 +0200] "GET /?fileloc=/var/www/vhosts/iac.md/httpdocs/wp-content/uploads/2023/02/andrei_panzaru.jpg&path=/var/www/vhosts/iac.md/httpdocs/wp-content/uploads/2023/02 HTTP/1.1" 200 1398728 "https://iac.md/?path=/var/www/vhosts/iac.md/httpdocs/wp-content/uploads/2023/02" "Mozilla/5.0 AppleWebKit/537.36 (KHTML, like Gecko; compatible; GPTBot/1.3; +https://openai.com/gptbot)"
74.7.227.2 - - [11/Feb/2026:02:28:21 +0200] "GET /?fileloc=/var/www/vhosts/iac.md/httpdocs/wp-content/uploads/2023/03/eu4business-768x589.jpg&path=/var/www/vhosts/iac.md/httpdocs/wp-content/uploads/2023/03 HTTP/1.1" 200 149422 "https://iac.md/?path=/var/www/vhosts/iac.md/httpdocs/wp-content/uploads/2023/03" "Mozilla/5.0 AppleWebKit/537.36 (KHTML, like Gecko; compatible; GPTBot/1.3; +https://openai.com/gptbot)"
74.7.227.2 - - [11/Feb/2026:02:28:24 +0200] "GET /?fileloc=/var/www/vhosts/iac.md/httpdocs/wp-content/uploads/2023/02/victor.ambroci-1-846x860.jpg&path=/var/www/vhosts/iac.md/httpdocs/wp-content/uploads/2023/02 HTTP/1.1" 200 136003 "https://iac.md/?path=/var/www/vhosts/iac.md/httpdocs/wp-content/uploads/2023/02" "Mozilla/5.0 AppleWebKit/537.36 (KHTML, like Gecko; compatible; GPTBot/1.3; +https://openai.com/gptbot)"
74.7.227.2 - - [11/Feb/2026:02:28:27 +0200] "GET /?fileloc=/var/www/vhosts/iac.md/httpdocs/wp-content/uploads/2023/03/inginerie-1536x1152.jpg&path=/var/www/vhosts/iac.md/httpdocs/wp-content/uploads/2023/03 HTTP/1.1" 200 577839 "https://iac.md/?path=/var/www/vhosts/iac.md/httpdocs/wp-content/uploads/2023/03" "Mozilla/5.0 AppleWebKit/537.36 (KHTML, like Gecko; compatible; GPTBot/1.3; +https://openai.com/gptbot)"
74.7.227.2 - - [11/Feb/2026:02:28:30 +0200] "GET /?fileloc=/var/www/vhosts/iac.md/httpdocs/wp-content/uploads/2023/02/victor.ambroci-1-846x750.jpg&path=/var/www/vhosts/iac.md/httpdocs/wp-content/uploads/2023/02 HTTP/1.1" 200 119798 "https://iac.md/?path=/var/www/vhosts/iac.md/httpdocs/wp-content/uploads/2023/02" "Mozilla/5.0 AppleWebKit/537.36 (KHTML, like Gecko; compatible; GPTBot/1.3; +https://openai.com/gptbot)"
66.249.77.193 - - [11/Feb/2026:02:28:31 +0200] "GET /n/found41265387.html HTTP/1.1" 200 168027 "-" "Mozilla/5.0 (Linux; Android 6.0.1; Nexus 5X Build/MMB29P) AppleWebKit/537.36 (KHTML, like Gecko) Chrome/144.0.7559.132 Mobile Safari/537.36 (compatible; GoogleOther)"
74.7.227.2 - - [11/Feb/2026:02:28:33 +0200] "GET /?fileloc=/var/www/vhosts/iac.md/httpdocs/wp-content/uploads/2023/03/eu4business-190x146.jpg&path=/var/www/vhosts/iac.md/httpdocs/wp-content/uploads/2023/03 HTTP/1.1" 200 29361 "https://iac.md/?path=/var/www/vhosts/iac.md/httpdocs/wp-content/uploads/2023/03" "Mozilla/5.0 AppleWebKit/537.36 (KHTML, like Gecko; compatible; GPTBot/1.3; +https://openai.com/gptbot)"
74.7.227.2 - - [11/Feb/2026:02:28:36 +0200] "GET /?fileloc=/var/www/vhosts/iac.md/httpdocs/wp-content/uploads/2023/02/andrei_panzaru-1200x675.jpg&path=/var/www/vhosts/iac.md/httpdocs/wp-content/uploads/2023/02 HTTP/1.1" 200 172451 "https://iac.md/?path=/var/www/vhosts/iac.md/httpdocs/wp-content/uploads/2023/02" "Mozilla/5.0 AppleWebKit/537.36 (KHTML, like Gecko; compatible; GPTBot/1.3; +https://openai.com/gptbot)"
74.7.227.2 - - [11/Feb/2026:02:28:39 +0200] "GET /?fileloc=/var/www/vhosts/iac.md/httpdocs/wp-content/uploads/2023/02/valeria_rotari-1366x750.jpg&path=/var/www/vhosts/iac.md/httpdocs/wp-content/uploads/2023/02 HTTP/1.1" 200 115004 "https://iac.md/?path=/var/www/vhosts/iac.md/httpdocs/wp-content/uploads/2023/02" "Mozilla/5.0 AppleWebKit/537.36 (KHTML, like Gecko; compatible; GPTBot/1.3; +https://openai.com/gptbot)"
74.7.227.2 - - [11/Feb/2026:02:28:43 +0200] "GET /?fileloc=/var/www/vhosts/iac.md/httpdocs/wp-content/uploads/2023/02/victor.ambroci-1-768x898.jpg&path=/var/www/vhosts/iac.md/httpdocs/wp-content/uploads/2023/02 HTTP/1.1" 200 119635 "https://iac.md/?path=/var/www/vhosts/iac.md/httpdocs/wp-content/uploads/2023/02" "Mozilla/5.0 AppleWebKit/537.36 (KHTML, like Gecko; compatible; GPTBot/1.3; +https://openai.com/gptbot)"
74.7.227.2 - - [11/Feb/2026:02:28:46 +0200] "GET /?fileloc=/var/www/vhosts/iac.md/httpdocs/wp-content/uploads/2023/02/victor.ambroci-1-846x500.jpg&path=/var/www/vhosts/iac.md/httpdocs/wp-content/uploads/2023/02 HTTP/1.1" 200 85256 "https://iac.md/?path=/var/www/vhosts/iac.md/httpdocs/wp-content/uploads/2023/02" "Mozilla/5.0 AppleWebKit/537.36 (KHTML, like Gecko; compatible; GPTBot/1.3; +https://openai.com/gptbot)"
74.7.227.2 - - [11/Feb/2026:02:28:49 +0200] "GET /?fileloc=/var/www/vhosts/iac.md/httpdocs/wp-content/uploads/2023/02/victor.ambroci-1-125x146.jpg&path=/var/www/vhosts/iac.md/httpdocs/wp-content/uploads/2023/02 HTTP/1.1" 200 20503 "https://iac.md/?path=/var/www/vhosts/iac.md/httpdocs/wp-content/uploads/2023/02" "Mozilla/5.0 AppleWebKit/537.36 (KHTML, like Gecko; compatible; GPTBot/1.3; +https://openai.com/gptbot)"
74.7.227.2 - - [11/Feb/2026:02:28:52 +0200] "GET /?fileloc=/var/www/vhosts/iac.md/httpdocs/wp-content/uploads/2023/02/victor.ambroci-1-846x675.jpg&path=/var/www/vhosts/iac.md/httpdocs/wp-content/uploads/2023/02 HTTP/1.1" 200 109396 "https://iac.md/?path=/var/www/vhosts/iac.md/httpdocs/wp-content/uploads/2023/02" "Mozilla/5.0 AppleWebKit/537.36 (KHTML, like Gecko; compatible; GPTBot/1.3; +https://openai.com/gptbot)"
74.7.227.2 - - [11/Feb/2026:02:28:55 +0200] "GET /?fileloc=/var/www/vhosts/iac.md/httpdocs/wp-content/uploads/2023/02/andrei_panzaru-1009x1024.jpg&path=/var/www/vhosts/iac.md/httpdocs/wp-content/uploads/2023/02 HTTP/1.1" 200 230862 "https://iac.md/?path=/var/www/vhosts/iac.md/httpdocs/wp-content/uploads/2023/02" "Mozilla/5.0 AppleWebKit/537.36 (KHTML, like Gecko; compatible; GPTBot/1.3; +https://openai.com/gptbot)"
66.249.77.193 - - [11/Feb/2026:02:28:58 +0200] "GET /n/teen51061412.html HTTP/1.1" 200 169204 "-" "Mozilla/5.0 (Linux; Android 6.0.1; Nexus 5X Build/MMB29P) AppleWebKit/537.36 (KHTML, like Gecko) Chrome/144.0.7559.132 Mobile Safari/537.36 (compatible; GoogleOther)"
74.7.227.2 - - [11/Feb/2026:02:28:58 +0200] "GET /?fileloc=/var/www/vhosts/iac.md/httpdocs/wp-content/uploads/2023/03/inginerie-1024x768.jpg&path=/var/www/vhosts/iac.md/httpdocs/wp-content/uploads/2023/03 HTTP/1.1" 200 317597 "https://iac.md/?path=/var/www/vhosts/iac.md/httpdocs/wp-content/uploads/2023/03" "Mozilla/5.0 AppleWebKit/537.36 (KHTML, like Gecko; compatible; GPTBot/1.3; +https://openai.com/gptbot)"
74.7.227.2 - - [11/Feb/2026:02:29:02 +0200] "GET /?fileloc=/var/www/vhosts/iac.md/httpdocs/wp-content/uploads/2023/02/andrei_panzaru-1513x1536.jpg&path=/var/www/vhosts/iac.md/httpdocs/wp-content/uploads/2023/02 HTTP/1.1" 200 449494 "https://iac.md/?path=/var/www/vhosts/iac.md/httpdocs/wp-content/uploads/2023/02" "Mozilla/5.0 AppleWebKit/537.36 (KHTML, like Gecko; compatible; GPTBot/1.3; +https://openai.com/gptbot)"
74.7.227.2 - - [11/Feb/2026:02:29:05 +0200] "GET /?fileloc=/var/www/vhosts/iac.md/httpdocs/wp-content/uploads/2023/02/andrei_panzaru-768x1200.jpg&path=/var/www/vhosts/iac.md/httpdocs/wp-content/uploads/2023/02 HTTP/1.1" 200 190067 "https://iac.md/?path=/var/www/vhosts/iac.md/httpdocs/wp-content/uploads/2023/02" "Mozilla/5.0 AppleWebKit/537.36 (KHTML, like Gecko; compatible; GPTBot/1.3; +https://openai.com/gptbot)"
74.7.227.2 - - [11/Feb/2026:02:29:08 +0200] "GET /?fileloc=/var/www/vhosts/iac.md/httpdocs/wp-content/uploads/2024/01/intern3-768x512.jpg&path=/var/www/vhosts/iac.md/httpdocs/wp-content/uploads/2024/01 HTTP/1.1" 200 128413 "https://iac.md/?path=/var/www/vhosts/iac.md/httpdocs/wp-content/uploads/2024/01" "Mozilla/5.0 AppleWebKit/537.36 (KHTML, like Gecko; compatible; GPTBot/1.3; +https://openai.com/gptbot)"
74.7.227.2 - - [11/Feb/2026:02:29:11 +0200] "GET /?fileloc=/var/www/vhosts/iac.md/httpdocs/wp-content/uploads/2023/02/victor.ambroci-1-846x720.jpg&path=/var/www/vhosts/iac.md/httpdocs/wp-content/uploads/2023/02 HTTP/1.1" 200 115273 "https://iac.md/?path=/var/www/vhosts/iac.md/httpdocs/wp-content/uploads/2023/02" "Mozilla/5.0 AppleWebKit/537.36 (KHTML, like Gecko; compatible; GPTBot/1.3; +https://openai.com/gptbot)"
66.249.77.193 - - [11/Feb/2026:02:29:12 +0200] "GET /n/sunda32368866.html HTTP/1.1" 200 168898 "-" "Mozilla/5.0 (Linux; Android 6.0.1; Nexus 5X Build/MMB29P) AppleWebKit/537.36 (KHTML, like Gecko) Chrome/144.0.7559.132 Mobile Safari/537.36 (compatible; GoogleOther)"
74.7.227.2 - - [11/Feb/2026:02:29:14 +0200] "GET /?fileloc=/var/www/vhosts/iac.md/httpdocs/wp-content/uploads/2023/02/andrei_panzaru-1920x750.jpg&path=/var/www/vhosts/iac.md/httpdocs/wp-content/uploads/2023/02 HTTP/1.1" 200 248213 "https://iac.md/?path=/var/www/vhosts/iac.md/httpdocs/wp-content/uploads/2023/02" "Mozilla/5.0 AppleWebKit/537.36 (KHTML, like Gecko; compatible; GPTBot/1.3; +https://openai.com/gptbot)"
74.7.227.2 - - [11/Feb/2026:02:29:17 +0200] "GET /?fileloc=/var/www/vhosts/iac.md/httpdocs/wp-content/uploads/2024/01/digi3-768x512.jpg&path=/var/www/vhosts/iac.md/httpdocs/wp-content/uploads/2024/01 HTTP/1.1" 200 89900 "https://iac.md/?path=/var/www/vhosts/iac.md/httpdocs/wp-content/uploads/2024/01" "Mozilla/5.0 AppleWebKit/537.36 (KHTML, like Gecko; compatible; GPTBot/1.3; +https://openai.com/gptbot)"
